{"id":713689,"date":"2025-08-27T17:10:08","date_gmt":"2025-08-27T14:10:08","guid":{"rendered":"https:\/\/roveyayinevi.com.tr\/index.php\/urun\/calvino-albumu\/"},"modified":"2026-02-03T02:35:39","modified_gmt":"2026-02-02T23:35:39","slug":"calvino-albumu","status":"publish","type":"product","link":"https:\/\/roveyayinevi.com.tr\/index.php\/urun\/calvino-albumu\/","title":{"rendered":"Calvino Alb\u00fcm\u00fc"},"content":{"rendered":"<p>M\u00fcmk\u00fcn mesafeye yakla\u015fmas\u0131, \u00fctopyan\u0131n ate\u015fle imtihan\u0131d\u0131r. Calvino Alb\u00fcm\u00fc gezgin, matematik\u00e7i, ansiklopedici \u00e7al\u0131\u015fkan m\u0131 \u00e7al\u0131\u015fkan bir yazar\u0131n foto\u011fraflar e\u015fli\u011finde anatomisi. \u201c1964\u2019te Rea\u2019ya \u2018edebiyata kar\u015f\u0131 duydu\u011fu a\u011f\u0131r bir b\u0131kk\u0131nl\u0131\u011f\u0131\u2019 itiraf ederek, \u2018bir s\u00fcredir yaln\u0131zca astronomi kitaplar\u0131 okuyorum\u2019 diye yazar. \u2018Zaten hi\u00e7 kimseyle hi\u00e7bir \u015fey konu\u015ftu\u011fum yok, en az\u0131ndan \u201cedebiyat d\u00fcnyas\u0131\u201dna ili\u015fkin. Yaz\u0131n ya\u015fam\u0131 askerlik ya\u015fam\u0131 gibi. \u0130nsan gen\u00e7ken doyumsuzluklar\u0131na falan dayanabiliyor. Gelgelelim \u00f6m\u00fcr boyu uzat\u0131lam\u0131yor: \u0130zin istemenin s\u0131ras\u0131 geliyor.\u2019 Asl\u0131nda Calvino bu izni o zaman istemedi. Ancak 1984\u2019te, neredeyse g\u00f6n\u00fcls\u00fczce, art\u0131k kendi kendini, h\u00e2l\u00e2 ray\u0131na oturtulmay\u0131 bekleyen y\u0131\u011f\u0131nla \u015feyi d\u00fc\u015f\u00fcnme zaman\u0131n\u0131n geldi\u011fini bildirecekti.\u201d <\/p>\n","protected":false},"excerpt":{"rendered":"<p>M\u00fcmk\u00fcn mesafeye yakla\u015fmas\u0131, \u00fctopyan\u0131n ate\u015fle imtihan\u0131d\u0131r. Calvino Alb\u00fcm\u00fc gezgin, matematik\u00e7i, ansiklopedici \u00e7al\u0131\u015fkan m\u0131 \u00e7al\u0131\u015fkan bir yazar\u0131n foto\u011fraflar e\u015fli\u011finde anatomisi. \u201c1964\u2019te Rea\u2019ya \u2018edebiyata kar\u015f\u0131 duydu\u011fu a\u011f\u0131r bir<span class=\"excerpt-hellip\"> [\u2026]<\/span><\/p>\n","protected":false},"featured_media":0,"template":"","meta":{"_monsterinsights_skip_tracking":false,"_monsterinsights_sitenote_active":false,"_monsterinsights_sitenote_note":"","_monsterinsights_sitenote_category":0},"product_brand":[],"product_cat":[14009,12291],"product_tag":[],"class_list":{"0":"post-713689","1":"product","2":"type-product","3":"status-publish","5":"product_cat-biyografi-otobiyografi-edebiyat","6":"product_cat-edebiyat","7":"pa_cilt-ciltsiz","8":"pa_tur-kitap","9":"pa_yayinevi-yapi-kredi-yayinlari","10":"pa_yazar-kollektif","12":"first","13":"instock","14":"sale","15":"shipping-taxable","16":"purchasable","17":"product-type-simple"},"_links":{"self":[{"href":"https:\/\/roveyayinevi.com.tr\/index.php\/wp-json\/wp\/v2\/product\/713689","targetHints":{"allow":["GET"]}}],"collection":[{"href":"https:\/\/roveyayinevi.com.tr\/index.php\/wp-json\/wp\/v2\/product"}],"about":[{"href":"https:\/\/roveyayinevi.com.tr\/index.php\/wp-json\/wp\/v2\/types\/product"}],"wp:attachment":[{"href":"https:\/\/roveyayinevi.com.tr\/index.php\/wp-json\/wp\/v2\/media?parent=713689"}],"wp:term":[{"taxonomy":"product_brand","embeddable":true,"href":"https:\/\/roveyayinevi.com.tr\/index.php\/wp-json\/wp\/v2\/product_brand?post=713689"},{"taxonomy":"product_cat","embeddable":true,"href":"https:\/\/roveyayinevi.com.tr\/index.php\/wp-json\/wp\/v2\/product_cat?post=713689"},{"taxonomy":"product_tag","embeddable":true,"href":"https:\/\/roveyayinevi.com.tr\/index.php\/wp-json\/wp\/v2\/product_tag?post=713689"}],"curies":[{"name":"wp","href":"https:\/\/api.w.org\/{rel}","templated":true}]}}