{"id":713672,"date":"2025-08-27T17:09:58","date_gmt":"2025-08-27T14:09:58","guid":{"rendered":"https:\/\/roveyayinevi.com.tr\/index.php\/urun\/nitel-arastirmacilar-icin-30-temel-beceri\/"},"modified":"2026-04-16T02:22:18","modified_gmt":"2026-04-15T23:22:18","slug":"nitel-arastirmacilar-icin-30-temel-beceri","status":"publish","type":"product","link":"https:\/\/roveyayinevi.com.tr\/index.php\/urun\/nitel-arastirmacilar-icin-30-temel-beceri\/","title":{"rendered":"Nitel Ara\u015ft\u0131rmac\u0131lar \u0130\u00e7in 30 Temel Beceri"},"content":{"rendered":"<p>Yazm\u0131\u015f oldu\u011fum kitaplar\u0131n \u00e7o\u011funda oldu\u011fu gibi, bu kitab\u0131 da tabii ki nitel ara\u015ft\u0131rmaya giri\u015f dersime y\u00f6nelik elimde bir kaynak olmas\u0131 i\u00e7in yay\u0131mlad\u0131m. Mevcut, nitel ara\u015ft\u0131rmaya giri\u015f kitaplar\u0131n\u0131 inceledi\u011fimde, nitel ara\u015ft\u0131rma yapmakla ilgili genel ilkeleri yeterince kapsamad\u0131klar\u0131n\u0131 g\u00f6rd\u00fcm. Bunlardan baz\u0131lar\u0131nda a\u011f\u0131rl\u0131kl\u0131 olarak belirli nitel ara\u015ft\u0131rmalar i\u015flenmi\u015f ve bu \u00e7al\u0131\u015fmalar\u0131n ana unsurlar\u0131 \u00f6zetlenmi\u015fti. Bunlar\u0131n d\u0131\u015f\u0131ndakileri, \u00f6\u011frencilerime okumalar\u0131 i\u00e7in kesinlikle \u00f6neremeyece\u011fim derecede karma\u015f\u0131k buldum. G\u00f6rd\u00fc\u011f\u00fcm kadar\u0131yla as\u0131l ihtiya\u00e7, nitel ara\u015ft\u0131rma yapman\u0131n uygulamal\u0131 y\u00f6nlerini anlatan bir kaynak ihtiyac\u0131yd\u0131. Uygulamal\u0131 kelimesiyle, nitel ara\u015ft\u0131rmay\u0131 ad\u0131m ad\u0131m anlatan kat\u0131 bir yakla\u015f\u0131m\u0131 de\u011fil sadece nitel ara\u015ft\u0131rma y\u00fcr\u00fctecek ki\u015finin nas\u0131l ilerleyece\u011fine dair bir tart\u0131\u015fmay\u0131 kastediyorum. Bir ki\u015fi, yaz\u0131ya aktar\u0131larak de\u015fifre edilmi\u015f metinlerdeki nitel verileri veya kat\u0131l\u0131mc\u0131lar\u0131n yapt\u0131\u011f\u0131 resimlerdeki nitel verileri nas\u0131l kodlar? Bir ki\u015fi nitel sorular\u0131 nas\u0131l tasarlar veya nitel g\u00f6r\u00fc\u015fme verilerinin analiz ad\u0131mlar\u0131n\u0131 nas\u0131l y\u00fcr\u00fct\u00fcr? Bu, nitel ara\u015ft\u0131rmaya giri\u015f kitaplar\u0131nda eksik olan uygulamay\u0131 nas\u0131l yapmal\u0131? bilgisidir. B\u00f6yle bir a\u00e7\u0131klama olmadan, \u00f6\u011frenciler veya nitel ara\u015ft\u0131rmaya yeni ba\u015flayanlar, bu tarz bir ara\u015ft\u0131rmay\u0131 kendi ba\u015flar\u0131na nas\u0131l y\u00fcr\u00fcteceklerini \u00e7\u00f6zmekle ba\u015f ba\u015fa kal\u0131rlar. Ayr\u0131ca bu kitapla, 30 y\u0131ld\u0131r kendi nitel \u00e7al\u0131\u015fmalar\u0131m\u0131 yaparken \u00f6\u011frendi\u011fim baz\u0131 teknikleri ve i\u015flemleri payla\u015fmak istedim. Amac\u0131m yap\u0131labilecek tek yolun bu oldu\u011funu s\u00f6ylemek de\u011fil, en az\u0131ndan benim i\u00e7in nas\u0131l ilerledi\u011fini payla\u015fmakt\u0131r. Bu teknikleri ve i\u015flemleri yaln\u0131zca benim i\u015fime yarayan yakla\u015f\u0131mlar olarak sunuyorum. Nitel kitap yazarlar\u0131, s\u0131k s\u0131k ba\u015fkalar\u0131n\u0131n g\u00f6r\u00fc\u015flerinin arkas\u0131na sakland\u0131\u011f\u0131 i\u00e7in onlar\u0131n i\u015fine neyin yarad\u0131\u011f\u0131n\u0131 \u00f6\u011frenemeyiz. Yani, bu kitap, nitel ara\u015ft\u0131rmayla ilgili uygulama, \u00f6\u011fretim ve yazma s\u00fcre\u00e7lerinde ula\u015ft\u0131\u011f\u0131m fikirlerimi payla\u015fma giri\u015fimidir. Bunun i\u00e7in ara\u015ft\u0131rma deseni, nitel ara\u015ft\u0131rma ve karma y\u00f6ntemler \u00fczerine daha \u00f6nceki \u00e7al\u0131\u015fmalar\u0131mdan birtak\u0131m \u00f6rnekler kulland\u0131m. Bu kitapta belli uygulamal\u0131 yakla\u015f\u0131mlar\u0131 payla\u015fmak ve kendi g\u00f6r\u00fc\u015flerimle birlikte sunmak i\u00e7in baz\u0131 ba\u015fka yazarlara da at\u0131fta bulunaca\u011f\u0131m. <\/p>\n","protected":false},"excerpt":{"rendered":"<p>Yazm\u0131\u015f oldu\u011fum kitaplar\u0131n \u00e7o\u011funda oldu\u011fu gibi, bu kitab\u0131 da tabii ki nitel ara\u015ft\u0131rmaya giri\u015f dersime y\u00f6nelik elimde bir kaynak olmas\u0131 i\u00e7in yay\u0131mlad\u0131m. Mevcut, nitel ara\u015ft\u0131rmaya giri\u015f<span class=\"excerpt-hellip\"> [\u2026]<\/span><\/p>\n","protected":false},"featured_media":0,"template":"","meta":{"_monsterinsights_skip_tracking":false,"_monsterinsights_sitenote_active":false,"_monsterinsights_sitenote_note":"","_monsterinsights_sitenote_category":0},"product_brand":[],"product_cat":[12573,12566],"product_tag":[],"class_list":{"0":"post-713672","1":"product","2":"type-product","3":"status-publish","5":"product_cat-akademik-kitaplar","6":"product_cat-egitim","7":"pa_cilt-ciltsiz","8":"pa_tur-kitap","9":"pa_yayinevi-ani-yayincilik","10":"pa_yazar-hasan-ozcan","12":"first","13":"instock","14":"sale","15":"shipping-taxable","16":"purchasable","17":"product-type-simple"},"_links":{"self":[{"href":"https:\/\/roveyayinevi.com.tr\/index.php\/wp-json\/wp\/v2\/product\/713672","targetHints":{"allow":["GET"]}}],"collection":[{"href":"https:\/\/roveyayinevi.com.tr\/index.php\/wp-json\/wp\/v2\/product"}],"about":[{"href":"https:\/\/roveyayinevi.com.tr\/index.php\/wp-json\/wp\/v2\/types\/product"}],"wp:attachment":[{"href":"https:\/\/roveyayinevi.com.tr\/index.php\/wp-json\/wp\/v2\/media?parent=713672"}],"wp:term":[{"taxonomy":"product_brand","embeddable":true,"href":"https:\/\/roveyayinevi.com.tr\/index.php\/wp-json\/wp\/v2\/product_brand?post=713672"},{"taxonomy":"product_cat","embeddable":true,"href":"https:\/\/roveyayinevi.com.tr\/index.php\/wp-json\/wp\/v2\/product_cat?post=713672"},{"taxonomy":"product_tag","embeddable":true,"href":"https:\/\/roveyayinevi.com.tr\/index.php\/wp-json\/wp\/v2\/product_tag?post=713672"}],"curies":[{"name":"wp","href":"https:\/\/api.w.org\/{rel}","templated":true}]}}