{"id":713655,"date":"2025-08-27T17:09:46","date_gmt":"2025-08-27T14:09:46","guid":{"rendered":"https:\/\/roveyayinevi.com.tr\/index.php\/urun\/bocekler-ve-kucuk-canlilar-arastirma-dizisi\/"},"modified":"2026-04-16T02:22:17","modified_gmt":"2026-04-15T23:22:17","slug":"bocekler-ve-kucuk-canlilar-arastirma-dizisi","status":"publish","type":"product","link":"https:\/\/roveyayinevi.com.tr\/index.php\/urun\/bocekler-ve-kucuk-canlilar-arastirma-dizisi\/","title":{"rendered":"B\u00f6cekler ve K\u00fc\u00e7\u00fck Canl\u0131lar &#8211; Ara\u015ft\u0131rma Dizisi"},"content":{"rendered":"<p>Bu kitapta b\u00f6ceklerin ve di\u011fer k\u00fc\u00e7\u00fck canl\u0131lar\u0131n muhte\u015fem d\u00fcnyalar\u0131n\u0131 ke\u015ffedebilirsin! Ayn\u0131 zamanda bir b\u00f6cek akvaryumu yapacak ve bir s\u00fcr\u00fc inan\u0131lmaz bilgiyle dolu 32 sayfa boyunca bir\u00e7ok \u015fey \u00f6\u011freneceksin! Ayr\u0131ca taral\u0131 yerlerinden \u00e7\u0131karabilece\u011fin sayfalardaki b\u00f6cekleri de kolayca kesebilirsin. <\/p>\n","protected":false},"excerpt":{"rendered":"<p>Bu kitapta b\u00f6ceklerin ve di\u011fer k\u00fc\u00e7\u00fck canl\u0131lar\u0131n muhte\u015fem d\u00fcnyalar\u0131n\u0131 ke\u015ffedebilirsin! Ayn\u0131 zamanda bir b\u00f6cek akvaryumu yapacak ve bir s\u00fcr\u00fc inan\u0131lmaz bilgiyle dolu 32 sayfa boyunca bir\u00e7ok<span class=\"excerpt-hellip\"> [\u2026]<\/span><\/p>\n","protected":false},"featured_media":0,"template":"","meta":{"_monsterinsights_skip_tracking":false,"_monsterinsights_sitenote_active":false,"_monsterinsights_sitenote_note":"","_monsterinsights_sitenote_category":0},"product_brand":[],"product_cat":[13829,12274],"product_tag":[],"class_list":{"0":"post-713655","1":"product","2":"type-product","3":"status-publish","5":"product_cat-bilimsel-kitaplar","6":"product_cat-cocuk-ve-genclik-kitaplari","7":"pa_cilt-ciltsiz","8":"pa_tur-kitap","9":"pa_yayinevi-teleskop-populer-bilim","10":"pa_yazar-kollektif","12":"first","13":"instock","14":"sale","15":"shipping-taxable","16":"purchasable","17":"product-type-simple"},"_links":{"self":[{"href":"https:\/\/roveyayinevi.com.tr\/index.php\/wp-json\/wp\/v2\/product\/713655","targetHints":{"allow":["GET"]}}],"collection":[{"href":"https:\/\/roveyayinevi.com.tr\/index.php\/wp-json\/wp\/v2\/product"}],"about":[{"href":"https:\/\/roveyayinevi.com.tr\/index.php\/wp-json\/wp\/v2\/types\/product"}],"wp:attachment":[{"href":"https:\/\/roveyayinevi.com.tr\/index.php\/wp-json\/wp\/v2\/media?parent=713655"}],"wp:term":[{"taxonomy":"product_brand","embeddable":true,"href":"https:\/\/roveyayinevi.com.tr\/index.php\/wp-json\/wp\/v2\/product_brand?post=713655"},{"taxonomy":"product_cat","embeddable":true,"href":"https:\/\/roveyayinevi.com.tr\/index.php\/wp-json\/wp\/v2\/product_cat?post=713655"},{"taxonomy":"product_tag","embeddable":true,"href":"https:\/\/roveyayinevi.com.tr\/index.php\/wp-json\/wp\/v2\/product_tag?post=713655"}],"curies":[{"name":"wp","href":"https:\/\/api.w.org\/{rel}","templated":true}]}}