{"id":713652,"date":"2025-08-27T17:09:44","date_gmt":"2025-08-27T14:09:44","guid":{"rendered":"https:\/\/roveyayinevi.com.tr\/index.php\/urun\/muzik-terimleri-sozlugu\/"},"modified":"2026-04-16T02:22:17","modified_gmt":"2026-04-15T23:22:17","slug":"muzik-terimleri-sozlugu","status":"publish","type":"product","link":"https:\/\/roveyayinevi.com.tr\/index.php\/urun\/muzik-terimleri-sozlugu\/","title":{"rendered":"M\u00fczik Terimleri S\u00f6zl\u00fc\u011f\u00fc"},"content":{"rendered":"<p>M\u00fczikle ilgili yerli, yabanc\u0131 binlerce kavram ve \u00f6zl\u00fc a\u00e7\u0131klamalar\u0131\u2026 M\u00fczik Terimleri S\u00f6zl\u00fc\u011f\u00fc\u2019n\u00fc m\u00fczikseverlere, m\u00fczikle ilgilenenlere ve m\u00fczisyenlere ba\u015fvurabilecekleri g\u00fcvenilir bir kaynak olarak sunuyoruz. Vural S\u00f6zer, bu s\u00f6zl\u00fc\u011f\u00fc T\u00fcrk ve Bat\u0131 m\u00fczi\u011fi ayr\u0131m\u0131 yapmadan, k\u0131sa, \u00f6zl\u00fc bir anlat\u0131mla ve yer yer \u00f6nemli ayr\u0131nt\u0131lar\u0131 da \u00f6ne \u00e7\u0131karan bir anlay\u0131\u015fla haz\u0131rlad\u0131. Ku\u015fkusuz, M\u00fczik Terimleri S\u00f6zl\u00fc\u011f\u00fc\u2019yle bu alandaki bilgilerimizi tazelemi\u015f, yeni bilgiler edinmi\u015f ve m\u00fczik d\u00fcnyam\u0131z\u0131 renklendirmi\u015f olaca\u011f\u0131z. <\/p>\n","protected":false},"excerpt":{"rendered":"<p>M\u00fczikle ilgili yerli, yabanc\u0131 binlerce kavram ve \u00f6zl\u00fc a\u00e7\u0131klamalar\u0131\u2026 M\u00fczik Terimleri S\u00f6zl\u00fc\u011f\u00fc\u2019n\u00fc m\u00fczikseverlere, m\u00fczikle ilgilenenlere ve m\u00fczisyenlere ba\u015fvurabilecekleri g\u00fcvenilir bir kaynak olarak sunuyoruz. Vural S\u00f6zer, bu<span class=\"excerpt-hellip\"> [\u2026]<\/span><\/p>\n","protected":false},"featured_media":0,"template":"","meta":{"_monsterinsights_skip_tracking":false,"_monsterinsights_sitenote_active":false,"_monsterinsights_sitenote_note":"","_monsterinsights_sitenote_category":0},"product_brand":[],"product_cat":[12274,12649],"product_tag":[],"class_list":{"0":"post-713652","1":"product","2":"type-product","3":"status-publish","5":"product_cat-cocuk-ve-genclik-kitaplari","6":"product_cat-hobi-muzik","7":"pa_cilt-ciltsiz","8":"pa_tur-kitap","9":"pa_yayinevi-remzi-kitabevi","10":"pa_yazar-vural-sozer","12":"first","13":"instock","14":"sale","15":"shipping-taxable","16":"purchasable","17":"product-type-simple"},"_links":{"self":[{"href":"https:\/\/roveyayinevi.com.tr\/index.php\/wp-json\/wp\/v2\/product\/713652","targetHints":{"allow":["GET"]}}],"collection":[{"href":"https:\/\/roveyayinevi.com.tr\/index.php\/wp-json\/wp\/v2\/product"}],"about":[{"href":"https:\/\/roveyayinevi.com.tr\/index.php\/wp-json\/wp\/v2\/types\/product"}],"wp:attachment":[{"href":"https:\/\/roveyayinevi.com.tr\/index.php\/wp-json\/wp\/v2\/media?parent=713652"}],"wp:term":[{"taxonomy":"product_brand","embeddable":true,"href":"https:\/\/roveyayinevi.com.tr\/index.php\/wp-json\/wp\/v2\/product_brand?post=713652"},{"taxonomy":"product_cat","embeddable":true,"href":"https:\/\/roveyayinevi.com.tr\/index.php\/wp-json\/wp\/v2\/product_cat?post=713652"},{"taxonomy":"product_tag","embeddable":true,"href":"https:\/\/roveyayinevi.com.tr\/index.php\/wp-json\/wp\/v2\/product_tag?post=713652"}],"curies":[{"name":"wp","href":"https:\/\/api.w.org\/{rel}","templated":true}]}}