{"id":713636,"date":"2025-08-27T17:09:25","date_gmt":"2025-08-27T14:09:25","guid":{"rendered":"https:\/\/roveyayinevi.com.tr\/index.php\/urun\/bilgelik-okulu-ilk-sir-cozuluyor-cocuklarla-felsefe-dizisi\/"},"modified":"2025-09-13T15:33:16","modified_gmt":"2025-09-13T12:33:16","slug":"bilgelik-okulu-ilk-sir-cozuluyor-cocuklarla-felsefe-dizisi","status":"publish","type":"product","link":"https:\/\/roveyayinevi.com.tr\/index.php\/urun\/bilgelik-okulu-ilk-sir-cozuluyor-cocuklarla-felsefe-dizisi\/","title":{"rendered":"Bilgelik Okulu \u0130lk S\u0131r \u00c7\u00f6z\u00fcl\u00fcyor &#8211; \u00c7ocuklarla Felsefe Dizisi"},"content":{"rendered":"<p>Ayn\u0131 m\u0131s\u0131n, farkl\u0131 m\u0131? Bilgelik Okulu\u2019nun ta\u015f binas\u0131, \u00e7a\u011flar \u00f6nce Kaf Da\u011f\u0131\u2019n\u0131n doruklar\u0131na in\u015fa edilmi\u015fti ve g\u00f6rkemli bir \u015fatoyu and\u0131r\u0131yordu. Ejderhalar\u0131n, devlerin, tek boynuzlu atlar\u0131n, masallara konu olan t\u00fcrl\u00fc b\u00fcy\u00fcl\u00fc yarat\u0131\u011f\u0131n ya\u015fad\u0131\u011f\u0131 bu da\u011f\u0131n tepesinde u\u00e7u\u015fan atmacalar\u0131n, okulun s\u0131rlar\u0131n\u0131 korudu\u011funa inan\u0131l\u0131rd\u0131. Binlerce y\u0131ld\u0131r burada \u00f6\u011fretmenlik yapan Bilge Bilgeus\u2019un ka\u00e7 ya\u015f\u0131nda oldu\u011fu da bu s\u0131rlardan biriydi. Bilgelik Okulu\u2019nun b\u00fct\u00fcn \u00f6\u011frencileri \u00e7ok merakl\u0131yd\u0131. D\u00fcnyay\u0131 ke\u015ffetmeyi, ak\u0131llar\u0131n\u0131 kurcalayan t\u00fcm sorular\u0131n yan\u0131tlar\u0131n\u0131 bulmay\u0131 bekliyorlard\u0131. Sonunda onlar da birer bilge olacaklar ve d\u00fc\u015flerini ger\u00e7e\u011fe d\u00f6n\u00fc\u015ft\u00fcrmeye ba\u015flayacaklard\u0131. Bu \u00f6\u011frencilerden olan G\u00fcn ve Bulut\u2019un aras\u0131nda ya\u015fanan bir olay, Bilgeus\u2019un G\u00fcn\u2019e bir \u00f6dev vermesine neden oldu. G\u00fcn\u2019\u00fcn di\u011fer insanlarla ayn\u0131 m\u0131, yoksa herkesten farkl\u0131 m\u0131 oldu\u011funu bulmas\u0131 gerekiyordu. Bunun i\u00e7in bir yolculu\u011fa \u00e7\u0131kan G\u00fcn, bu soruya bir yan\u0131t verebilecek miydi? <\/p>\n","protected":false},"excerpt":{"rendered":"<p>Ayn\u0131 m\u0131s\u0131n, farkl\u0131 m\u0131? Bilgelik Okulu\u2019nun ta\u015f binas\u0131, \u00e7a\u011flar \u00f6nce Kaf Da\u011f\u0131\u2019n\u0131n doruklar\u0131na in\u015fa edilmi\u015fti ve g\u00f6rkemli bir \u015fatoyu and\u0131r\u0131yordu. Ejderhalar\u0131n, devlerin, tek boynuzlu atlar\u0131n, masallara<span class=\"excerpt-hellip\"> [\u2026]<\/span><\/p>\n","protected":false},"featured_media":0,"template":"","meta":{"_monsterinsights_skip_tracking":false,"_monsterinsights_sitenote_active":false,"_monsterinsights_sitenote_note":"","_monsterinsights_sitenote_category":0},"product_brand":[],"product_cat":[19460,13527],"product_tag":[],"class_list":{"0":"post-713636","1":"product","2":"type-product","3":"status-publish","5":"product_cat-felsefe-sureli-yayinlar","6":"product_cat-sureli-yayinlar","7":"pa_cilt-ciltsiz","8":"pa_tur-kitap","9":"pa_yayinevi-kirmizi-kedi-yayinevi","10":"pa_yazar-asli-eti","12":"first","13":"instock","14":"sale","15":"shipping-taxable","16":"purchasable","17":"product-type-simple"},"_links":{"self":[{"href":"https:\/\/roveyayinevi.com.tr\/index.php\/wp-json\/wp\/v2\/product\/713636","targetHints":{"allow":["GET"]}}],"collection":[{"href":"https:\/\/roveyayinevi.com.tr\/index.php\/wp-json\/wp\/v2\/product"}],"about":[{"href":"https:\/\/roveyayinevi.com.tr\/index.php\/wp-json\/wp\/v2\/types\/product"}],"wp:attachment":[{"href":"https:\/\/roveyayinevi.com.tr\/index.php\/wp-json\/wp\/v2\/media?parent=713636"}],"wp:term":[{"taxonomy":"product_brand","embeddable":true,"href":"https:\/\/roveyayinevi.com.tr\/index.php\/wp-json\/wp\/v2\/product_brand?post=713636"},{"taxonomy":"product_cat","embeddable":true,"href":"https:\/\/roveyayinevi.com.tr\/index.php\/wp-json\/wp\/v2\/product_cat?post=713636"},{"taxonomy":"product_tag","embeddable":true,"href":"https:\/\/roveyayinevi.com.tr\/index.php\/wp-json\/wp\/v2\/product_tag?post=713636"}],"curies":[{"name":"wp","href":"https:\/\/api.w.org\/{rel}","templated":true}]}}