{"id":713628,"date":"2025-08-27T17:09:19","date_gmt":"2025-08-27T14:09:19","guid":{"rendered":"https:\/\/roveyayinevi.com.tr\/index.php\/urun\/uykulu-kuytu-soylencesi\/"},"modified":"2026-04-16T02:22:17","modified_gmt":"2026-04-15T23:22:17","slug":"uykulu-kuytu-soylencesi","status":"publish","type":"product","link":"https:\/\/roveyayinevi.com.tr\/index.php\/urun\/uykulu-kuytu-soylencesi\/","title":{"rendered":"Uykulu Kuytu S\u00f6ylencesi"},"content":{"rendered":"<p>\u201cWashington Irving \u00f6yle bir yazar ki \u00e7a\u011fda\u015flar\u0131n\u0131 g\u00f6lgede b\u0131rak\u0131yor.\u201d \u2013Stephen King Amerika\u2019n\u0131n ilk gotik yazarlar\u0131ndan Washington Irving\u2019le \u0130\u00e7 Sava\u015f sonras\u0131n\u0131n puslu co\u011frafyas\u0131na bir yolculuk. \u201cUykulu Kuytu S\u00f6ylencesi\u201d Amerikan edebiyat\u0131n\u0131n ilk hayalet \u00f6yk\u00fclerinden biri olmas\u0131n\u0131n yan\u0131 s\u0131ra ilk gotik \u00f6yk\u00fclerden de biridir. Uykulu Kuytu\u2019nun Ba\u015fs\u0131z S\u00fcvarisi, s\u00f6ylenceye g\u00f6re, Amerikan Ba\u011f\u0131ms\u0131zl\u0131k Sava\u015f\u0131\u2019nda bir top at\u0131\u015f\u0131nda ba\u015f\u0131n\u0131 yitirmi\u015ftir ve art\u0131k geceleri cepheye yeti\u015fmek i\u00e7in at\u0131n\u0131 d\u00f6rtnala s\u00fcren bir s\u00fcvariye d\u00f6n\u00fc\u015fm\u00fc\u015ft\u00fcr. Bu se\u00e7kide, \u201cUykulu Kuytu S\u00f6ylencesi\u201dne ek olarak Irving\u2019in bir di\u011fer me\u015fhur \u00f6yk\u00fcs\u00fc \u201cRip Van Winkle\u201d ile \u201cLanetli Ev\u201d, \u201c\u015eeytan ile Tom Walker\u201d, \u201cHortlak Damat\u201d, \u201cAlman \u00d6\u011frencinin Ser\u00fcveni\u201d ve \u201cGibbet Adas\u0131\u2019ndan Gelen Konuklar\u201d isimli \u00f6yk\u00fcler de yer al\u0131yor. <\/p>\n","protected":false},"excerpt":{"rendered":"<p>\u201cWashington Irving \u00f6yle bir yazar ki \u00e7a\u011fda\u015flar\u0131n\u0131 g\u00f6lgede b\u0131rak\u0131yor.\u201d \u2013Stephen King Amerika\u2019n\u0131n ilk gotik yazarlar\u0131ndan Washington Irving\u2019le \u0130\u00e7 Sava\u015f sonras\u0131n\u0131n puslu co\u011frafyas\u0131na bir yolculuk. \u201cUykulu Kuytu<span class=\"excerpt-hellip\"> [\u2026]<\/span><\/p>\n","protected":false},"featured_media":0,"template":"","meta":{"_monsterinsights_skip_tracking":false,"_monsterinsights_sitenote_active":false,"_monsterinsights_sitenote_note":"","_monsterinsights_sitenote_category":0},"product_brand":[],"product_cat":[12291,17033],"product_tag":[],"class_list":{"0":"post-713628","1":"product","2":"type-product","3":"status-publish","5":"product_cat-edebiyat","6":"product_cat-korku-gerilim","7":"pa_cilt-ciltsiz","8":"pa_tur-kitap","9":"pa_yayinevi-ithaki-yayinlari","10":"pa_yazar-washington-irving","12":"first","13":"instock","14":"sale","15":"shipping-taxable","16":"purchasable","17":"product-type-simple"},"_links":{"self":[{"href":"https:\/\/roveyayinevi.com.tr\/index.php\/wp-json\/wp\/v2\/product\/713628","targetHints":{"allow":["GET"]}}],"collection":[{"href":"https:\/\/roveyayinevi.com.tr\/index.php\/wp-json\/wp\/v2\/product"}],"about":[{"href":"https:\/\/roveyayinevi.com.tr\/index.php\/wp-json\/wp\/v2\/types\/product"}],"wp:attachment":[{"href":"https:\/\/roveyayinevi.com.tr\/index.php\/wp-json\/wp\/v2\/media?parent=713628"}],"wp:term":[{"taxonomy":"product_brand","embeddable":true,"href":"https:\/\/roveyayinevi.com.tr\/index.php\/wp-json\/wp\/v2\/product_brand?post=713628"},{"taxonomy":"product_cat","embeddable":true,"href":"https:\/\/roveyayinevi.com.tr\/index.php\/wp-json\/wp\/v2\/product_cat?post=713628"},{"taxonomy":"product_tag","embeddable":true,"href":"https:\/\/roveyayinevi.com.tr\/index.php\/wp-json\/wp\/v2\/product_tag?post=713628"}],"curies":[{"name":"wp","href":"https:\/\/api.w.org\/{rel}","templated":true}]}}