{"id":713622,"date":"2025-08-27T17:09:16","date_gmt":"2025-08-27T14:09:16","guid":{"rendered":"https:\/\/roveyayinevi.com.tr\/index.php\/urun\/cengiz-hanla-bilek-guresi-yok-artik\/"},"modified":"2026-04-16T02:22:17","modified_gmt":"2026-04-15T23:22:17","slug":"cengiz-hanla-bilek-guresi-yok-artik","status":"publish","type":"product","link":"https:\/\/roveyayinevi.com.tr\/index.php\/urun\/cengiz-hanla-bilek-guresi-yok-artik\/","title":{"rendered":"Cengiz Han\u2019la Bilek G\u00fcre\u015fi &#8211; Yok Art\u0131k"},"content":{"rendered":"<p>Zachary Black, Sid\u2019den \u00fc\u00e7 ya\u015f b\u00fcy\u00fck ve on iki santim uzun. \u00dcstelik sivri di\u015fli bir y\u0131landan bile daha zalim. Ve \u015fimdi Sid\u2019in saatlerce \u00fczerinde \u00e7al\u0131\u015ft\u0131\u011f\u0131 \u00e7izgi roman zorba Zachary Black\u2019in elinde.Sid \u00e7izgi roman\u0131na kavu\u015fmak istiyorsa onunla bilek g\u00fcre\u015fine tutu\u015fmak zorunda. Neyse ki Sid\u2019in kom\u015fusu Nam\u0131di\u011fer Kudretli Profes\u00f6r \u0130skeletron, Zachary\u2019ye kar\u015f\u0131 kazanma \u015fans\u0131n\u0131 hesaplad\u0131: Onda bir! Bu y\u00fczden bir Zaman \u00c7\u0131rp\u0131c\u0131 icat ettiler. B\u00f6ylece Sid \u015fans\u0131n\u0131 on kez deneyebilecek. Ancak i\u015fler yolunda gitmedi ve ikili, Sid\u2019in k\u0131z karde\u015fi Wendy\u2019yle birlikte kendilerini Mo\u011fol \u0130mparatorlu\u011fu\u2019nda buldu.Sid, Wendy ve Nam\u0131di\u011fer Kudretli Profes\u00f6r \u0130skeletron! D\u00fcnyay\u0131 kurtarabilecekler mi yoksa bildi\u011fimiz haliyle ya\u015fam bir daha geri d\u00f6nmemek \u00fczere yok mu olacak? <\/p>\n","protected":false},"excerpt":{"rendered":"<p>Zachary Black, Sid\u2019den \u00fc\u00e7 ya\u015f b\u00fcy\u00fck ve on iki santim uzun. \u00dcstelik sivri di\u015fli bir y\u0131landan bile daha zalim. Ve \u015fimdi Sid\u2019in saatlerce \u00fczerinde \u00e7al\u0131\u015ft\u0131\u011f\u0131 \u00e7izgi<span class=\"excerpt-hellip\"> [\u2026]<\/span><\/p>\n","protected":false},"featured_media":0,"template":"","meta":{"_monsterinsights_skip_tracking":false,"_monsterinsights_sitenote_active":false,"_monsterinsights_sitenote_note":"","_monsterinsights_sitenote_category":0},"product_brand":[],"product_cat":[12274],"product_tag":[],"class_list":{"0":"post-713622","1":"product","2":"type-product","3":"status-publish","5":"product_cat-cocuk-ve-genclik-kitaplari","6":"pa_cilt-ciltsiz","7":"pa_tur-kitap","8":"pa_yayinevi-cinar-yayinlari","9":"pa_yazar-nick-falk","11":"first","12":"instock","13":"sale","14":"shipping-taxable","15":"purchasable","16":"product-type-simple"},"_links":{"self":[{"href":"https:\/\/roveyayinevi.com.tr\/index.php\/wp-json\/wp\/v2\/product\/713622","targetHints":{"allow":["GET"]}}],"collection":[{"href":"https:\/\/roveyayinevi.com.tr\/index.php\/wp-json\/wp\/v2\/product"}],"about":[{"href":"https:\/\/roveyayinevi.com.tr\/index.php\/wp-json\/wp\/v2\/types\/product"}],"wp:attachment":[{"href":"https:\/\/roveyayinevi.com.tr\/index.php\/wp-json\/wp\/v2\/media?parent=713622"}],"wp:term":[{"taxonomy":"product_brand","embeddable":true,"href":"https:\/\/roveyayinevi.com.tr\/index.php\/wp-json\/wp\/v2\/product_brand?post=713622"},{"taxonomy":"product_cat","embeddable":true,"href":"https:\/\/roveyayinevi.com.tr\/index.php\/wp-json\/wp\/v2\/product_cat?post=713622"},{"taxonomy":"product_tag","embeddable":true,"href":"https:\/\/roveyayinevi.com.tr\/index.php\/wp-json\/wp\/v2\/product_tag?post=713622"}],"curies":[{"name":"wp","href":"https:\/\/api.w.org\/{rel}","templated":true}]}}