{"id":713614,"date":"2025-08-27T17:09:10","date_gmt":"2025-08-27T14:09:10","guid":{"rendered":"https:\/\/roveyayinevi.com.tr\/index.php\/urun\/hayal-denizi\/"},"modified":"2026-04-16T02:22:16","modified_gmt":"2026-04-15T23:22:16","slug":"hayal-denizi","status":"publish","type":"product","link":"https:\/\/roveyayinevi.com.tr\/index.php\/urun\/hayal-denizi\/","title":{"rendered":"Hayal Denizi"},"content":{"rendered":"<p>Varl\u0131\u011f\u0131n\u0131n \u015ferhini d\u00fc\u015fmeye niyetlenmi\u015fken bir r\u00fcya d\u00fc\u015ft\u00fc \u0130bn Arabi&#8217;nin alemine. R\u00fcyas\u0131nda kendini uyurken izledi; bir ku\u015f, bir harf, bir ayna, bir harita kald\u0131 geriye. \u0130\u015faretlerin pe\u015finden gitti \u0130bn Arabi zira H\u0131z\u0131r demi\u015fti ona &#8220;Hakikat, sana hayal denizinden g\u00f6sterilecek, r\u00fcyalar\u0131na sahip \u00e7\u0131k&#8230;\u201d diye.Y\u00fczy\u0131llar \u00f6ncesinden bug\u00fcne kavu\u015fan bir haritan\u0131n pe\u015finde b\u00fcy\u00fcyen bir aray\u0131\u015f hik\u00e2yesi&#8230;&#8221;\u0130bn Arabi&#8217;nin yolculu\u011fu, yaz\u0131lm\u0131\u015f bir kaderdi. Hayalleri haritan\u0131n \u00fczerindeki \u015fehirlere sa\u00e7\u0131lm\u0131\u015ft\u0131. Yol gitti, yolcuyu tan\u0131d\u0131, \u015fehirler gezdi, \u00f6l\u00fcme \u015fahit oldu, vebay\u0131 bildi, Mekke&#8217;ye geldi, Kud\u00fcs&#8217;\u00fc g\u00f6rd\u00fc ve Anadolu&#8217;ya umut sa\u00e7t\u0131&#8230;&#8221;Ayd\u0131n H\u0131z, kelimelerin g\u00fcc\u00fcyle d\u00f6nemin atmosferini bug\u00fcne ta\u015f\u0131yor. <\/p>\n","protected":false},"excerpt":{"rendered":"<p>Varl\u0131\u011f\u0131n\u0131n \u015ferhini d\u00fc\u015fmeye niyetlenmi\u015fken bir r\u00fcya d\u00fc\u015ft\u00fc \u0130bn Arabi&#8217;nin alemine. R\u00fcyas\u0131nda kendini uyurken izledi; bir ku\u015f, bir harf, bir ayna, bir harita kald\u0131 geriye. \u0130\u015faretlerin pe\u015finden<span class=\"excerpt-hellip\"> [\u2026]<\/span><\/p>\n","protected":false},"featured_media":0,"template":"","meta":{"_monsterinsights_skip_tracking":false,"_monsterinsights_sitenote_active":false,"_monsterinsights_sitenote_note":"","_monsterinsights_sitenote_category":0},"product_brand":[],"product_cat":[12291,12711],"product_tag":[],"class_list":{"0":"post-713614","1":"product","2":"type-product","3":"status-publish","5":"product_cat-edebiyat","6":"product_cat-roman-oyku","7":"pa_cilt-ciltsiz","8":"pa_tur-kitap","9":"pa_yayinevi-timas-yayinlari","10":"pa_yazar-aydin-hiz","12":"first","13":"instock","14":"sale","15":"shipping-taxable","16":"purchasable","17":"product-type-simple"},"_links":{"self":[{"href":"https:\/\/roveyayinevi.com.tr\/index.php\/wp-json\/wp\/v2\/product\/713614","targetHints":{"allow":["GET"]}}],"collection":[{"href":"https:\/\/roveyayinevi.com.tr\/index.php\/wp-json\/wp\/v2\/product"}],"about":[{"href":"https:\/\/roveyayinevi.com.tr\/index.php\/wp-json\/wp\/v2\/types\/product"}],"wp:attachment":[{"href":"https:\/\/roveyayinevi.com.tr\/index.php\/wp-json\/wp\/v2\/media?parent=713614"}],"wp:term":[{"taxonomy":"product_brand","embeddable":true,"href":"https:\/\/roveyayinevi.com.tr\/index.php\/wp-json\/wp\/v2\/product_brand?post=713614"},{"taxonomy":"product_cat","embeddable":true,"href":"https:\/\/roveyayinevi.com.tr\/index.php\/wp-json\/wp\/v2\/product_cat?post=713614"},{"taxonomy":"product_tag","embeddable":true,"href":"https:\/\/roveyayinevi.com.tr\/index.php\/wp-json\/wp\/v2\/product_tag?post=713614"}],"curies":[{"name":"wp","href":"https:\/\/api.w.org\/{rel}","templated":true}]}}