{"id":713610,"date":"2025-08-27T17:09:08","date_gmt":"2025-08-27T14:09:08","guid":{"rendered":"https:\/\/roveyayinevi.com.tr\/index.php\/urun\/gececek-mi\/"},"modified":"2026-04-16T02:22:16","modified_gmt":"2026-04-15T23:22:16","slug":"gececek-mi","status":"publish","type":"product","link":"https:\/\/roveyayinevi.com.tr\/index.php\/urun\/gececek-mi\/","title":{"rendered":"Ge\u00e7ecek mi?"},"content":{"rendered":"<p>Bu d\u00fcnyaya \u201cbeklenti olmaya\u201d gelmedim. Bu d\u00fcnyaya ba\u015fkas\u0131 olmaya, ezberlere uymaya, hep ayn\u0131 \u015fark\u0131y\u0131 duymaya gelmedim&#8230; Sert\u00e7e g\u00f6\u011fs\u00fcme oturan bu a\u011fr\u0131ya dokunabilirsem ge\u00e7ecek. Ka\u00e7madan, ac\u0131s\u0131n\u0131 yok saymadan, kendime k\u0131z\u0131p can\u0131m\u0131 daha \u00e7ok yakmadan, yarg\u0131lay\u0131p daha derine bast\u0131rmasam ge\u00e7ecek. Geleni bir kabul edip, onunla can\u0131m yanarken konu\u015fursam ge\u00e7ecek. Her s\u00f6z\u00fcn\u00fc yol g\u00f6stersin diye akl\u0131ma b\u0131rak\u0131rsam, kalan izini iyile\u015fsin diye zamana b\u0131rak\u0131rsam ge\u00e7ecek. Hemen ge\u00e7sin diye kovmadan, tekrar gelir diye korkmadan, hep \u00fcst \u00fcste gelir diye kapanmadan, hep benim ba\u015f\u0131ma gelir diye ka\u00e7madan y\u00fczle\u015firsem ge\u00e7ecek. Dokuna dokuna, konu\u015fa konu\u015fa, evet a\u011flaya a\u011flaya ge\u00e7ecek. A\u011flarken kendime \u015fefkat g\u00f6sterirsem ge\u00e7ecek. \u0130yile\u015fmeden iyi olmu\u015fum gibi yapmadan, daha \u00f6nce kendimi nas\u0131l aya\u011fa kald\u0131rd\u0131\u011f\u0131m\u0131 unutmadan, kabul edip sindirince ge\u00e7ecek. Ya\u015fay\u0131nca ge\u00e7ecek.  Ama illa ki ge\u00e7ecek&#8230; <\/p>\n","protected":false},"excerpt":{"rendered":"<p>Bu d\u00fcnyaya \u201cbeklenti olmaya\u201d gelmedim. Bu d\u00fcnyaya ba\u015fkas\u0131 olmaya, ezberlere uymaya, hep ayn\u0131 \u015fark\u0131y\u0131 duymaya gelmedim&#8230; Sert\u00e7e g\u00f6\u011fs\u00fcme oturan bu a\u011fr\u0131ya dokunabilirsem ge\u00e7ecek. Ka\u00e7madan, ac\u0131s\u0131n\u0131 yok<span class=\"excerpt-hellip\"> [\u2026]<\/span><\/p>\n","protected":false},"featured_media":0,"template":"","meta":{"_monsterinsights_skip_tracking":false,"_monsterinsights_sitenote_active":false,"_monsterinsights_sitenote_note":"","_monsterinsights_sitenote_category":0},"product_brand":[],"product_cat":[12291,12711],"product_tag":[],"class_list":{"0":"post-713610","1":"product","2":"type-product","3":"status-publish","5":"product_cat-edebiyat","6":"product_cat-roman-oyku","7":"pa_cilt-ciltsiz","8":"pa_tur-kitap","9":"pa_yayinevi-destek-yayinlari","10":"pa_yazar-gokhan-cinar","12":"first","13":"instock","14":"sale","15":"shipping-taxable","16":"purchasable","17":"product-type-simple"},"_links":{"self":[{"href":"https:\/\/roveyayinevi.com.tr\/index.php\/wp-json\/wp\/v2\/product\/713610","targetHints":{"allow":["GET"]}}],"collection":[{"href":"https:\/\/roveyayinevi.com.tr\/index.php\/wp-json\/wp\/v2\/product"}],"about":[{"href":"https:\/\/roveyayinevi.com.tr\/index.php\/wp-json\/wp\/v2\/types\/product"}],"wp:attachment":[{"href":"https:\/\/roveyayinevi.com.tr\/index.php\/wp-json\/wp\/v2\/media?parent=713610"}],"wp:term":[{"taxonomy":"product_brand","embeddable":true,"href":"https:\/\/roveyayinevi.com.tr\/index.php\/wp-json\/wp\/v2\/product_brand?post=713610"},{"taxonomy":"product_cat","embeddable":true,"href":"https:\/\/roveyayinevi.com.tr\/index.php\/wp-json\/wp\/v2\/product_cat?post=713610"},{"taxonomy":"product_tag","embeddable":true,"href":"https:\/\/roveyayinevi.com.tr\/index.php\/wp-json\/wp\/v2\/product_tag?post=713610"}],"curies":[{"name":"wp","href":"https:\/\/api.w.org\/{rel}","templated":true}]}}