{"id":713609,"date":"2025-08-27T17:09:07","date_gmt":"2025-08-27T14:09:07","guid":{"rendered":"https:\/\/roveyayinevi.com.tr\/index.php\/urun\/biziz-halktoplanma-ozgurlugu-uzerine-dusunceler\/"},"modified":"2026-04-16T02:22:16","modified_gmt":"2026-04-15T23:22:16","slug":"biziz-halktoplanma-ozgurlugu-uzerine-dusunceler","status":"publish","type":"product","link":"https:\/\/roveyayinevi.com.tr\/index.php\/urun\/biziz-halktoplanma-ozgurlugu-uzerine-dusunceler\/","title":{"rendered":"Biziz, Halk!:Toplanma \u00d6zg\u00fcrl\u00fc\u011f\u00fc \u00dczerine D\u00fc\u015f\u00fcnceler"},"content":{"rendered":"<p>Biziz, Halk! politik ve ekonomik tahakk\u00fcm alt\u0131ndaki halklar\u0131n kamusal alanlarda toplanmas\u0131n\u0131n ne anlama geldi\u011fini, nas\u0131l bir i\u015flev g\u00f6rd\u00fc\u011f\u00fcn\u00fc soru\u015fturuyor. Bu toplanmalar\u0131 \u00e7o\u011ful performatif eylemler olarak alan Judith Butler, performatiflik kuram\u0131n\u0131 geni\u015fleterek, prekaryal\u0131\u011f\u0131n \u015fimdilerde s\u0131k s\u0131k ya\u015fanan halk hareketlerinde temel bir motif oldu\u011funu belirtiyor. Butler, belli n\u00fcfuslar\u0131n toplumsal ve ekonomik destek a\u011flar\u0131ndan uzak kald\u0131klar\u0131 ve yaralanma, \u015fiddet ve \u00f6l\u00fcme daha yak\u0131n d\u00fc\u015ft\u00fckleri, siyasi nedenlerden kaynaklanan ko\u015fullara kar\u015f\u0131l\u0131k gelen prekaryal\u0131\u011f\u0131 devindirici g\u00fc\u00e7 olarak alan g\u00f6sterilerin nesnesinin bedenler oldu\u011funu belirtiyor. Buna g\u00f6re, kitle g\u00f6sterileri prekaryal\u0131\u011f\u0131n kolektif bir reddidir. Dahas\u0131, bedenlerin sokaklarda, meydanlarda ya da di\u011fer kamusal alanlarda toplanmas\u0131, arz-\u0131 endam etme hakk\u0131n\u0131n kullan\u0131lmas\u0131d\u0131r; bu, daha ya\u015fanabilir hayatlar i\u00e7in bedensel bir taleptir. Kamusal toplanman\u0131n d\u0131\u015favurumcu ya da g\u00f6stergesel bi\u00e7imlerini anlamaya \u00e7al\u0131\u015fan, ama ayn\u0131 zamanda neyin \u201ckamusal\u201d, kimin \u201chalk\u201dtan say\u0131labilece\u011fini sorgulayan Biziz, Halk!, toplanma \u00f6zg\u00fcrl\u00fc\u011f\u00fcn\u00fcn de, t\u0131pk\u0131 konu\u015fma \u00f6zg\u00fcrl\u00fc\u011f\u00fc gibi bir \u201cifade \u00f6zg\u00fcrl\u00fc\u011f\u00fc\u201d oldu\u011funu ortaya koyuyor. Bu toplanmalarda prekaryal\u0131\u011f\u0131n nas\u0131l eyleme d\u00f6k\u00fcld\u00fc\u011f\u00fcn\u00fc ve prekaryal\u0131\u011fa nas\u0131l kar\u015f\u0131 \u00e7\u0131k\u0131ld\u0131\u011f\u0131n\u0131 tart\u0131\u015fan Butler, bask\u0131 ve zorlama alt\u0131ndaki bedenlerin bir araya geldi\u011fi bir topla\u015fman\u0131n kendisinin sebat ve direni\u015fi ima etti\u011fini s\u00f6ylerken zorluklar\u0131n bar\u0131nd\u0131rd\u0131\u011f\u0131 umudu yans\u0131tmay\u0131 ba\u015far\u0131yor. Judith Butler, California \u00dcniversitesi (Berkeley) Kar\u015f\u0131la\u015ft\u0131rmal\u0131 Edebiyat B\u00f6l\u00fcm\u00fc\u2019nde ve Ele\u015ftirel Teori Program\u0131\u2019nda ders veriyor. <\/p>\n","protected":false},"excerpt":{"rendered":"<p>Biziz, Halk! politik ve ekonomik tahakk\u00fcm alt\u0131ndaki halklar\u0131n kamusal alanlarda toplanmas\u0131n\u0131n ne anlama geldi\u011fini, nas\u0131l bir i\u015flev g\u00f6rd\u00fc\u011f\u00fcn\u00fc soru\u015fturuyor. Bu toplanmalar\u0131 \u00e7o\u011ful performatif eylemler olarak alan<span class=\"excerpt-hellip\"> [\u2026]<\/span><\/p>\n","protected":false},"featured_media":0,"template":"","meta":{"_monsterinsights_skip_tracking":false,"_monsterinsights_sitenote_active":false,"_monsterinsights_sitenote_note":"","_monsterinsights_sitenote_category":0},"product_brand":[],"product_cat":[12835,12324],"product_tag":[],"class_list":{"0":"post-713609","1":"product","2":"type-product","3":"status-publish","5":"product_cat-genel-sosyoloji","6":"product_cat-sosyoloji","7":"pa_cilt-ciltsiz","8":"pa_tur-kitap","9":"pa_yayinevi-koc-universitesi-yayinlari","10":"pa_yazar-judith-butler","12":"first","13":"instock","14":"sale","15":"shipping-taxable","16":"purchasable","17":"product-type-simple"},"_links":{"self":[{"href":"https:\/\/roveyayinevi.com.tr\/index.php\/wp-json\/wp\/v2\/product\/713609","targetHints":{"allow":["GET"]}}],"collection":[{"href":"https:\/\/roveyayinevi.com.tr\/index.php\/wp-json\/wp\/v2\/product"}],"about":[{"href":"https:\/\/roveyayinevi.com.tr\/index.php\/wp-json\/wp\/v2\/types\/product"}],"wp:attachment":[{"href":"https:\/\/roveyayinevi.com.tr\/index.php\/wp-json\/wp\/v2\/media?parent=713609"}],"wp:term":[{"taxonomy":"product_brand","embeddable":true,"href":"https:\/\/roveyayinevi.com.tr\/index.php\/wp-json\/wp\/v2\/product_brand?post=713609"},{"taxonomy":"product_cat","embeddable":true,"href":"https:\/\/roveyayinevi.com.tr\/index.php\/wp-json\/wp\/v2\/product_cat?post=713609"},{"taxonomy":"product_tag","embeddable":true,"href":"https:\/\/roveyayinevi.com.tr\/index.php\/wp-json\/wp\/v2\/product_tag?post=713609"}],"curies":[{"name":"wp","href":"https:\/\/api.w.org\/{rel}","templated":true}]}}