{"id":713592,"date":"2025-08-27T17:08:58","date_gmt":"2025-08-27T14:08:58","guid":{"rendered":"https:\/\/roveyayinevi.com.tr\/index.php\/urun\/guvercin-gerdanligi\/"},"modified":"2026-04-16T02:22:16","modified_gmt":"2026-04-15T23:22:16","slug":"guvercin-gerdanligi","status":"publish","type":"product","link":"https:\/\/roveyayinevi.com.tr\/index.php\/urun\/guvercin-gerdanligi\/","title":{"rendered":"G\u00fcvercin Gerdanl\u0131\u011f\u0131"},"content":{"rendered":"<p>Bu eseri okuyup da anlat\u0131lanlar\u0131n i\u00e7inde kendisinden mutlaka bir \u015feyler bulmayan tek ki\u015fi g\u00f6sterilemez. \u00c7\u00fcnk\u00fc sevgi ve dostluk b\u00fct\u00fcn insanlar\u0131n ortak duygusudur. \u0130lk insandan son insana kadar, d\u00fcnyada a\u015fk\u0131 az ya da \u00e7ok tatmayan, o y\u00fczden ac\u0131lar i\u00e7inde k\u0131vranmayan birinin \u00e7\u0131km\u0131\u015f olmas\u0131 m\u00fcmk\u00fcn de\u011fildir. \u00c2\u015f\u0131k ile sevgili aras\u0131nda ya\u015fanan ac\u0131 tatl\u0131 b\u00fct\u00fcn olup bitenler hakk\u0131nda bilgi veren sat\u0131rlar\u0131 okurken zaman zaman kendinizden bahsedildi\u011fini hissedeceksiniz. \u00d6te yandan dostlar, ahbaplar ve arkada\u015flardan s\u00f6z edildi\u011fi k\u0131s\u0131mlarda da, dost g\u00f6r\u00fcn\u00fcp sizin y\u00fcz\u00fcn\u00fcze g\u00fclen, arkan\u0131zdansa kuyunuzu kazmaya \u00e7al\u0131\u015fan ikiy\u00fczl\u00fc tan\u0131d\u0131klar\u0131n\u0131zla bu eserde s\u0131k s\u0131k kar\u015f\u0131la\u015facaks\u0131n\u0131z. Bir bak\u0131ma da bu eser tam bir \u00f6\u011f\u00fctler kitab\u0131, ders al\u0131nmas\u0131 gereken bir ibretler demetidir. Ayr\u0131ca bu eser tarih sosyolojisi, End\u00fcl\u00fcs\u2019te ya\u015fanan olaylar, o d\u00f6nemin toplum yap\u0131s\u0131, sosyal ya\u015fant\u0131s\u0131 gibi konularda da e\u015fi benzeri bulunmaz bir kaynakt\u0131r.Kurtuba\u2019ya A\u011f\u0131t:Eserin ek b\u00f6l\u00fcm\u00fcnde, kaybolmu\u015fken sonradan bir \u0130spanyol ara\u015ft\u0131rmac\u0131 taraf\u0131ndan bulunan \u0130bn Hazm\u2019\u0131n g\u00fczelim \u015fehir Kurtuba\u2019ya, kaybedilen diyar End\u00fcl\u00fcs\u2019e yazd\u0131\u011f\u0131 y\u00fcrek yakan bir a\u011f\u0131t bulunuyor. <\/p>\n","protected":false},"excerpt":{"rendered":"<p>Bu eseri okuyup da anlat\u0131lanlar\u0131n i\u00e7inde kendisinden mutlaka bir \u015feyler bulmayan tek ki\u015fi g\u00f6sterilemez. \u00c7\u00fcnk\u00fc sevgi ve dostluk b\u00fct\u00fcn insanlar\u0131n ortak duygusudur. \u0130lk insandan son insana<span class=\"excerpt-hellip\"> [\u2026]<\/span><\/p>\n","protected":false},"featured_media":0,"template":"","meta":{"_monsterinsights_skip_tracking":false,"_monsterinsights_sitenote_active":false,"_monsterinsights_sitenote_note":"","_monsterinsights_sitenote_category":0},"product_brand":[],"product_cat":[12718,12719,15238],"product_tag":[],"class_list":{"0":"post-713592","1":"product","2":"type-product","3":"status-publish","5":"product_cat-din","6":"product_cat-islam","7":"product_cat-tasavvuf","8":"pa_cilt-ciltsiz","9":"pa_tur-kitap","10":"pa_yayinevi-sufi-kitap","11":"pa_yazar-ibn-hazm","13":"first","14":"instock","15":"sale","16":"shipping-taxable","17":"purchasable","18":"product-type-simple"},"_links":{"self":[{"href":"https:\/\/roveyayinevi.com.tr\/index.php\/wp-json\/wp\/v2\/product\/713592","targetHints":{"allow":["GET"]}}],"collection":[{"href":"https:\/\/roveyayinevi.com.tr\/index.php\/wp-json\/wp\/v2\/product"}],"about":[{"href":"https:\/\/roveyayinevi.com.tr\/index.php\/wp-json\/wp\/v2\/types\/product"}],"wp:attachment":[{"href":"https:\/\/roveyayinevi.com.tr\/index.php\/wp-json\/wp\/v2\/media?parent=713592"}],"wp:term":[{"taxonomy":"product_brand","embeddable":true,"href":"https:\/\/roveyayinevi.com.tr\/index.php\/wp-json\/wp\/v2\/product_brand?post=713592"},{"taxonomy":"product_cat","embeddable":true,"href":"https:\/\/roveyayinevi.com.tr\/index.php\/wp-json\/wp\/v2\/product_cat?post=713592"},{"taxonomy":"product_tag","embeddable":true,"href":"https:\/\/roveyayinevi.com.tr\/index.php\/wp-json\/wp\/v2\/product_tag?post=713592"}],"curies":[{"name":"wp","href":"https:\/\/api.w.org\/{rel}","templated":true}]}}