{"id":713584,"date":"2025-08-27T17:08:54","date_gmt":"2025-08-27T14:08:54","guid":{"rendered":"https:\/\/roveyayinevi.com.tr\/index.php\/urun\/haydi-cocuklar-cizelim\/"},"modified":"2026-04-16T02:22:16","modified_gmt":"2026-04-15T23:22:16","slug":"haydi-cocuklar-cizelim","status":"publish","type":"product","link":"https:\/\/roveyayinevi.com.tr\/index.php\/urun\/haydi-cocuklar-cizelim\/","title":{"rendered":"Haydi \u00c7ocuklar \u00c7izelim!"},"content":{"rendered":"<p>Bu e\u011flenceli ve anla\u015f\u0131l\u0131r, ad\u0131m ad\u0131m ilerleyen rehber kitapla fantastik resimleri nas\u0131l \u00e7izece\u011finizi \u00f6\u011frenin. \u0130\u00e7inde insanlar\u0131n, hayvanlar\u0131n, dinozorlar\u0131n, hayal\u00ee karakterlerin ve h\u0131z ara\u00e7lar\u0131n\u0131n yer ald\u0131\u011f\u0131 bu kitap size ilham verecek. Temel becerilerle ba\u015flay\u0131p de\u011fi\u015fik materyaller kullanarak k\u0131sa s\u00fcre i\u00e7erisinde ger\u00e7ek\u00e7i ve karikat\u00fcrize \u00e7izimlerin nas\u0131l yap\u0131ld\u0131\u011f\u0131n\u0131 \u00f6\u011freneceksiniz. \u201cHaydi \u00c7ocuklar \u00c7izelim!\u201d \u00e7izim yapmak ve becerisini geli\u015ftirmek isteyenler i\u00e7in temel bir k\u0131lavuz! <\/p>\n","protected":false},"excerpt":{"rendered":"<p>Bu e\u011flenceli ve anla\u015f\u0131l\u0131r, ad\u0131m ad\u0131m ilerleyen rehber kitapla fantastik resimleri nas\u0131l \u00e7izece\u011finizi \u00f6\u011frenin. \u0130\u00e7inde insanlar\u0131n, hayvanlar\u0131n, dinozorlar\u0131n, hayal\u00ee karakterlerin ve h\u0131z ara\u00e7lar\u0131n\u0131n yer ald\u0131\u011f\u0131 bu<span class=\"excerpt-hellip\"> [\u2026]<\/span><\/p>\n","protected":false},"featured_media":0,"template":"","meta":{"_monsterinsights_skip_tracking":false,"_monsterinsights_sitenote_active":false,"_monsterinsights_sitenote_note":"","_monsterinsights_sitenote_category":0},"product_brand":[],"product_cat":[22066,13527],"product_tag":[],"class_list":{"0":"post-713584","1":"product","2":"type-product","3":"status-publish","5":"product_cat-sanat-sureli-yayinlar","6":"product_cat-sureli-yayinlar","7":"pa_cilt-ciltsiz","8":"pa_tur-kitap","9":"pa_yayinevi-profil-kitap","10":"pa_yazar-peter-gray","12":"first","13":"instock","14":"sale","15":"shipping-taxable","16":"purchasable","17":"product-type-simple"},"_links":{"self":[{"href":"https:\/\/roveyayinevi.com.tr\/index.php\/wp-json\/wp\/v2\/product\/713584","targetHints":{"allow":["GET"]}}],"collection":[{"href":"https:\/\/roveyayinevi.com.tr\/index.php\/wp-json\/wp\/v2\/product"}],"about":[{"href":"https:\/\/roveyayinevi.com.tr\/index.php\/wp-json\/wp\/v2\/types\/product"}],"wp:attachment":[{"href":"https:\/\/roveyayinevi.com.tr\/index.php\/wp-json\/wp\/v2\/media?parent=713584"}],"wp:term":[{"taxonomy":"product_brand","embeddable":true,"href":"https:\/\/roveyayinevi.com.tr\/index.php\/wp-json\/wp\/v2\/product_brand?post=713584"},{"taxonomy":"product_cat","embeddable":true,"href":"https:\/\/roveyayinevi.com.tr\/index.php\/wp-json\/wp\/v2\/product_cat?post=713584"},{"taxonomy":"product_tag","embeddable":true,"href":"https:\/\/roveyayinevi.com.tr\/index.php\/wp-json\/wp\/v2\/product_tag?post=713584"}],"curies":[{"name":"wp","href":"https:\/\/api.w.org\/{rel}","templated":true}]}}