{"id":713557,"date":"2025-08-27T17:08:38","date_gmt":"2025-08-27T14:08:38","guid":{"rendered":"https:\/\/roveyayinevi.com.tr\/index.php\/urun\/bahar-kitabi\/"},"modified":"2026-04-16T02:22:15","modified_gmt":"2026-04-15T23:22:15","slug":"bahar-kitabi","status":"publish","type":"product","link":"https:\/\/roveyayinevi.com.tr\/index.php\/urun\/bahar-kitabi\/","title":{"rendered":"Bahar Kitab\u0131"},"content":{"rendered":"<p>K\u0131\u015f biter ve bahar gelir&#8230; Bu g\u00fczel havada insanlar ve hayvanlar her yerdeler: Bah\u00e7elerde ve kente yak\u0131n tarlalarda, \u00e7ar\u015f\u0131da ve sokaklarda, ma\u011fazalarda ve parklarda. K\u00fc\u00e7\u00fck resimlerdeki \u00f6yk\u00fcleri takip ederken bir bahar g\u00fcn\u00fc ya\u015fanan bir\u00e7ok maceray\u0131 ke\u015ffedeceksiniz. Bir ku\u015fa\u011f\u0131 b\u00fcy\u00fcten Wimmel kitaplar\u0131n\u0131n ikincisi, Bahar Kitab\u0131 art\u0131k T\u00fcrk\u00e7ede. Bask\u0131 kalitesi, sa\u011flaml\u0131\u011f\u0131 ve kocaman ebat\u0131yla \u00e7ocu\u011funuzun uzun s\u00fcre elinden b\u0131rakamayaca\u011f\u0131 bu evladiyelik kitab\u0131 muhtemelen torunlan\u0131z da okuyacak. Bahar Kitab\u0131\u2019n\u0131 ke\u015ffederken birer anlat\u0131c\u0131ya veya yazara d\u00f6n\u00fc\u015fecek \u00e7ocuklar\u0131n\u0131zla birlikte S\u0130Z DE e\u015fsiz bir deneyim ya\u015fayacaks\u0131n\u0131z. <\/p>\n","protected":false},"excerpt":{"rendered":"<p>K\u0131\u015f biter ve bahar gelir&#8230; Bu g\u00fczel havada insanlar ve hayvanlar her yerdeler: Bah\u00e7elerde ve kente yak\u0131n tarlalarda, \u00e7ar\u015f\u0131da ve sokaklarda, ma\u011fazalarda ve parklarda. K\u00fc\u00e7\u00fck resimlerdeki<span class=\"excerpt-hellip\"> [\u2026]<\/span><\/p>\n","protected":false},"featured_media":0,"template":"","meta":{"_monsterinsights_skip_tracking":false,"_monsterinsights_sitenote_active":false,"_monsterinsights_sitenote_note":"","_monsterinsights_sitenote_category":0},"product_brand":[],"product_cat":[12274,12284],"product_tag":[],"class_list":{"0":"post-713557","1":"product","2":"type-product","3":"status-publish","5":"product_cat-cocuk-ve-genclik-kitaplari","6":"product_cat-hikayeler","7":"pa_cilt-ciltli","8":"pa_tur-kitap","9":"pa_yayinevi-kuraldisi-yayinevi","10":"pa_yazar-rotraut-susanne-berner","12":"first","13":"instock","14":"sale","15":"shipping-taxable","16":"purchasable","17":"product-type-simple"},"_links":{"self":[{"href":"https:\/\/roveyayinevi.com.tr\/index.php\/wp-json\/wp\/v2\/product\/713557","targetHints":{"allow":["GET"]}}],"collection":[{"href":"https:\/\/roveyayinevi.com.tr\/index.php\/wp-json\/wp\/v2\/product"}],"about":[{"href":"https:\/\/roveyayinevi.com.tr\/index.php\/wp-json\/wp\/v2\/types\/product"}],"wp:attachment":[{"href":"https:\/\/roveyayinevi.com.tr\/index.php\/wp-json\/wp\/v2\/media?parent=713557"}],"wp:term":[{"taxonomy":"product_brand","embeddable":true,"href":"https:\/\/roveyayinevi.com.tr\/index.php\/wp-json\/wp\/v2\/product_brand?post=713557"},{"taxonomy":"product_cat","embeddable":true,"href":"https:\/\/roveyayinevi.com.tr\/index.php\/wp-json\/wp\/v2\/product_cat?post=713557"},{"taxonomy":"product_tag","embeddable":true,"href":"https:\/\/roveyayinevi.com.tr\/index.php\/wp-json\/wp\/v2\/product_tag?post=713557"}],"curies":[{"name":"wp","href":"https:\/\/api.w.org\/{rel}","templated":true}]}}