{"id":713551,"date":"2025-08-27T17:08:35","date_gmt":"2025-08-27T14:08:35","guid":{"rendered":"https:\/\/roveyayinevi.com.tr\/index.php\/urun\/15-temmuz-yurtta-sulh-iddianamesi\/"},"modified":"2026-04-16T02:22:15","modified_gmt":"2026-04-15T23:22:15","slug":"15-temmuz-yurtta-sulh-iddianamesi","status":"publish","type":"product","link":"https:\/\/roveyayinevi.com.tr\/index.php\/urun\/15-temmuz-yurtta-sulh-iddianamesi\/","title":{"rendered":"15 Temmuz Yurtta Sulh \u0130ddianamesi"},"content":{"rendered":"<p>\u201cR\u00fctbesi ne olursa olsun \u00f6rg\u00fcte mensup asker \u015fah\u0131slar\u0131n \u00f6rg\u00fctsel tabirle \u015fakirt tabir edilen alt kademede yer alan ve Silahl\u0131 Kuvvetler\u2019in hiyerar\u015fisi d\u0131\u015f\u0131nda asker-sivil unsurlar\u0131n emrinde \u00fcye konumunda olduklar\u0131 anla\u015f\u0131lm\u0131\u015ft\u0131r.\u201d Ba\u015far\u0131s\u0131zl\u0131kla sonu\u00e7lanan 15 Temmuz darbe giri\u015fiminin \u201corganizat\u00f6rlerini\u201d isim isim ortaya koyan elinizdeki kitap, \u0130stanbul Cumhuriyet Ba\u015fsavc\u0131l\u0131\u011f\u0131\u2019n\u0131n haz\u0131rlad\u0131\u011f\u0131 ve Fet*hullah G\u00fclen\u2019in ilk kez \u201c1 Numaral\u0131 \u015e\u00fcpheli\u201d olarak de\u011ferlendirildi\u011fi iddianameyi i\u00e7eriyor.FE*T\u00d6\u2019n\u00fcn T\u00fcrk Silahl\u0131 Kuvvetleri\u2019ne -di\u011fer devlet kurumlar\u0131 gibi- y\u0131llar boyunca s\u0131zd\u0131\u011f\u0131n\u0131n ve paralel bir yap\u0131 olu\u015fturdu\u011funun kan\u0131tlar\u0131n\u0131 sergileyen iddianame, T\u00fcrkiye\u2019nin ne denli ciddi bir tehditle kar\u015f\u0131 kar\u015f\u0131ya kald\u0131\u011f\u0131n\u0131 g\u00f6steriyor. Elinizdeki kitap TSK i\u00e7indeki FE*T\u00d6 yap\u0131lanmas\u0131n\u0131 t\u00fcm ayr\u0131nt\u0131lar\u0131yla anlamak i\u00e7in, gerek hukuki, gerekse siyasi tarihimiz a\u00e7\u0131s\u0131ndan son derece \u00f6nemli, ar\u015fivlik bir belge <\/p>\n","protected":false},"excerpt":{"rendered":"<p>\u201cR\u00fctbesi ne olursa olsun \u00f6rg\u00fcte mensup asker \u015fah\u0131slar\u0131n \u00f6rg\u00fctsel tabirle \u015fakirt tabir edilen alt kademede yer alan ve Silahl\u0131 Kuvvetler\u2019in hiyerar\u015fisi d\u0131\u015f\u0131nda asker-sivil unsurlar\u0131n emrinde \u00fcye<span class=\"excerpt-hellip\"> [\u2026]<\/span><\/p>\n","protected":false},"featured_media":0,"template":"","meta":{"_monsterinsights_skip_tracking":false,"_monsterinsights_sitenote_active":false,"_monsterinsights_sitenote_note":"","_monsterinsights_sitenote_category":0},"product_brand":[],"product_cat":[31194,12337],"product_tag":[],"class_list":{"0":"post-713551","1":"product","2":"type-product","3":"status-publish","5":"product_cat-guncel-siyaset","6":"product_cat-politika-siyaset","7":"pa_cilt-ciltsiz","8":"pa_tur-kitap","9":"pa_yayinevi-kaynak-yayinlari","10":"pa_yazar-muhammet-gomuk","12":"first","13":"instock","14":"sale","15":"shipping-taxable","16":"purchasable","17":"product-type-simple"},"_links":{"self":[{"href":"https:\/\/roveyayinevi.com.tr\/index.php\/wp-json\/wp\/v2\/product\/713551","targetHints":{"allow":["GET"]}}],"collection":[{"href":"https:\/\/roveyayinevi.com.tr\/index.php\/wp-json\/wp\/v2\/product"}],"about":[{"href":"https:\/\/roveyayinevi.com.tr\/index.php\/wp-json\/wp\/v2\/types\/product"}],"wp:attachment":[{"href":"https:\/\/roveyayinevi.com.tr\/index.php\/wp-json\/wp\/v2\/media?parent=713551"}],"wp:term":[{"taxonomy":"product_brand","embeddable":true,"href":"https:\/\/roveyayinevi.com.tr\/index.php\/wp-json\/wp\/v2\/product_brand?post=713551"},{"taxonomy":"product_cat","embeddable":true,"href":"https:\/\/roveyayinevi.com.tr\/index.php\/wp-json\/wp\/v2\/product_cat?post=713551"},{"taxonomy":"product_tag","embeddable":true,"href":"https:\/\/roveyayinevi.com.tr\/index.php\/wp-json\/wp\/v2\/product_tag?post=713551"}],"curies":[{"name":"wp","href":"https:\/\/api.w.org\/{rel}","templated":true}]}}

15 Temmuz Yurtta Sulh İddianamesi

<p>“Rütbesi ne olursa olsun örgüte mensup asker şahısların örgütsel tabirle şakirt tabir edilen alt kademede yer alan ve Silahlı Kuvvetler’in hiyerarşisi dışında asker-sivil unsurların emrinde üye konumunda oldukları anlaşılmıştır.” Başarısızlıkla sonuçlanan 15 Temmuz darbe girişiminin “organizatörlerini” isim isim ortaya koyan elinizdeki kitap, İstanbul Cumhuriyet Başsavcılığı’nın hazırladığı ve Fet*hullah Gülen’in ilk kez “1 Numaralı Şüpheli” olarak değerlendirildiği iddianameyi içeriyor.FE*TÖ’nün Türk Silahlı Kuvvetleri’ne -diğer devlet kurumları gibi- yıllar boyunca sızdığının ve paralel bir yapı oluşturduğunun kanıtlarını sergileyen iddianame, Türkiye’nin ne denli ciddi bir tehditle karşı karşıya kaldığını gösteriyor. Elinizdeki kitap TSK içindeki FE*TÖ yapılanmasını tüm ayrıntılarıyla anlamak için, gerek hukuki, gerekse siyasi tarihimiz açısından son derece önemli, arşivlik bir belge </p>

<p>“Rütbesi ne olursa olsun örgüte mensup asker şahısların örgütsel tabirle şakirt tabir edilen alt kademede yer alan ve Silahlı Kuvvetler’in hiyerarşisi dışında asker-sivil unsurların emrinde üye<span class="excerpt-hellip"> […]</span></p>
