{"id":713533,"date":"2025-08-27T17:08:26","date_gmt":"2025-08-27T14:08:26","guid":{"rendered":"https:\/\/roveyayinevi.com.tr\/index.php\/urun\/turk-dis-politikasi-tarihi-2\/"},"modified":"2026-04-16T02:22:15","modified_gmt":"2026-04-15T23:22:15","slug":"turk-dis-politikasi-tarihi-2","status":"publish","type":"product","link":"https:\/\/roveyayinevi.com.tr\/index.php\/urun\/turk-dis-politikasi-tarihi-2\/","title":{"rendered":"T\u00fcrk D\u0131\u015f Politikas\u0131 Tarihi"},"content":{"rendered":"<p>T\u00dcRK DI\u015e POL\u0130T\u0130KASI\u2019NDA EN HASSAS MESELELER\u2026 \u201cOrtado\u011fu T\u00fcrkiye\u2019nin g\u00fcneyinde \u00e7ok geni\u015f bir b\u00f6lgeyi te\u015fkil etmektedir ve bu b\u00f6lgedeki kuvvet m\u00fcnasebetleri T\u00fcrkiye\u2019nin kaderini daima yak\u0131ndan ilgilendirecektir. Bin netice T\u00fcrkiye\u2019nin b\u00f6lgede bar\u0131\u015f\u0131n korunmas\u0131nda tanzim edici role ve sald\u0131rganl\u0131\u011fa kar\u015f\u0131 da cayd\u0131r\u0131c\u0131l\u0131\u011fa sahip olmas\u0131 ve b\u00fct\u00fcn bunlar\u0131 yapabilecek g\u00fc\u00e7te bulunmas\u0131, daima Arap d\u00fcnyas\u0131n\u0131n menfaatine olacakt\u0131r.\u201d Prof. Dr. Fahir Armao\u011flu Siyasi tarih ara\u015ft\u0131rmalar\u0131n\u0131n duayeni, ard\u0131ndan b\u0131rakt\u0131\u011f\u0131 eserlerle yeni ara\u015ft\u0131rma konular\u0131 i\u00e7in ilham veren Prof. Dr. Fahir Armao\u011flu, T\u00fcrk D\u0131\u015f Politikas\u0131 Tarihi\u2019nde yak\u0131n tarihimizin en \u00f6nemli meselelerini ayd\u0131nlat\u0131yor. Armao\u011flu\u2019nun d\u0131\u015f politikam\u0131za dair ara\u015ft\u0131rmalar\u0131n\u0131 bir araya getiren bu kitap, Cumhuriyet\u2019ten 1980 sonras\u0131na dek \u00e7ok kritik meselelere temas ediyor, \u00e7arp\u0131c\u0131 yorumlar sunuyor. Atat\u00fcrk\u2019\u00fcn d\u0131\u015f politika prensiplerinin \u00fczerine titizlikle e\u011filerek ba\u015flayan kitap, \u00c7anakkale Muharebeleri ve Milli M\u00fccadele d\u00f6neminde Rusya ile olan ili\u015fkilerimizi analiz ediyor. Ard\u0131ndan II. D\u00fcnya Sava\u015f\u0131\u2019ndaki denge politikam\u0131z ve d\u00f6nemin en \u00e7ok konu\u015fulan \u00fclkelerinden Hitler Almanyas\u0131 ile 1933-1941 y\u0131llar\u0131 aras\u0131ndaki ili\u015fkilerimizi sorguluyor. T\u00fcrkiye\u2019nin ge\u00e7mi\u015ften g\u00fcn\u00fcm\u00fcze en yo\u011fun ili\u015fkilerinin oldu\u011fu Ortado\u011fu, Armao\u011flu\u2019nun bu eserinde b\u00fcy\u00fck bir yer tutuyor. Arap D\u00fcnyas\u0131\u2019n\u0131n ge\u00e7mi\u015fi ve yak\u0131n d\u00f6nemin \u0130sl\u00e2m\u00ee ak\u0131mlar\u0131na kadar \u0130ran ve Suudi Arabistan gibi \u00fclkelerle olan irtibat\u0131m\u0131za Armao\u011flu \u00e7ok \u00f6nemli yorumlar getiriyor. D\u00fcn\u00fcyle, bug\u00fcn\u00fcyle, yar\u0131n\u0131yla T\u00fcrkiye ve Bat\u0131 D\u00fcnyas\u0131 aras\u0131ndaki ili\u015fkiye dair ara\u015ft\u0131rmalarla s\u00fcren kitap 1982\u2019de T\u00fcrk D\u0131\u015f Politikas\u0131, Amerikan-Rus Dosyas\u0131 ve Avrupa politikas\u0131nda Polonya ile son buluyor. T\u00fcrk D\u0131\u015f Politikas\u0131 Tarihi; siyasi tarih okumalar\u0131 yapmay\u0131 seven herkese hitap eden bir referans kitap\u2026 <\/p>\n","protected":false},"excerpt":{"rendered":"<p>T\u00dcRK DI\u015e POL\u0130T\u0130KASI\u2019NDA EN HASSAS MESELELER\u2026 \u201cOrtado\u011fu T\u00fcrkiye\u2019nin g\u00fcneyinde \u00e7ok geni\u015f bir b\u00f6lgeyi te\u015fkil etmektedir ve bu b\u00f6lgedeki kuvvet m\u00fcnasebetleri T\u00fcrkiye\u2019nin kaderini daima yak\u0131ndan ilgilendirecektir. Bin<span class=\"excerpt-hellip\"> [\u2026]<\/span><\/p>\n","protected":false},"featured_media":0,"template":"","meta":{"_monsterinsights_skip_tracking":false,"_monsterinsights_sitenote_active":false,"_monsterinsights_sitenote_note":"","_monsterinsights_sitenote_category":0},"product_brand":[],"product_cat":[12304,13493],"product_tag":[],"class_list":{"0":"post-713533","1":"product","2":"type-product","3":"status-publish","5":"product_cat-tarih","6":"product_cat-turkiye-ve-cumhuriyet-tarihi","7":"pa_cilt-ciltsiz","8":"pa_tur-kitap","9":"pa_yayinevi-kronik-kitap","10":"pa_yazar-fahir-armaoglu","12":"first","13":"instock","14":"sale","15":"shipping-taxable","16":"purchasable","17":"product-type-simple"},"_links":{"self":[{"href":"https:\/\/roveyayinevi.com.tr\/index.php\/wp-json\/wp\/v2\/product\/713533","targetHints":{"allow":["GET"]}}],"collection":[{"href":"https:\/\/roveyayinevi.com.tr\/index.php\/wp-json\/wp\/v2\/product"}],"about":[{"href":"https:\/\/roveyayinevi.com.tr\/index.php\/wp-json\/wp\/v2\/types\/product"}],"wp:attachment":[{"href":"https:\/\/roveyayinevi.com.tr\/index.php\/wp-json\/wp\/v2\/media?parent=713533"}],"wp:term":[{"taxonomy":"product_brand","embeddable":true,"href":"https:\/\/roveyayinevi.com.tr\/index.php\/wp-json\/wp\/v2\/product_brand?post=713533"},{"taxonomy":"product_cat","embeddable":true,"href":"https:\/\/roveyayinevi.com.tr\/index.php\/wp-json\/wp\/v2\/product_cat?post=713533"},{"taxonomy":"product_tag","embeddable":true,"href":"https:\/\/roveyayinevi.com.tr\/index.php\/wp-json\/wp\/v2\/product_tag?post=713533"}],"curies":[{"name":"wp","href":"https:\/\/api.w.org\/{rel}","templated":true}]}}

Türk Dış Politikası Tarihi

<p>TÜRK DIŞ POLİTİKASI’NDA EN HASSAS MESELELER… “Ortadoğu Türkiye’nin güneyinde çok geniş bir bölgeyi teşkil etmektedir ve bu bölgedeki kuvvet münasebetleri Türkiye’nin kaderini daima yakından ilgilendirecektir. Bin netice Türkiye’nin bölgede barışın korunmasında tanzim edici role ve saldırganlığa karşı da caydırıcılığa sahip olması ve bütün bunları yapabilecek güçte bulunması, daima Arap dünyasının menfaatine olacaktır.” Prof. Dr. Fahir Armaoğlu Siyasi tarih araştırmalarının duayeni, ardından bıraktığı eserlerle yeni araştırma konuları için ilham veren Prof. Dr. Fahir Armaoğlu, Türk Dış Politikası Tarihi’nde yakın tarihimizin en önemli meselelerini aydınlatıyor. Armaoğlu’nun dış politikamıza dair araştırmalarını bir araya getiren bu kitap, Cumhuriyet’ten 1980 sonrasına dek çok kritik meselelere temas ediyor, çarpıcı yorumlar sunuyor. Atatürk’ün dış politika prensiplerinin üzerine titizlikle eğilerek başlayan kitap, Çanakkale Muharebeleri ve Milli Mücadele döneminde Rusya ile olan ilişkilerimizi analiz ediyor. Ardından II. Dünya Savaşı’ndaki denge politikamız ve dönemin en çok konuşulan ülkelerinden Hitler Almanyası ile 1933-1941 yılları arasındaki ilişkilerimizi sorguluyor. Türkiye’nin geçmişten günümüze en yoğun ilişkilerinin olduğu Ortadoğu, Armaoğlu’nun bu eserinde büyük bir yer tutuyor. Arap Dünyası’nın geçmişi ve yakın dönemin İslâmî akımlarına kadar İran ve Suudi Arabistan gibi ülkelerle olan irtibatımıza Armaoğlu çok önemli yorumlar getiriyor. Dünüyle, bugünüyle, yarınıyla Türkiye ve Batı Dünyası arasındaki ilişkiye dair araştırmalarla süren kitap 1982’de Türk Dış Politikası, Amerikan-Rus Dosyası ve Avrupa politikasında Polonya ile son buluyor. Türk Dış Politikası Tarihi; siyasi tarih okumaları yapmayı seven herkese hitap eden bir referans kitap… </p>

<p>TÜRK DIŞ POLİTİKASI’NDA EN HASSAS MESELELER… “Ortadoğu Türkiye’nin güneyinde çok geniş bir bölgeyi teşkil etmektedir ve bu bölgedeki kuvvet münasebetleri Türkiye’nin kaderini daima yakından ilgilendirecektir. Bin<span class="excerpt-hellip"> […]</span></p>
