{"id":713529,"date":"2025-08-27T17:08:24","date_gmt":"2025-08-27T14:08:24","guid":{"rendered":"https:\/\/roveyayinevi.com.tr\/index.php\/urun\/hunlarin-hayati\/"},"modified":"2026-04-16T02:22:14","modified_gmt":"2026-04-15T23:22:14","slug":"hunlarin-hayati","status":"publish","type":"product","link":"https:\/\/roveyayinevi.com.tr\/index.php\/urun\/hunlarin-hayati\/","title":{"rendered":"Hunlar\u0131n Hayat\u0131"},"content":{"rendered":"<p>Gerek \u00c7in gerekse Avrupa kaynaklar\u0131na g\u00f6re, tarih sahnesinde devlet kuran ilk T\u00fcrk boyu olan Hunlar, \u00f6nce Orta Asya\u2019da \u00e7e\u015fitli T\u00fcrk-Mo\u011fol boylar\u0131n\u0131 bir araya getirmi\u015f ve \u00c7in\u2019e kar\u015f\u0131 b\u00fcy\u00fck tehdit olu\u015fturarak ya\u015fam alanlar\u0131n\u0131 durmadan geni\u015fletmi\u015flerdir. Sonradan tarihin karanl\u0131klar\u0131na g\u00f6m\u00fclm\u00fc\u015fler ve ans\u0131z\u0131n Do\u011fu Avrupa bozk\u0131rlar\u0131nda tekrar ortaya \u00e7\u0131k\u0131p, \u00f6nlerindeki di\u011fer kavimleri bat\u0131ya iterek Roma \u0130mparatorlu\u011fu\u2019nu tehdit eder h\u00e2le gelmi\u015flerdir. De\u011ferli tarih\u00e7i Marcel Brion, Avrupa tarihinin geli\u015fimini ve k\u00fclt\u00fcr\u00fcn\u00fc derinden etkileyen Hunlar\u0131 ve ulu \u00f6nderleri Atilla\u2019y\u0131 bir Bat\u0131l\u0131 g\u00f6z\u00fcyle de\u011ferlendirmekte ve Hunlar\u0131n uzant\u0131lar\u0131 olarak g\u00f6rd\u00fc\u011f\u00fc Avar ve Macarlar\u0131 Bat\u0131 Hun tarihi i\u00e7inde ele alarak, bu tarih yapan T\u00fcrk uluslar\u0131n\u0131 bir roman havas\u0131nda anlatmaktad\u0131r. Hunlar d\u00fcnya tarihini fakat bilhassa Avrupa tarihini \u015fekillendirmi\u015f, Atilla ve Hun T\u00fcrkleri Avrupal\u0131lar\u0131 \u00f6ylesine etkilemi\u015ftir ki, y\u00fczy\u0131llar sonra gelecek olan Osmanl\u0131 Devleti dahi belki de bu tesir sebebiyle hep ayn\u0131 g\u00f6zle de\u011ferlendirilmi\u015ftir. <\/p>\n","protected":false},"excerpt":{"rendered":"<p>Gerek \u00c7in gerekse Avrupa kaynaklar\u0131na g\u00f6re, tarih sahnesinde devlet kuran ilk T\u00fcrk boyu olan Hunlar, \u00f6nce Orta Asya\u2019da \u00e7e\u015fitli T\u00fcrk-Mo\u011fol boylar\u0131n\u0131 bir araya getirmi\u015f ve \u00c7in\u2019e<span class=\"excerpt-hellip\"> [\u2026]<\/span><\/p>\n","protected":false},"featured_media":0,"template":"","meta":{"_monsterinsights_skip_tracking":false,"_monsterinsights_sitenote_active":false,"_monsterinsights_sitenote_note":"","_monsterinsights_sitenote_category":0},"product_brand":[],"product_cat":[12370,12304],"product_tag":[],"class_list":{"0":"post-713529","1":"product","2":"type-product","3":"status-publish","5":"product_cat-arastirma-inceleme","6":"product_cat-tarih","7":"pa_cilt-ciltsiz","8":"pa_tur-kitap","9":"pa_yayinevi-otuken-nesriyat","10":"pa_yazar-marcel-brion","12":"first","13":"instock","14":"sale","15":"shipping-taxable","16":"purchasable","17":"product-type-simple"},"_links":{"self":[{"href":"https:\/\/roveyayinevi.com.tr\/index.php\/wp-json\/wp\/v2\/product\/713529","targetHints":{"allow":["GET"]}}],"collection":[{"href":"https:\/\/roveyayinevi.com.tr\/index.php\/wp-json\/wp\/v2\/product"}],"about":[{"href":"https:\/\/roveyayinevi.com.tr\/index.php\/wp-json\/wp\/v2\/types\/product"}],"wp:attachment":[{"href":"https:\/\/roveyayinevi.com.tr\/index.php\/wp-json\/wp\/v2\/media?parent=713529"}],"wp:term":[{"taxonomy":"product_brand","embeddable":true,"href":"https:\/\/roveyayinevi.com.tr\/index.php\/wp-json\/wp\/v2\/product_brand?post=713529"},{"taxonomy":"product_cat","embeddable":true,"href":"https:\/\/roveyayinevi.com.tr\/index.php\/wp-json\/wp\/v2\/product_cat?post=713529"},{"taxonomy":"product_tag","embeddable":true,"href":"https:\/\/roveyayinevi.com.tr\/index.php\/wp-json\/wp\/v2\/product_tag?post=713529"}],"curies":[{"name":"wp","href":"https:\/\/api.w.org\/{rel}","templated":true}]}}