{"id":713518,"date":"2025-08-27T17:08:18","date_gmt":"2025-08-27T14:08:18","guid":{"rendered":"https:\/\/roveyayinevi.com.tr\/index.php\/urun\/osmanlilar-kulturel-tarih\/"},"modified":"2026-04-16T02:22:14","modified_gmt":"2026-04-15T23:22:14","slug":"osmanlilar-kulturel-tarih","status":"publish","type":"product","link":"https:\/\/roveyayinevi.com.tr\/index.php\/urun\/osmanlilar-kulturel-tarih\/","title":{"rendered":"Osmanl\u0131lar: K\u00fclt\u00fcrel Tarih"},"content":{"rendered":"<p>Osmanl\u0131 \u0130mparatorlu\u011fu, askeri ve ekonomik faaliyetlerin merkezi olman\u0131n \u00f6tesinde canl\u0131 ve geli\u015fen bir k\u00fclt\u00fcrel alan\u0131 da b\u00fcnyesinde bar\u0131nd\u0131r\u0131yordu. \u00d6nemli bir Osmanl\u0131 tarih\u00e7isi olan Suraiya Faroqhi, Osmanl\u0131&#8217;n\u0131n pek de bilinmeyen k\u00fclt\u00fcrel ve sanatsal d\u00fcnyas\u0131n\u0131 ayd\u0131nlatan maddi k\u00fclt\u00fcr kal\u0131nt\u0131lar\u0131n\u0131n en \u015fa\u015f\u0131rt\u0131c\u0131 ve en \u00e7arp\u0131c\u0131 \u00f6rneklerini inceliyor ve bu \u00f6rnekler \u00fczerinden Osmanl\u0131\u2019daki k\u00fclt\u00fcrel hayat hakk\u0131nda \u00f6nemli toplumsal, politik ve ekonomik sonu\u00e7lara var\u0131yor. Faroqhi&#8217;nin ger\u00e7ekle\u015ftirdi\u011fi titiz \u00e7al\u0131\u015fma, Osmanl\u0131 toplumunda ticaret, toplumsal cinsiyet ve sosyo-politik stat\u00fc gibi pek \u00e7ok konu hakk\u0131nda daha fazla bilgi edinmemizi sa\u011flarken, bir yandan da Osmanl\u0131lar\u0131n g\u00fcndelik hayat\u0131n\u0131n \u00e7e\u015fitlili\u011fi ve renklili\u011fine \u00e7arp\u0131c\u0131 bir pencere a\u00e7\u0131yor ve Osmanl\u0131 d\u00f6nemine ait k\u00fclt\u00fcr\u00fc g\u00f6zler \u00f6n\u00fcne seriyor. Faroqhi, Osmanl\u0131 maddi k\u00fclt\u00fcr\u00fcn\u00fc inceleyen bu \u00e7al\u0131\u015fmada m\u00fcze koleksiyonlar\u0131, portreler, kitabe ve seramikler, giysiler, kuma\u015flar, a\u011f\u0131rl\u0131k \u00f6l\u00e7\u00fcleri, g\u00fcnl\u00fck hayatta kullan\u0131lan ara\u00e7 gere\u00e7ler, ganimetler ya da ba\u015fka devletlere el\u00e7iler arac\u0131l\u0131\u011f\u0131yla g\u00f6nderilen hediyeler hakk\u0131ndaki \u00e7ok \u00e7e\u015fitli \u00e7al\u0131\u015fmalar\u0131 ve Osmanl\u0131 tarihi ara\u015ft\u0131rmalar\u0131n\u0131 bir araya getiriyor. Osmanl\u0131lar\u0131n K\u00fclt\u00fcrel Tarihi, Osmanl\u0131 \u0130mparatorlu\u011fu\u2019na ve Osmanl\u0131lar\u0131n k\u00fclt\u00fcrel tarihine ilgi duyan herkes i\u00e7in temel bir kaynak niteli\u011finde. <\/p>\n","protected":false},"excerpt":{"rendered":"<p>Osmanl\u0131 \u0130mparatorlu\u011fu, askeri ve ekonomik faaliyetlerin merkezi olman\u0131n \u00f6tesinde canl\u0131 ve geli\u015fen bir k\u00fclt\u00fcrel alan\u0131 da b\u00fcnyesinde bar\u0131nd\u0131r\u0131yordu. \u00d6nemli bir Osmanl\u0131 tarih\u00e7isi olan Suraiya Faroqhi, Osmanl\u0131&#8217;n\u0131n<span class=\"excerpt-hellip\"> [\u2026]<\/span><\/p>\n","protected":false},"featured_media":0,"template":"","meta":{"_monsterinsights_skip_tracking":false,"_monsterinsights_sitenote_active":false,"_monsterinsights_sitenote_note":"","_monsterinsights_sitenote_category":0},"product_brand":[],"product_cat":[13517,12304],"product_tag":[],"class_list":{"0":"post-713518","1":"product","2":"type-product","3":"status-publish","5":"product_cat-osmanli-tarihi","6":"product_cat-tarih","7":"pa_cilt-ciltsiz","8":"pa_tur-kitap","9":"pa_yayinevi-akil-celen-kitaplar","10":"pa_yazar-suraiya-faroqhi","12":"first","13":"instock","14":"sale","15":"shipping-taxable","16":"purchasable","17":"product-type-simple"},"_links":{"self":[{"href":"https:\/\/roveyayinevi.com.tr\/index.php\/wp-json\/wp\/v2\/product\/713518","targetHints":{"allow":["GET"]}}],"collection":[{"href":"https:\/\/roveyayinevi.com.tr\/index.php\/wp-json\/wp\/v2\/product"}],"about":[{"href":"https:\/\/roveyayinevi.com.tr\/index.php\/wp-json\/wp\/v2\/types\/product"}],"wp:attachment":[{"href":"https:\/\/roveyayinevi.com.tr\/index.php\/wp-json\/wp\/v2\/media?parent=713518"}],"wp:term":[{"taxonomy":"product_brand","embeddable":true,"href":"https:\/\/roveyayinevi.com.tr\/index.php\/wp-json\/wp\/v2\/product_brand?post=713518"},{"taxonomy":"product_cat","embeddable":true,"href":"https:\/\/roveyayinevi.com.tr\/index.php\/wp-json\/wp\/v2\/product_cat?post=713518"},{"taxonomy":"product_tag","embeddable":true,"href":"https:\/\/roveyayinevi.com.tr\/index.php\/wp-json\/wp\/v2\/product_tag?post=713518"}],"curies":[{"name":"wp","href":"https:\/\/api.w.org\/{rel}","templated":true}]}}