{"id":713506,"date":"2025-08-27T17:08:12","date_gmt":"2025-08-27T14:08:12","guid":{"rendered":"https:\/\/roveyayinevi.com.tr\/index.php\/urun\/piramitlerin-sirri-zamanda-yolculuk\/"},"modified":"2026-04-16T02:22:14","modified_gmt":"2026-04-15T23:22:14","slug":"piramitlerin-sirri-zamanda-yolculuk","status":"publish","type":"product","link":"https:\/\/roveyayinevi.com.tr\/index.php\/urun\/piramitlerin-sirri-zamanda-yolculuk\/","title":{"rendered":"Piramitlerin S\u0131rr\u0131 &#8211; Zamanda Yolculuk"},"content":{"rendered":"<p>\u201cHay Peynirsiz Peynirler A\u015fk\u0131na&#8230; Neden, Nas\u0131l, Ni\u00e7in \u00c7\u0131kt\u0131m Bu Yolculu\u011fa?\u201dB\u00fct\u00fcn d\u00fcnyada milyonlarca merakl\u0131s\u0131 olan Geronimo Stilton kitaplar\u0131 sizi s\u0131rlarla dolu, soluk solu\u011fa okuyaca\u011f\u0131n\u0131z maceralara g\u00f6t\u00fcrmeye devam ediyor.Peki bu sefer, Geronimo Stilton ve akrabalar\u0131yla \u00e7ok uzak \u00e7a\u011flara, piramitleri, firavunlar\u0131 ke\u015ffetmeye Antik M\u0131s\u0131r\u2019a gitmeye haz\u0131r m\u0131s\u0131n\u0131z?Gizemli piramitler, Sfenksler, t\u00fcyleri diken diken eden timsahlar, bitmek bilmeyen \u00e7\u00f6l y\u00fcr\u00fcy\u00fc\u015fleri, bilmeceler, yeni dostlar&#8230;.\u00c7ok farekulade olacak dostlar\u0131m, size kemirgen s\u00f6z\u00fc!Geronimo Stilton Fareya\u2019da (Fareler Adas\u0131) do\u011fdu. Kemirgen Edebiyat\u0131 B\u00f6l\u00fcm\u00fc\u2019nde Fareloji ve Felsefe B\u00f6l\u00fcm\u00fc\u2019nde Kar\u015f\u0131la\u015ft\u0131rmal\u0131 Arkeofareloji okudu. Fareler Adas\u0131\u2019n\u0131n en \u00fcnl\u00fc gazetesi Kemirgenin Sesi\u2019nin yay\u0131n y\u00f6netmeni. Kitaplar\u0131 48 dile \u00e7evrildi, sadece \u0130talya\u2019da yakla\u015f\u0131k 30 milyon adet, d\u00fcnyada ise 140 milyon adetten fazla sat\u0131ld\u0131.Geronimo Stilton bildi\u011finiz g\u00fc\u00e7l\u00fc, korkusuz kahramanlardan de\u011fil. Ger\u00e7ek cesaret korkusuz olmak de\u011fil, s\u0131n\u0131rlar\u0131n\u0131 bilerek korkular\u0131n\u0131n \u00fcstesinden gelmektir! Geronimo hemen hemen her \u015feyden \u00e7ok korkuyor ama hayata olumlu bak\u0131\u015f\u0131, e\u015fsiz mizah duygusu ve tabii ki arkada\u015flar\u0131 sayesinde zor durumlar\u0131n \u00fcstesinden gelmeyi her seferinde ba\u015far\u0131yor.Geronimo Stilton kitaplar\u0131n\u0131 okurken ailenin, arkada\u015flar\u0131n, bar\u0131\u015f\u0131n, dayan\u0131\u015fman\u0131n, d\u00fcr\u00fcstl\u00fc\u011f\u00fcn, samimiyetin \u00f6nemini hissedecek, kendinize g\u00fclebilmenin ne kadar da farekulade bir \u015fey oldu\u011funu anlayacaks\u0131n\u0131z. <\/p>\n","protected":false},"excerpt":{"rendered":"<p>\u201cHay Peynirsiz Peynirler A\u015fk\u0131na&#8230; Neden, Nas\u0131l, Ni\u00e7in \u00c7\u0131kt\u0131m Bu Yolculu\u011fa?\u201dB\u00fct\u00fcn d\u00fcnyada milyonlarca merakl\u0131s\u0131 olan Geronimo Stilton kitaplar\u0131 sizi s\u0131rlarla dolu, soluk solu\u011fa okuyaca\u011f\u0131n\u0131z maceralara g\u00f6t\u00fcrmeye devam<span class=\"excerpt-hellip\"> [\u2026]<\/span><\/p>\n","protected":false},"featured_media":0,"template":"","meta":{"_monsterinsights_skip_tracking":false,"_monsterinsights_sitenote_active":false,"_monsterinsights_sitenote_note":"","_monsterinsights_sitenote_category":0},"product_brand":[],"product_cat":[12275,12274],"product_tag":[],"class_list":{"0":"post-713506","1":"product","2":"type-product","3":"status-publish","5":"product_cat-6-12-yas-kitaplari","6":"product_cat-cocuk-ve-genclik-kitaplari","7":"pa_cilt-ciltsiz","8":"pa_tur-kitap","9":"pa_yayinevi-yapi-kredi-yayinlari","10":"pa_yazar-geronimo-stilton","12":"first","13":"instock","14":"sale","15":"shipping-taxable","16":"purchasable","17":"product-type-simple"},"_links":{"self":[{"href":"https:\/\/roveyayinevi.com.tr\/index.php\/wp-json\/wp\/v2\/product\/713506","targetHints":{"allow":["GET"]}}],"collection":[{"href":"https:\/\/roveyayinevi.com.tr\/index.php\/wp-json\/wp\/v2\/product"}],"about":[{"href":"https:\/\/roveyayinevi.com.tr\/index.php\/wp-json\/wp\/v2\/types\/product"}],"wp:attachment":[{"href":"https:\/\/roveyayinevi.com.tr\/index.php\/wp-json\/wp\/v2\/media?parent=713506"}],"wp:term":[{"taxonomy":"product_brand","embeddable":true,"href":"https:\/\/roveyayinevi.com.tr\/index.php\/wp-json\/wp\/v2\/product_brand?post=713506"},{"taxonomy":"product_cat","embeddable":true,"href":"https:\/\/roveyayinevi.com.tr\/index.php\/wp-json\/wp\/v2\/product_cat?post=713506"},{"taxonomy":"product_tag","embeddable":true,"href":"https:\/\/roveyayinevi.com.tr\/index.php\/wp-json\/wp\/v2\/product_tag?post=713506"}],"curies":[{"name":"wp","href":"https:\/\/api.w.org\/{rel}","templated":true}]}}