{"id":713499,"date":"2025-08-27T17:08:08","date_gmt":"2025-08-27T14:08:08","guid":{"rendered":"https:\/\/roveyayinevi.com.tr\/index.php\/urun\/israel-nilden-firata-devlet-oyunlari\/"},"modified":"2026-04-16T02:22:14","modified_gmt":"2026-04-15T23:22:14","slug":"israel-nilden-firata-devlet-oyunlari","status":"publish","type":"product","link":"https:\/\/roveyayinevi.com.tr\/index.php\/urun\/israel-nilden-firata-devlet-oyunlari\/","title":{"rendered":"\u0130srael \u2013 Nil\u2019den F\u0131rat\u2019a Devlet Oyunlar\u0131"},"content":{"rendered":"<p>Tevrat\u2019ta ge\u00e7en bir ayet var, \u0130ran-Irak Sava\u015f\u0131\u2019ndan bahsediyor, Peygamber Ye\u015faya\u2019n\u0131n bir \u00f6ng\u00f6r\u00fcs\u00fc bu, i\u015fte o ayet: \u201cFeryat edin! Tanr\u0131 diyor ki: G\u00fcm\u00fc\u015fe de\u011fer vermeyen, alt\u0131n\u0131 sevmeyen Medleri onlara kar\u015f\u0131 harekete ge\u00e7irece\u011fim. Oklar\u0131yla gen\u00e7leri par\u00e7alayacak, bebeklere ac\u0131mayacak, \u00e7ocuklar\u0131 esirgemeyecekler.\u201d Ayette ge\u00e7en \u201cg\u00fcm\u00fc\u015fe de\u011fer vermeyen Medler\u201d bug\u00fcnk\u00fc \u0130ran, Babil ise Irak\u2019t\u0131r. * Tevrat\u2019ta ge\u00e7en yine bir ayet var, bu kez Irak Sava\u015f\u0131\u2019ndan s\u00f6z ediyor, yine Peygamber Ye\u015faya\u2019n\u0131n bir \u00f6ng\u00f6r\u00fcs\u00fc bu. \u0130\u015fte o ayet: \u201cBen Her \u015eeye Egemen Rab&#8230; Babil\u2019i bayku\u015f yuvas\u0131na, batakl\u0131\u011fa \u00e7evirecek, y\u0131k\u0131m s\u00fcp\u00fcrgesiyle s\u00fcp\u00fcrece\u011fim. Yakalanan\u0131n bedeni delik de\u015fik edilecek, ele ge\u00e7en k\u0131l\u0131\u00e7tan ge\u00e7irilecek. Yavrular\u0131 g\u00f6zleri \u00f6n\u00fcnde par\u00e7alanacak, evleri ya\u011fmalanacak, kad\u0131nlar\u0131n\u0131n \u0131rz\u0131na ge\u00e7ilecek&#8230;\u201d Buradaki Babil Irak\u2019t\u0131r&#8230; * G\u00fcn\u00fcm\u00fczde \u201colacak olaylar\u0131 \u00f6nceden bilme\u201d yetene\u011fine \u00f6ng\u00f6r\u00fc diyorlar. Ama bir \u00f6ng\u00f6r\u00fc kutsal bir kitapta yer al\u0131yorsa ve olaylar binlerce y\u0131l \u00f6ncesinde s\u00f6ylenildi\u011fi gibi bug\u00fcn bire bir cereyan ediyorsa ve de bu \u00f6ng\u00f6r\u00fc Yahudilerin B\u00fcy\u00fck Peygamberi Ye\u015faya\u2019n\u0131n s\u00f6zleriyle yaz\u0131lm\u0131\u015f ise bu art\u0131k \u00f6ng\u00f6r\u00fcy\u00fc a\u015f\u0131yor ve \u201ckehanet\u201d oluyor&#8230; Ve \u015eam&#8230; Onun da bir kehaneti var&#8230; Soru \u015fu: Bu ger\u00e7ekten bir kehanet mi yoksa tuzak m\u0131? Ya T\u00fcrkiye? Kehanetlerle ba\u015flayan bu yolu izleyiniz, t\u00fcm cevaplar\u0131 bulacaks\u0131n\u0131z&#8230; <\/p>\n","protected":false},"excerpt":{"rendered":"<p>Tevrat\u2019ta ge\u00e7en bir ayet var, \u0130ran-Irak Sava\u015f\u0131\u2019ndan bahsediyor, Peygamber Ye\u015faya\u2019n\u0131n bir \u00f6ng\u00f6r\u00fcs\u00fc bu, i\u015fte o ayet: \u201cFeryat edin! Tanr\u0131 diyor ki: G\u00fcm\u00fc\u015fe de\u011fer vermeyen, alt\u0131n\u0131 sevmeyen<span class=\"excerpt-hellip\"> [\u2026]<\/span><\/p>\n","protected":false},"featured_media":0,"template":"","meta":{"_monsterinsights_skip_tracking":false,"_monsterinsights_sitenote_active":false,"_monsterinsights_sitenote_note":"","_monsterinsights_sitenote_category":0},"product_brand":[],"product_cat":[13590,12337],"product_tag":[],"class_list":{"0":"post-713499","1":"product","2":"type-product","3":"status-publish","5":"product_cat-arastirma-inceleme-politika-siyaset","6":"product_cat-politika-siyaset","7":"pa_cilt-ciltsiz","8":"pa_tur-kitap","9":"pa_yayinevi-destek-yayinlari","10":"pa_yazar-erdal-sarizeybek","12":"first","13":"instock","14":"sale","15":"shipping-taxable","16":"purchasable","17":"product-type-simple"},"_links":{"self":[{"href":"https:\/\/roveyayinevi.com.tr\/index.php\/wp-json\/wp\/v2\/product\/713499","targetHints":{"allow":["GET"]}}],"collection":[{"href":"https:\/\/roveyayinevi.com.tr\/index.php\/wp-json\/wp\/v2\/product"}],"about":[{"href":"https:\/\/roveyayinevi.com.tr\/index.php\/wp-json\/wp\/v2\/types\/product"}],"wp:attachment":[{"href":"https:\/\/roveyayinevi.com.tr\/index.php\/wp-json\/wp\/v2\/media?parent=713499"}],"wp:term":[{"taxonomy":"product_brand","embeddable":true,"href":"https:\/\/roveyayinevi.com.tr\/index.php\/wp-json\/wp\/v2\/product_brand?post=713499"},{"taxonomy":"product_cat","embeddable":true,"href":"https:\/\/roveyayinevi.com.tr\/index.php\/wp-json\/wp\/v2\/product_cat?post=713499"},{"taxonomy":"product_tag","embeddable":true,"href":"https:\/\/roveyayinevi.com.tr\/index.php\/wp-json\/wp\/v2\/product_tag?post=713499"}],"curies":[{"name":"wp","href":"https:\/\/api.w.org\/{rel}","templated":true}]}}