{"id":713490,"date":"2025-08-27T17:08:03","date_gmt":"2025-08-27T14:08:03","guid":{"rendered":"https:\/\/roveyayinevi.com.tr\/index.php\/urun\/rakamlar-oyunu-futbol-hakkinda-bildiginiz-her-sey-neden-yanlistir\/"},"modified":"2026-04-16T02:22:14","modified_gmt":"2026-04-15T23:22:14","slug":"rakamlar-oyunu-futbol-hakkinda-bildiginiz-her-sey-neden-yanlistir","status":"publish","type":"product","link":"https:\/\/roveyayinevi.com.tr\/index.php\/urun\/rakamlar-oyunu-futbol-hakkinda-bildiginiz-her-sey-neden-yanlistir\/","title":{"rendered":"Rakamlar Oyunu \u2013 Futbol Hakk\u0131nda Bildi\u011finiz Her \u015eey Neden Yanl\u0131\u015ft\u0131r"},"content":{"rendered":"<p>Gezegenin en pop\u00fcler sporunu anlamak i\u00e7in ezber bozan bir el kitab\u0131 Futbol her ge\u00e7en g\u00fcn kendini yeniliyor ve bu yenilenmenin merkezinde de rakamlar bulunuyor. Rakamlara do\u011fru \u015fekilde bak\u0131ld\u0131\u011f\u0131nda ilk akla gelen favoriler bile art\u0131k g\u00f6z ard\u0131 edilebiliyor. Rakamlar Oyunu&#8217;nda eski bir kaleci olan ard\u0131ndan da futbol istatistikleri uzman\u0131na d\u00f6n\u00fc\u015fen Chris Anderson ve davran\u0131\u015f analisti David Sally bir araya gelip m\u00fcsabakan\u0131n galibini \u00f6ng\u00f6rmek ad\u0131na rakamlar\u0131n asl\u0131nda ne kadar \u00f6nemli oldu\u011funu g\u00f6zler \u00f6n\u00fcne seriyor. Kitap, kornerlerin ne \u00f6l\u00e7\u00fcde de\u011ferli oldu\u011fu, en \u00e7ok ka\u00e7\u0131nc\u0131 gol\u00fcn \u00f6nem arz etti\u011fi, topa sahip olman\u0131n futbolda galibiyete ger\u00e7ekten de onda dokuz oran\u0131nda yard\u0131m edip etmedi\u011fi, bir oyuncunun de\u011ferinin nas\u0131l \u00f6l\u00e7\u00fclmesi gerekti\u011fi gibi soru ve sorunlara isabetli, devrim niteli\u011finde yan\u0131tlar verip futbolu izlemek ve anlamak i\u00e7in yepyeni bir yol g\u00f6steriyor. \u00d6nder \u00d6zen&#8217;in sunumuyla <\/p>\n","protected":false},"excerpt":{"rendered":"<p>Gezegenin en pop\u00fcler sporunu anlamak i\u00e7in ezber bozan bir el kitab\u0131 Futbol her ge\u00e7en g\u00fcn kendini yeniliyor ve bu yenilenmenin merkezinde de rakamlar bulunuyor. Rakamlara do\u011fru<span class=\"excerpt-hellip\"> [\u2026]<\/span><\/p>\n","protected":false},"featured_media":0,"template":"","meta":{"_monsterinsights_skip_tracking":false,"_monsterinsights_sitenote_active":false,"_monsterinsights_sitenote_note":"","_monsterinsights_sitenote_category":0},"product_brand":[],"product_cat":[15563,15564],"product_tag":[],"class_list":{"0":"post-713490","1":"product","2":"type-product","3":"status-publish","5":"product_cat-hobi","6":"product_cat-spor","7":"pa_cilt-ciltsiz","8":"pa_tur-kitap","9":"pa_yayinevi-ithaki-yayinlari","10":"pa_yazar-chris-anderson-david-sally","12":"first","13":"instock","14":"sale","15":"shipping-taxable","16":"purchasable","17":"product-type-simple"},"_links":{"self":[{"href":"https:\/\/roveyayinevi.com.tr\/index.php\/wp-json\/wp\/v2\/product\/713490","targetHints":{"allow":["GET"]}}],"collection":[{"href":"https:\/\/roveyayinevi.com.tr\/index.php\/wp-json\/wp\/v2\/product"}],"about":[{"href":"https:\/\/roveyayinevi.com.tr\/index.php\/wp-json\/wp\/v2\/types\/product"}],"wp:attachment":[{"href":"https:\/\/roveyayinevi.com.tr\/index.php\/wp-json\/wp\/v2\/media?parent=713490"}],"wp:term":[{"taxonomy":"product_brand","embeddable":true,"href":"https:\/\/roveyayinevi.com.tr\/index.php\/wp-json\/wp\/v2\/product_brand?post=713490"},{"taxonomy":"product_cat","embeddable":true,"href":"https:\/\/roveyayinevi.com.tr\/index.php\/wp-json\/wp\/v2\/product_cat?post=713490"},{"taxonomy":"product_tag","embeddable":true,"href":"https:\/\/roveyayinevi.com.tr\/index.php\/wp-json\/wp\/v2\/product_tag?post=713490"}],"curies":[{"name":"wp","href":"https:\/\/api.w.org\/{rel}","templated":true}]}}