{"id":713484,"date":"2025-08-27T17:08:00","date_gmt":"2025-08-27T14:08:00","guid":{"rendered":"https:\/\/roveyayinevi.com.tr\/index.php\/urun\/chocky\/"},"modified":"2026-04-16T02:22:13","modified_gmt":"2026-04-15T23:22:13","slug":"chocky","status":"publish","type":"product","link":"https:\/\/roveyayinevi.com.tr\/index.php\/urun\/chocky\/","title":{"rendered":"Chocky"},"content":{"rendered":"<p>Matthew bir g\u00fcn zihninde, nereden geldi\u011fini bilmedi\u011fi bir ses duymaya ba\u015flar. Durmaks\u0131z\u0131n kendisiyle konu\u015fan bu sesin ad\u0131 Chocky\u2019dir. Ailesi bu durumu ba\u015flarda pek \u00f6nemsemez ve s\u0131radan bir \u201chayali arkada\u015f\u201d olarak nitelendirir; ancak zamanla i\u015fin rengi de\u011fi\u015fir. Matthew kendisinden beklenmeyecek \u00fcst\u00fcn davran\u0131\u015flar sergiler, zorlu matematik ve fizik kuramlar\u0131ndan bahseder, harika resimler \u00e7izmeye ba\u015flar. Hatta y\u00fczme bilmemesine ra\u011fmen hem kendini hem de k\u0131z karde\u015fini bo\u011fulmaktan kurtar\u0131r. Bu ola\u011fan\u00fcst\u00fc olay\u0131n ard\u0131ndan gazetelere de konu olan Matthew\u2019nun hayat\u0131 bamba\u015fka bir y\u00f6ne evrilir. Art\u0131k herkes, Chocky\u2019nin ne kadar \u201chayali\u201d oldu\u011funu sorgulamaya ba\u015flam\u0131\u015ft\u0131r&#8230; Sosyopolitik meseleleri bilimkurgu t\u00fcr\u00fcne ba\u015far\u0131yla yerle\u015ftiren John Wyndham, teknoloji, uzay, evrim ve geli\u015fim \u00fczerine kaleme ald\u0131\u011f\u0131Chocky&#8217;de, b\u00fcy\u00fcme \u00e7a\u011f\u0131ndaki bir \u00e7ocu\u011fun g\u00f6z\u00fcnden d\u00fcnyay\u0131 ve insanl\u0131\u011f\u0131 irdeliyor. Baz\u0131 korkular vard\u0131r; onlara art\u0131k inanmayacak kadar ilerledi\u011fimizi \u0131srarla, inan\u00e7la savunuruz. Ama yine de bu korkular hepimizin i\u00e7inde uyumaktad\u0131r ve kritik bir anda, dikkatsiz ve beklenmedik bir s\u00f6zle uyanabilirler. <\/p>\n","protected":false},"excerpt":{"rendered":"<p>Matthew bir g\u00fcn zihninde, nereden geldi\u011fini bilmedi\u011fi bir ses duymaya ba\u015flar. Durmaks\u0131z\u0131n kendisiyle konu\u015fan bu sesin ad\u0131 Chocky\u2019dir. Ailesi bu durumu ba\u015flarda pek \u00f6nemsemez ve s\u0131radan<span class=\"excerpt-hellip\"> [\u2026]<\/span><\/p>\n","protected":false},"featured_media":0,"template":"","meta":{"_monsterinsights_skip_tracking":false,"_monsterinsights_sitenote_active":false,"_monsterinsights_sitenote_note":"","_monsterinsights_sitenote_category":0},"product_brand":[],"product_cat":[12540,12291],"product_tag":[],"class_list":{"0":"post-713484","1":"product","2":"type-product","3":"status-publish","5":"product_cat-bilim-kurgu","6":"product_cat-edebiyat","7":"pa_cilt-ciltli","8":"pa_tur-kitap","9":"pa_yayinevi-delidolu","10":"pa_yazar-john-wyndham","12":"first","13":"instock","14":"sale","15":"shipping-taxable","16":"purchasable","17":"product-type-simple"},"_links":{"self":[{"href":"https:\/\/roveyayinevi.com.tr\/index.php\/wp-json\/wp\/v2\/product\/713484","targetHints":{"allow":["GET"]}}],"collection":[{"href":"https:\/\/roveyayinevi.com.tr\/index.php\/wp-json\/wp\/v2\/product"}],"about":[{"href":"https:\/\/roveyayinevi.com.tr\/index.php\/wp-json\/wp\/v2\/types\/product"}],"wp:attachment":[{"href":"https:\/\/roveyayinevi.com.tr\/index.php\/wp-json\/wp\/v2\/media?parent=713484"}],"wp:term":[{"taxonomy":"product_brand","embeddable":true,"href":"https:\/\/roveyayinevi.com.tr\/index.php\/wp-json\/wp\/v2\/product_brand?post=713484"},{"taxonomy":"product_cat","embeddable":true,"href":"https:\/\/roveyayinevi.com.tr\/index.php\/wp-json\/wp\/v2\/product_cat?post=713484"},{"taxonomy":"product_tag","embeddable":true,"href":"https:\/\/roveyayinevi.com.tr\/index.php\/wp-json\/wp\/v2\/product_tag?post=713484"}],"curies":[{"name":"wp","href":"https:\/\/api.w.org\/{rel}","templated":true}]}}