{"id":713450,"date":"2025-08-27T17:07:40","date_gmt":"2025-08-27T14:07:40","guid":{"rendered":"https:\/\/roveyayinevi.com.tr\/index.php\/urun\/yoldan-cikarilmis-basari\/"},"modified":"2026-04-16T02:21:50","modified_gmt":"2026-04-15T23:21:50","slug":"yoldan-cikarilmis-basari","status":"publish","type":"product","link":"https:\/\/roveyayinevi.com.tr\/index.php\/urun\/yoldan-cikarilmis-basari\/","title":{"rendered":"Yoldan \u00c7\u0131kar\u0131lm\u0131\u015f Ba\u015far\u0131"},"content":{"rendered":"<p>\u0130nsan\u0131n en anlaml\u0131 g\u00fcd\u00fcs\u00fc BA\u015eARI Bir varolu\u015f \u00e7abas\u0131 \u00dcreterek yaratarak varolmak. Anlaml\u0131 olan bir ya\u015fam s\u00fcrmek Yaratt\u0131\u011f\u0131 de\u011ferle varolmak. Bilin\u00e7li BA\u015eARI ile ya\u015famak. Bu g\u00fcd\u00fcy\u00fc paraya ve mala sahip olmaya y\u00fckleyen tuzak Piyasaya teslim edilen ba\u015far\u0131 g\u00fcd\u00fcs\u00fc. Sistemin insan\u0131 s\u00fcr\u00fckledi\u011fi a\u00e7maz \u00c7a\u011f\u0131m\u0131z\u0131n trajedisi. Bu tuzaktan kurtulman\u0131n zaman\u0131 geldi Bu sapmadan kendimizi kurtarmal\u0131y\u0131z \u00c7ocuklar\u0131m\u0131z mutlu bir gelece\u011fe bakmal\u0131d\u0131r Bu kitap size bunu anlat\u0131yor Yoldan \u00c7\u0131kar\u0131lm\u0131\u015f Ba\u015far\u0131\u2019n\u0131n \u00f6yk\u00fcs\u00fcd\u00fcr bu. <\/p>\n","protected":false},"excerpt":{"rendered":"<p>\u0130nsan\u0131n en anlaml\u0131 g\u00fcd\u00fcs\u00fc BA\u015eARI Bir varolu\u015f \u00e7abas\u0131 \u00dcreterek yaratarak varolmak. Anlaml\u0131 olan bir ya\u015fam s\u00fcrmek Yaratt\u0131\u011f\u0131 de\u011ferle varolmak. Bilin\u00e7li BA\u015eARI ile ya\u015famak. Bu g\u00fcd\u00fcy\u00fc paraya<span class=\"excerpt-hellip\"> [\u2026]<\/span><\/p>\n","protected":false},"featured_media":0,"template":"","meta":{"_monsterinsights_skip_tracking":false,"_monsterinsights_sitenote_active":false,"_monsterinsights_sitenote_note":"","_monsterinsights_sitenote_category":0},"product_brand":[],"product_cat":[12364,12376],"product_tag":[],"class_list":{"0":"post-713450","1":"product","2":"type-product","3":"status-publish","5":"product_cat-genel-konular","6":"product_cat-kisisel-gelisim","7":"pa_cilt-ciltsiz","8":"pa_tur-kitap","9":"pa_yayinevi-kitap-saati-yayinevi","10":"pa_yazar-erdal-atabek","12":"first","13":"instock","14":"sale","15":"shipping-taxable","16":"purchasable","17":"product-type-simple"},"_links":{"self":[{"href":"https:\/\/roveyayinevi.com.tr\/index.php\/wp-json\/wp\/v2\/product\/713450","targetHints":{"allow":["GET"]}}],"collection":[{"href":"https:\/\/roveyayinevi.com.tr\/index.php\/wp-json\/wp\/v2\/product"}],"about":[{"href":"https:\/\/roveyayinevi.com.tr\/index.php\/wp-json\/wp\/v2\/types\/product"}],"wp:attachment":[{"href":"https:\/\/roveyayinevi.com.tr\/index.php\/wp-json\/wp\/v2\/media?parent=713450"}],"wp:term":[{"taxonomy":"product_brand","embeddable":true,"href":"https:\/\/roveyayinevi.com.tr\/index.php\/wp-json\/wp\/v2\/product_brand?post=713450"},{"taxonomy":"product_cat","embeddable":true,"href":"https:\/\/roveyayinevi.com.tr\/index.php\/wp-json\/wp\/v2\/product_cat?post=713450"},{"taxonomy":"product_tag","embeddable":true,"href":"https:\/\/roveyayinevi.com.tr\/index.php\/wp-json\/wp\/v2\/product_tag?post=713450"}],"curies":[{"name":"wp","href":"https:\/\/api.w.org\/{rel}","templated":true}]}}