{"id":713444,"date":"2025-08-27T17:07:37","date_gmt":"2025-08-27T14:07:37","guid":{"rendered":"https:\/\/roveyayinevi.com.tr\/index.php\/urun\/kulturel-antropoloji-temel-kavramlar\/"},"modified":"2026-04-16T02:21:49","modified_gmt":"2026-04-15T23:21:49","slug":"kulturel-antropoloji-temel-kavramlar","status":"publish","type":"product","link":"https:\/\/roveyayinevi.com.tr\/index.php\/urun\/kulturel-antropoloji-temel-kavramlar\/","title":{"rendered":"K\u00fclt\u00fcrel Antropoloji Temel Kavramlar"},"content":{"rendered":"<p>K\u00fclt\u00fcrel antropolojinin \u00f6nemli isimlerinden olan Robert H. Lavenda ve Emily A. Schultz\u2019un on iki b\u00f6l\u00fcm ve bir ekten olu\u015fan K\u00fclt\u00fcrel Antropoloji: Temel Kavramlar adl\u0131 bu kitab\u0131nda; k\u00fclt\u00fcr, insan\u0131n anlam yaratma s\u00fcreci, dil, din, mit, rit\u00fcel ve akrabal\u0131k gibi kavramlar tarihsel-toplumsal ba\u011flamlar\u0131yla ve antropolojik bak\u0131\u015f a\u00e7\u0131s\u0131yla ele al\u0131nm\u0131\u015ft\u0131r. Sosyal bilimler ve \u00f6zellikle antropoloji ve sosyoloji ile ilgilenenler i\u00e7in temel kaynak niteli\u011findeki bu eserde; ba\u015flang\u0131c\u0131ndan bug\u00fcne kadar antropolojinin bilim olarak nas\u0131l alg\u0131land\u0131\u011f\u0131, k\u00fcreselle\u015fme, teknoloji ve bilim antropolojisi gibi konular ayr\u0131nt\u0131l\u0131 \u015fekilde irdelenmektedir. Kitab\u0131n sonunda verilen etnografya metinlerini yazmak ve okumak konusundaki ek b\u00f6l\u00fcm, saha \u00e7al\u0131\u015fmas\u0131 yap\u0131p metin yazacak veya etnografi metinleri okuyacak ki\u015filer i\u00e7in bir rehber niteli\u011fi ta\u015f\u0131maktad\u0131r. K\u00fclt\u00fcrel antropolojide teori, siyasal ve iktisadi antropoloji ve t\u0131p antropolojisi, cinsellik, cinsiyet ve toplumsal cinsiyet ve toplumsal \u00f6rg\u00fctlenme gibi konular, derinli\u011finden ve zenginli\u011finden bir \u015fey kaybetmeden a\u00e7\u0131k ve anla\u015f\u0131l\u0131r bi\u00e7imde anlat\u0131lm\u0131\u015ft\u0131r. Sosyal ve k\u00fclt\u00fcrel antropoloji disiplinine dair hemen her kavram\u0131n i\u015flendi\u011fi kitap, T\u00fcrkiye\u2019deki antropoloji \u00e7al\u0131\u015fmalar\u0131na \u00f6zg\u00fcn bir katk\u0131 sunmay\u0131 ama\u00e7lamaktad\u0131r. <\/p>\n","protected":false},"excerpt":{"rendered":"<p>K\u00fclt\u00fcrel antropolojinin \u00f6nemli isimlerinden olan Robert H. Lavenda ve Emily A. Schultz\u2019un on iki b\u00f6l\u00fcm ve bir ekten olu\u015fan K\u00fclt\u00fcrel Antropoloji: Temel Kavramlar adl\u0131 bu kitab\u0131nda;<span class=\"excerpt-hellip\"> [\u2026]<\/span><\/p>\n","protected":false},"featured_media":0,"template":"","meta":{"_monsterinsights_skip_tracking":false,"_monsterinsights_sitenote_active":false,"_monsterinsights_sitenote_note":"","_monsterinsights_sitenote_category":0},"product_brand":[],"product_cat":[15499,13488],"product_tag":[],"class_list":{"0":"post-713444","1":"product","2":"type-product","3":"status-publish","5":"product_cat-antropoloji","6":"product_cat-toplum-ve-insan","7":"pa_cilt-ciltsiz","8":"pa_tur-kitap","9":"pa_yayinevi-dogu-bati-yayinlari","10":"pa_yazar-robert-h-lavenda-emily-a-schultz","12":"first","13":"instock","14":"sale","15":"shipping-taxable","16":"purchasable","17":"product-type-simple"},"_links":{"self":[{"href":"https:\/\/roveyayinevi.com.tr\/index.php\/wp-json\/wp\/v2\/product\/713444","targetHints":{"allow":["GET"]}}],"collection":[{"href":"https:\/\/roveyayinevi.com.tr\/index.php\/wp-json\/wp\/v2\/product"}],"about":[{"href":"https:\/\/roveyayinevi.com.tr\/index.php\/wp-json\/wp\/v2\/types\/product"}],"wp:attachment":[{"href":"https:\/\/roveyayinevi.com.tr\/index.php\/wp-json\/wp\/v2\/media?parent=713444"}],"wp:term":[{"taxonomy":"product_brand","embeddable":true,"href":"https:\/\/roveyayinevi.com.tr\/index.php\/wp-json\/wp\/v2\/product_brand?post=713444"},{"taxonomy":"product_cat","embeddable":true,"href":"https:\/\/roveyayinevi.com.tr\/index.php\/wp-json\/wp\/v2\/product_cat?post=713444"},{"taxonomy":"product_tag","embeddable":true,"href":"https:\/\/roveyayinevi.com.tr\/index.php\/wp-json\/wp\/v2\/product_tag?post=713444"}],"curies":[{"name":"wp","href":"https:\/\/api.w.org\/{rel}","templated":true}]}}