{"id":713438,"date":"2025-08-27T17:07:33","date_gmt":"2025-08-27T14:07:33","guid":{"rendered":"https:\/\/roveyayinevi.com.tr\/index.php\/urun\/dr-jekyll-ve-bay-hyde-tuhaf-bir-vaka\/"},"modified":"2026-04-12T02:26:09","modified_gmt":"2026-04-11T23:26:09","slug":"dr-jekyll-ve-bay-hyde-tuhaf-bir-vaka","status":"publish","type":"product","link":"https:\/\/roveyayinevi.com.tr\/index.php\/urun\/dr-jekyll-ve-bay-hyde-tuhaf-bir-vaka\/","title":{"rendered":"Dr. Jekyll ve Bay Hyde Tuhaf Bir Vaka"},"content":{"rendered":"<p>Dr. Jeykll ve Bay Hyde modern edebiyat\u0131n en \u00fcnl\u00fc yap\u0131tlar\u0131ndan birisidir. \u0130sko\u00e7 yazar\u0131n 1886 y\u0131l\u0131nda yazd\u0131\u011f\u0131 bu gotik k\u0131sa roman\u0131n, tiyatro oyunlar\u0131ndan, televizyon dizilerine ve filmlere kadar y\u00fcz yirminin \u00fczerinde uyarlamas\u0131 bulunmaktad\u0131r. Ayr\u0131ca pek \u00e7ok romana ve \u00f6yk\u00fcye ve kurmaca karaktere esin kayna\u011f\u0131 olmu\u015ftur. Gabriel John Utterson ad\u0131nda tuhaf olaylar\u0131 ara\u015ft\u0131ran Londral\u0131 bir avukat ile eski dostu Dr. Henry Jekyll ile onun \u00e7ifte karakteri k\u00f6t\u00fc Edward Hyde\u2019\u0131n \u00f6yk\u00fcs\u00fcn\u00fc anlat\u0131r. Uzun s\u00fcreli bir etkiye sahip olan bu yap\u0131t b\u00fcy\u00fck yank\u0131 uyand\u0131rm\u0131\u015ft\u0131r. Kitab\u0131n yaz\u0131lmas\u0131n\u0131n ilgin\u00e7 bir \u00f6yk\u00fcs\u00fc de vard\u0131r: Stevenson vereme yakalanm\u0131\u015f, ate\u015fler i\u00e7inde k\u0131vran\u0131rken derin bir uykuya dalm\u0131\u015ft\u0131r. Kar\u0131s\u0131 Fanny, Stevenson\u2019u uyand\u0131r\u0131nca bu s\u0131rada kendinden ge\u00e7mi\u015f olan yazar \u00f6fkelenir. Uyand\u0131\u011f\u0131nda ilk birka\u00e7 sahne ve \u00f6zellikle de ilk d\u00f6n\u00fc\u015f\u00fcm sahnesi h\u00e2l\u00e2 t\u00fcm canl\u0131l\u0131\u011f\u0131yla akl\u0131nda oldu\u011fundan hemen kalem k\u00e2\u011f\u0131da sar\u0131larak bunlar\u0131 not al\u0131r. \u00dcnl\u00fc ve tarih\u00ee ki\u015filerin a\u00e7\u0131klamalar\u0131n\u0131 d\u00f6n\u00fc\u015ft\u00fcrerek ortaya \u00e7\u0131karaca\u011f\u0131 ba\u015fyap\u0131tlar\u0131ndan birinin ana tasla\u011f\u0131 art\u0131k haz\u0131rd\u0131r. <\/p>\n","protected":false},"excerpt":{"rendered":"<p>Dr. Jeykll ve Bay Hyde modern edebiyat\u0131n en \u00fcnl\u00fc yap\u0131tlar\u0131ndan birisidir. \u0130sko\u00e7 yazar\u0131n 1886 y\u0131l\u0131nda yazd\u0131\u011f\u0131 bu gotik k\u0131sa roman\u0131n, tiyatro oyunlar\u0131ndan, televizyon dizilerine ve filmlere<span class=\"excerpt-hellip\"> [\u2026]<\/span><\/p>\n","protected":false},"featured_media":0,"template":"","meta":{"_monsterinsights_skip_tracking":false,"_monsterinsights_sitenote_active":false,"_monsterinsights_sitenote_note":"","_monsterinsights_sitenote_category":0},"product_brand":[],"product_cat":[12291,12711],"product_tag":[],"class_list":{"0":"post-713438","1":"product","2":"type-product","3":"status-publish","5":"product_cat-edebiyat","6":"product_cat-roman-oyku","7":"pa_cilt-ciltsiz","8":"pa_tur-kitap","9":"pa_yayinevi-dogu-bati-yayinlari","10":"pa_yazar-robert-louis-stevenson","12":"first","13":"instock","14":"sale","15":"shipping-taxable","16":"purchasable","17":"product-type-simple"},"_links":{"self":[{"href":"https:\/\/roveyayinevi.com.tr\/index.php\/wp-json\/wp\/v2\/product\/713438","targetHints":{"allow":["GET"]}}],"collection":[{"href":"https:\/\/roveyayinevi.com.tr\/index.php\/wp-json\/wp\/v2\/product"}],"about":[{"href":"https:\/\/roveyayinevi.com.tr\/index.php\/wp-json\/wp\/v2\/types\/product"}],"wp:attachment":[{"href":"https:\/\/roveyayinevi.com.tr\/index.php\/wp-json\/wp\/v2\/media?parent=713438"}],"wp:term":[{"taxonomy":"product_brand","embeddable":true,"href":"https:\/\/roveyayinevi.com.tr\/index.php\/wp-json\/wp\/v2\/product_brand?post=713438"},{"taxonomy":"product_cat","embeddable":true,"href":"https:\/\/roveyayinevi.com.tr\/index.php\/wp-json\/wp\/v2\/product_cat?post=713438"},{"taxonomy":"product_tag","embeddable":true,"href":"https:\/\/roveyayinevi.com.tr\/index.php\/wp-json\/wp\/v2\/product_tag?post=713438"}],"curies":[{"name":"wp","href":"https:\/\/api.w.org\/{rel}","templated":true}]}}