{"id":713430,"date":"2025-08-27T17:07:22","date_gmt":"2025-08-27T14:07:22","guid":{"rendered":"https:\/\/roveyayinevi.com.tr\/index.php\/urun\/a-takimi-kopek-otelinde-donen-dolaplar-iz-surucu-kopekler-dizisi-9\/"},"modified":"2026-04-16T02:21:49","modified_gmt":"2026-04-15T23:21:49","slug":"a-takimi-kopek-otelinde-donen-dolaplar-iz-surucu-kopekler-dizisi-9","status":"publish","type":"product","link":"https:\/\/roveyayinevi.com.tr\/index.php\/urun\/a-takimi-kopek-otelinde-donen-dolaplar-iz-surucu-kopekler-dizisi-9\/","title":{"rendered":"A Tak\u0131m\u0131 &#8211; K\u00f6pek Otelinde D\u00f6nen Dolaplar &#8211; \u0130z S\u00fcr\u00fcc\u00fc K\u00f6pekler Dizisi 9"},"content":{"rendered":"<p>Kitap dostu, okuma tutkunu \u00e7ocuklar\u0131m, sayfalar\u0131 resimlerle bezenmi\u015f, on kitapl\u0131k A Tak\u0131m\u0131 \u0130z S\u00fcr\u00fcc\u00fc K\u00f6pekler Dizisi\u2019ni okuyanlar \u00f6ylesine mutlu ki! \u0130mza g\u00fcnlerimde, bu kitaplarla ilgili g\u00f6r\u00fc\u015flerini benimle payla\u015fmaktan kendilerini alam\u0131yorlar. \u201cBu kitaplar, bizi hi\u00e7 bilmedi\u011fimiz ortamlara g\u00f6t\u00fcrd\u00fc. Sevgi ve co\u015fku dolu, y\u00fcrek- lere dokunan ve alabildi\u011fine \u015fa\u015f\u0131rt\u0131c\u0131 nice olaylar\u0131, ger\u00e7ek- ten ya\u015fam\u0131\u015f gibi olduk. Ancak Karabey\u2019in Sibirya tilkisi genlerini ta\u015f\u0131yan yavrusu ka\u00e7\u0131r\u0131l\u0131nca dayan\u0131lmaz kayg\u0131lara kap\u0131ld\u0131k. Casusluk e\u011fitimi alan Samur Kuyruk, k\u00f6pek oteline konuk olarak girdi. Orada kalan k\u00f6peklere yap\u0131lan k\u00f6t\u00fcl\u00fckle- ri; derisinin alt\u0131na gizlenen, ses ve g\u00f6r\u00fcnt\u00fc kaydeden ara\u00e7larla birer birer saptad\u0131. \u00d6yle bir sevindi ki! Hatta Samur Kuyruk\u2019un, \u015eanl\u0131urfa \u2014 G\u00f6beklitepe kaz\u0131 alan\u0131nda h\u0131rs\u0131z yakalama \u00f6yk\u00fcs\u00fcn\u00fc okurken neredeyse y\u00fcre\u011fimiz a\u011fz\u0131m\u0131za geliyordu.\u201d diyorlar. A Tak\u0131m\u0131\u2019n\u0131n birbirinden heyecanl\u0131 ser\u00fcvenleri devam ediyor&#8230; \ufffcTan\u0131t\u0131m Metni<\/p>\n","protected":false},"excerpt":{"rendered":"<p>Kitap dostu, okuma tutkunu \u00e7ocuklar\u0131m, sayfalar\u0131 resimlerle bezenmi\u015f, on kitapl\u0131k A Tak\u0131m\u0131 \u0130z S\u00fcr\u00fcc\u00fc K\u00f6pekler Dizisi\u2019ni okuyanlar \u00f6ylesine mutlu ki! \u0130mza g\u00fcnlerimde, bu kitaplarla ilgili g\u00f6r\u00fc\u015flerini<span class=\"excerpt-hellip\"> [\u2026]<\/span><\/p>\n","protected":false},"featured_media":0,"template":"","meta":{"_monsterinsights_skip_tracking":false,"_monsterinsights_sitenote_active":false,"_monsterinsights_sitenote_note":"","_monsterinsights_sitenote_category":0},"product_brand":[],"product_cat":[12275,12274],"product_tag":[],"class_list":{"0":"post-713430","1":"product","2":"type-product","3":"status-publish","5":"product_cat-6-12-yas-kitaplari","6":"product_cat-cocuk-ve-genclik-kitaplari","7":"pa_cilt-ciltsiz","8":"pa_tur-kitap","9":"pa_yayinevi-altin-kitaplar-cocuk-kitaplari","10":"pa_yazar-gulten-dayioglu","12":"first","13":"instock","14":"sale","15":"shipping-taxable","16":"purchasable","17":"product-type-simple"},"_links":{"self":[{"href":"https:\/\/roveyayinevi.com.tr\/index.php\/wp-json\/wp\/v2\/product\/713430","targetHints":{"allow":["GET"]}}],"collection":[{"href":"https:\/\/roveyayinevi.com.tr\/index.php\/wp-json\/wp\/v2\/product"}],"about":[{"href":"https:\/\/roveyayinevi.com.tr\/index.php\/wp-json\/wp\/v2\/types\/product"}],"wp:attachment":[{"href":"https:\/\/roveyayinevi.com.tr\/index.php\/wp-json\/wp\/v2\/media?parent=713430"}],"wp:term":[{"taxonomy":"product_brand","embeddable":true,"href":"https:\/\/roveyayinevi.com.tr\/index.php\/wp-json\/wp\/v2\/product_brand?post=713430"},{"taxonomy":"product_cat","embeddable":true,"href":"https:\/\/roveyayinevi.com.tr\/index.php\/wp-json\/wp\/v2\/product_cat?post=713430"},{"taxonomy":"product_tag","embeddable":true,"href":"https:\/\/roveyayinevi.com.tr\/index.php\/wp-json\/wp\/v2\/product_tag?post=713430"}],"curies":[{"name":"wp","href":"https:\/\/api.w.org\/{rel}","templated":true}]}}