{"id":713410,"date":"2025-08-27T17:07:11","date_gmt":"2025-08-27T14:07:11","guid":{"rendered":"https:\/\/roveyayinevi.com.tr\/index.php\/urun\/iki-renkli-muhallebi\/"},"modified":"2026-04-16T02:21:49","modified_gmt":"2026-04-15T23:21:49","slug":"iki-renkli-muhallebi","status":"publish","type":"product","link":"https:\/\/roveyayinevi.com.tr\/index.php\/urun\/iki-renkli-muhallebi\/","title":{"rendered":"\u0130ki Renkli Muhallebi"},"content":{"rendered":"<p>Hayat\u0131n\u0131z\u0131 bir tatl\u0131ya benzetseniz hangisi olurdu? Ela\u2019n\u0131nki iki renkli muhallebiyi and\u0131r\u0131yor. Farkl\u0131 iki tat s\u0131rt s\u0131rta vermi\u015f, bir arada. T\u0131pk\u0131 annesi ve babas\u0131yla s\u00fcrd\u00fcrd\u00fc\u011f\u00fc iki ayr\u0131 ya\u015fam gibi. Ne yapars\u0131n\u0131z, bazen ikiye b\u00f6l\u00fcn\u00fcverir en sevdi\u011finiz \u015feyler. Ancak h\u00e2l\u00e2 lezzetlidir tad\u0131n\u0131 \u00e7\u0131karmay\u0131 bilirseniz. Yepyeni bir ev, yepyeni bir okul ve arkada\u015flarla Ela\u2019y\u0131 leziz mi leziz anlar bekliyor \u015fimdi. Okul yolu sohbetleri uzad\u0131k\u00e7a uzuyor, 833 d\u00fc\u011fme yarat\u0131c\u0131 projelere el sall\u0131yor, b\u00fcy\u00fcklerin karma\u015f\u0131k d\u00fcnyas\u0131 portakal danslar\u0131yla biraz nefes al\u0131yor\u2026 Ka\u015f\u0131k ka\u015f\u0131k gider bu tatl\u0131 kitap! Tema: Kim oldu\u011fumuz          Kavramlar ve Anahtar S\u00f6zc\u00fckler: Bo\u015fanma, uyum, sorumluluk, ku\u015faklar, deneyimler, ke\u015fif, farkl\u0131l\u0131klar, hayvan haklar\u0131, ili\u015fkiler, bak\u0131\u015f a\u00e7\u0131s\u0131, ilgi alanlar\u0131, duygular, de\u011fi\u015fim, arkada\u015fl\u0131k, \u00f6nyarg\u0131, bat\u0131l inan\u00e7lar Tutumlar: Merak, ho\u015fg\u00f6r\u00fc, de\u011fer bilme Profil \u00d6\u011feleri: Sorgulayan, ileti\u015fim kuran, a\u00e7\u0131k g\u00f6r\u00fc\u015fl\u00fc <\/p>\n","protected":false},"excerpt":{"rendered":"<p>Hayat\u0131n\u0131z\u0131 bir tatl\u0131ya benzetseniz hangisi olurdu? Ela\u2019n\u0131nki iki renkli muhallebiyi and\u0131r\u0131yor. Farkl\u0131 iki tat s\u0131rt s\u0131rta vermi\u015f, bir arada. T\u0131pk\u0131 annesi ve babas\u0131yla s\u00fcrd\u00fcrd\u00fc\u011f\u00fc iki ayr\u0131<span class=\"excerpt-hellip\"> [\u2026]<\/span><\/p>\n","protected":false},"featured_media":0,"template":"","meta":{"_monsterinsights_skip_tracking":false,"_monsterinsights_sitenote_active":false,"_monsterinsights_sitenote_note":"","_monsterinsights_sitenote_category":0},"product_brand":[],"product_cat":[12275,12274],"product_tag":[],"class_list":{"0":"post-713410","1":"product","2":"type-product","3":"status-publish","5":"product_cat-6-12-yas-kitaplari","6":"product_cat-cocuk-ve-genclik-kitaplari","7":"pa_cilt-ciltsiz","8":"pa_tur-kitap","9":"pa_yayinevi-elma-cocuk","10":"pa_yazar-zeynep-rade","12":"first","13":"instock","14":"sale","15":"shipping-taxable","16":"purchasable","17":"product-type-simple"},"_links":{"self":[{"href":"https:\/\/roveyayinevi.com.tr\/index.php\/wp-json\/wp\/v2\/product\/713410","targetHints":{"allow":["GET"]}}],"collection":[{"href":"https:\/\/roveyayinevi.com.tr\/index.php\/wp-json\/wp\/v2\/product"}],"about":[{"href":"https:\/\/roveyayinevi.com.tr\/index.php\/wp-json\/wp\/v2\/types\/product"}],"wp:attachment":[{"href":"https:\/\/roveyayinevi.com.tr\/index.php\/wp-json\/wp\/v2\/media?parent=713410"}],"wp:term":[{"taxonomy":"product_brand","embeddable":true,"href":"https:\/\/roveyayinevi.com.tr\/index.php\/wp-json\/wp\/v2\/product_brand?post=713410"},{"taxonomy":"product_cat","embeddable":true,"href":"https:\/\/roveyayinevi.com.tr\/index.php\/wp-json\/wp\/v2\/product_cat?post=713410"},{"taxonomy":"product_tag","embeddable":true,"href":"https:\/\/roveyayinevi.com.tr\/index.php\/wp-json\/wp\/v2\/product_tag?post=713410"}],"curies":[{"name":"wp","href":"https:\/\/api.w.org\/{rel}","templated":true}]}}