{"id":713393,"date":"2025-08-27T17:07:01","date_gmt":"2025-08-27T14:07:01","guid":{"rendered":"https:\/\/roveyayinevi.com.tr\/index.php\/urun\/kucuk-astronomlar-4-evrenin-dansi\/"},"modified":"2026-04-16T02:21:48","modified_gmt":"2026-04-15T23:21:48","slug":"kucuk-astronomlar-4-evrenin-dansi","status":"publish","type":"product","link":"https:\/\/roveyayinevi.com.tr\/index.php\/urun\/kucuk-astronomlar-4-evrenin-dansi\/","title":{"rendered":"K\u00fc\u00e7\u00fck Astronomlar 4 &#8211; Evrenin Dans\u0131"},"content":{"rendered":"<p>B\u00fcy\u00fck patlama ile ba\u015flayan sonsuz bir hik\u0203ye bu. Atomlar\u0131n valsi, y\u0131ld\u0131zlar\u0131n par\u0131lt\u0131s\u0131yla devam eden.   D\u00fcnya gezegeninde dinlendi\u011fin, ke\u015ffedilmeyi bekleyen galaksilere teleskopunu \u00e7evirdi\u011fin. Sonsuzluk nedir diye sorgulad\u0131\u011f\u0131n. Cern laboratuvar\u0131n\u0131 g\u00f6rme, evrenin bilinmeyen b\u00f6lgelerini g\u00f6zlemleme, kara deliklerin gizemini \u00e7\u00f6zme \u015fans\u0131n olsayd\u0131, sen de Stephen Hawking\u2019e mektup yazar m\u0131yd\u0131n? <\/p>\n","protected":false},"excerpt":{"rendered":"<p>B\u00fcy\u00fck patlama ile ba\u015flayan sonsuz bir hik\u0203ye bu. Atomlar\u0131n valsi, y\u0131ld\u0131zlar\u0131n par\u0131lt\u0131s\u0131yla devam eden. D\u00fcnya gezegeninde dinlendi\u011fin, ke\u015ffedilmeyi bekleyen galaksilere teleskopunu \u00e7evirdi\u011fin. Sonsuzluk nedir diye sorgulad\u0131\u011f\u0131n.<span class=\"excerpt-hellip\"> [\u2026]<\/span><\/p>\n","protected":false},"featured_media":0,"template":"","meta":{"_monsterinsights_skip_tracking":false,"_monsterinsights_sitenote_active":false,"_monsterinsights_sitenote_note":"","_monsterinsights_sitenote_category":0},"product_brand":[],"product_cat":[12291,12711],"product_tag":[],"class_list":{"0":"post-713393","1":"product","2":"type-product","3":"status-publish","5":"product_cat-edebiyat","6":"product_cat-roman-oyku","7":"pa_cilt-ciltli","8":"pa_tur-kitap","9":"pa_yayinevi-epsilon-ozel-urun","10":"pa_yazar-nurdan-bagriacik","12":"first","13":"instock","14":"sale","15":"shipping-taxable","16":"purchasable","17":"product-type-simple"},"_links":{"self":[{"href":"https:\/\/roveyayinevi.com.tr\/index.php\/wp-json\/wp\/v2\/product\/713393","targetHints":{"allow":["GET"]}}],"collection":[{"href":"https:\/\/roveyayinevi.com.tr\/index.php\/wp-json\/wp\/v2\/product"}],"about":[{"href":"https:\/\/roveyayinevi.com.tr\/index.php\/wp-json\/wp\/v2\/types\/product"}],"wp:attachment":[{"href":"https:\/\/roveyayinevi.com.tr\/index.php\/wp-json\/wp\/v2\/media?parent=713393"}],"wp:term":[{"taxonomy":"product_brand","embeddable":true,"href":"https:\/\/roveyayinevi.com.tr\/index.php\/wp-json\/wp\/v2\/product_brand?post=713393"},{"taxonomy":"product_cat","embeddable":true,"href":"https:\/\/roveyayinevi.com.tr\/index.php\/wp-json\/wp\/v2\/product_cat?post=713393"},{"taxonomy":"product_tag","embeddable":true,"href":"https:\/\/roveyayinevi.com.tr\/index.php\/wp-json\/wp\/v2\/product_tag?post=713393"}],"curies":[{"name":"wp","href":"https:\/\/api.w.org\/{rel}","templated":true}]}}