{"id":713377,"date":"2025-08-27T17:06:52","date_gmt":"2025-08-27T14:06:52","guid":{"rendered":"https:\/\/roveyayinevi.com.tr\/index.php\/urun\/ates-dusuyor-ciltli\/"},"modified":"2026-04-16T02:21:48","modified_gmt":"2026-04-15T23:21:48","slug":"ates-dusuyor-ciltli","status":"publish","type":"product","link":"https:\/\/roveyayinevi.com.tr\/index.php\/urun\/ates-dusuyor-ciltli\/","title":{"rendered":"Ate\u015f D\u00fc\u015f\u00fcyor (Ciltli)"},"content":{"rendered":"<p>Asker\u2026 B\u00fcy\u00fcc\u00fc\u2026 Kurtar\u0131c\u0131\u2026 Vhalla Yarl hangisi? Vhalla, Solaris \u0130mparatorlu\u011fu\u2019nun bir mal\u0131 olarak sava\u015fa y\u00fcr\u00fcyordu. \u0130mparator ondan zafer getirmesini, Senato \u00f6lmesini bekliyordu; Vhalla\u2019n\u0131n ise bildi\u011fi tek \u015fey hayat\u0131nda g\u00f6rece\u011fi en b\u00fcy\u00fck sava\u015fa y\u00fcr\u00fcd\u00fc\u011f\u00fcyd\u00fc. Ge\u00e7mi\u015finin hayaletleriyle u\u011fra\u015f\u0131rken, ortaya \u00e7\u0131kan yeni zorluklar son direncini de k\u0131rmakla tehdit ediyordu. Vhalla insanl\u0131\u011f\u0131n\u0131 koruyabilecek miydi? Yoksa ger\u00e7ek anlamda \u0130mparatorun kuklas\u0131 m\u0131 olacakt\u0131? \u201cBu kitap ba\u015ftan sona inan\u0131lmazd\u0131. Kalbimi yerinden s\u00f6k\u00fcp alm\u0131\u015f olmas\u0131na ra\u011fmen 5 \u00fczerinden 5 veriyorum. Serinin \u00fc\u00e7\u00fcnc\u00fc kitab\u0131n\u0131 iple \u00e7ekiyorum!\u201d Nerd Girl Books \u201cSeri, Hava Uyan\u0131yor\u2019dan sonra destans\u0131 bir hik\u00e2yeyle devam ediyor. Bu kitapta her \u015feyin daha fazlas\u0131 var. Daha fazla b\u00fcy\u00fc, g\u00fc\u00e7, arkada\u015fl\u0131k. Ate\u015f D\u00fc\u015f\u00fcyor ba\u015ftan sona haval\u0131 sahnelerle dolu ve beni birden \u00e7ok kez haz\u0131rl\u0131ks\u0131z yakalad\u0131.\u201d Dani Reviews Things <\/p>\n","protected":false},"excerpt":{"rendered":"<p>Asker\u2026 B\u00fcy\u00fcc\u00fc\u2026 Kurtar\u0131c\u0131\u2026 Vhalla Yarl hangisi? Vhalla, Solaris \u0130mparatorlu\u011fu\u2019nun bir mal\u0131 olarak sava\u015fa y\u00fcr\u00fcyordu. \u0130mparator ondan zafer getirmesini, Senato \u00f6lmesini bekliyordu; Vhalla\u2019n\u0131n ise bildi\u011fi tek \u015fey<span class=\"excerpt-hellip\"> [\u2026]<\/span><\/p>\n","protected":false},"featured_media":0,"template":"","meta":{"_monsterinsights_skip_tracking":false,"_monsterinsights_sitenote_active":false,"_monsterinsights_sitenote_note":"","_monsterinsights_sitenote_category":0},"product_brand":[],"product_cat":[12291,14777],"product_tag":[],"class_list":{"0":"post-713377","1":"product","2":"type-product","3":"status-publish","5":"product_cat-edebiyat","6":"product_cat-fantastik","7":"pa_cilt-ciltli","8":"pa_tur-kitap","9":"pa_yayinevi-yabanci-yayinevi","10":"pa_yazar-elise-kova","12":"first","13":"instock","14":"sale","15":"shipping-taxable","16":"purchasable","17":"product-type-simple"},"_links":{"self":[{"href":"https:\/\/roveyayinevi.com.tr\/index.php\/wp-json\/wp\/v2\/product\/713377","targetHints":{"allow":["GET"]}}],"collection":[{"href":"https:\/\/roveyayinevi.com.tr\/index.php\/wp-json\/wp\/v2\/product"}],"about":[{"href":"https:\/\/roveyayinevi.com.tr\/index.php\/wp-json\/wp\/v2\/types\/product"}],"wp:attachment":[{"href":"https:\/\/roveyayinevi.com.tr\/index.php\/wp-json\/wp\/v2\/media?parent=713377"}],"wp:term":[{"taxonomy":"product_brand","embeddable":true,"href":"https:\/\/roveyayinevi.com.tr\/index.php\/wp-json\/wp\/v2\/product_brand?post=713377"},{"taxonomy":"product_cat","embeddable":true,"href":"https:\/\/roveyayinevi.com.tr\/index.php\/wp-json\/wp\/v2\/product_cat?post=713377"},{"taxonomy":"product_tag","embeddable":true,"href":"https:\/\/roveyayinevi.com.tr\/index.php\/wp-json\/wp\/v2\/product_tag?post=713377"}],"curies":[{"name":"wp","href":"https:\/\/api.w.org\/{rel}","templated":true}]}}