{"id":713367,"date":"2025-08-27T17:06:46","date_gmt":"2025-08-27T14:06:46","guid":{"rendered":"https:\/\/roveyayinevi.com.tr\/index.php\/urun\/kiyametten-once-son-defa-belki-bir-ilk-olarak-simdi\/"},"modified":"2026-04-16T02:21:48","modified_gmt":"2026-04-15T23:21:48","slug":"kiyametten-once-son-defa-belki-bir-ilk-olarak-simdi","status":"publish","type":"product","link":"https:\/\/roveyayinevi.com.tr\/index.php\/urun\/kiyametten-once-son-defa-belki-bir-ilk-olarak-simdi\/","title":{"rendered":"K\u0131yametten \u00d6nce Son Defa Belki Bir \u0130lk Olarak \u015eimdi"},"content":{"rendered":"<p>\u015fiir silinirken yery\u00fcz\u00fcnden&#8230; \u015fiirdeki \u0131srar\u0131m\u0131z \u015fundand\u0131r&#8230; \u015fiir biterse! \u2018insan\u2019\u0131n&#8230; o ilk yarat\u0131lan insanla t\u00fcm ba\u011flar\u0131 kopar\u0131lm\u0131\u015f olacakt\u0131r&#8230; ortak \u2018bir\u2019 yery\u00fcz\u00fc tasavvuru kalmayacakt\u0131r&#8230; ve \u2018birlik\u2019 bozulacakt\u0131r&#8230; kelimeler, harfler&#8230; say\u0131lar\u0131n tahakk\u00fcm\u00fcne verilecektir&#8230; \u2018anlam\u2019 hapsedilecektir&#8230; hi\u00e7 kimse! k\u0131y\u0131lar\u0131 terk edip o sonsuz ummana a\u00e7\u0131lamayacakt\u0131r&#8230; yer\u00e7ekiminden kurtulup! g\u00f6klere u\u00e7amayacakt\u0131r&#8230; ruhunu hissedemeyecektir&#8230; Ruhuyla s\u0131rlanamayacakt\u0131r&#8230; Rabbine kavu\u015famayacakt\u0131r&#8230; o soyut dili! cennet dilini unutacakt\u0131r&#8230; g\u00fcnl\u00fck dilin i\u00e7inde hapsolacakt\u0131r! \u015fiir olmazsa e\u011fer! \u2018insan\u2019 kendini bilemeyecektir&#8230; bu k\u0131sac\u0131k d\u00fcnya hayat\u0131n\u0131! belki de her\u015fey sanacakt\u0131r&#8230; oysa! sonsuzdur \u2018hayat\u2019! e\u011fer Rabbine kavu\u015fabilirsen&#8230; ( \u015fiir! t\u00fcm anlamlar\u0131! as\u0131l \u2018m\u00e2n\u00e2\u2019lar\u0131na kavu\u015fturur&#8230; s\u00f6z\u00fc! asl\u0131na d\u00f6nd\u00fcr\u00fcr&#8230; \u00f6zg\u00fcrle\u015ftirir&#8230; ve biricik yapar! insan da biriciktir&#8230; as\u0131l dili onun! k\u00e2inat\u0131n \u2018tevhid\u2019 a\u015fk\u0131ylad\u0131r&#8230; \u015fiirdeki \u0131srar\u0131m\u0131z bundand\u0131r&#8230; d\u00fcnya h\u0131zla \u2018yapay\u2019la\u015f\u0131rken&#8230; \u2018as\u0131l\u2019 kalabilmek i\u00e7indir&#8230; \u2018hakikat\u2019e sahip \u00e7\u0131kar \u015fiir&#8230; ve elbette ki! aslolan \u2018A\u015fk\u2019t\u0131r&#8230; <\/p>\n","protected":false},"excerpt":{"rendered":"<p>\u015fiir silinirken yery\u00fcz\u00fcnden&#8230; \u015fiirdeki \u0131srar\u0131m\u0131z \u015fundand\u0131r&#8230; \u015fiir biterse! \u2018insan\u2019\u0131n&#8230; o ilk yarat\u0131lan insanla t\u00fcm ba\u011flar\u0131 kopar\u0131lm\u0131\u015f olacakt\u0131r&#8230; ortak \u2018bir\u2019 yery\u00fcz\u00fc tasavvuru kalmayacakt\u0131r&#8230; ve \u2018birlik\u2019 bozulacakt\u0131r&#8230; kelimeler,<span class=\"excerpt-hellip\"> [\u2026]<\/span><\/p>\n","protected":false},"featured_media":0,"template":"","meta":{"_monsterinsights_skip_tracking":false,"_monsterinsights_sitenote_active":false,"_monsterinsights_sitenote_note":"","_monsterinsights_sitenote_category":0},"product_brand":[],"product_cat":[12291,12509],"product_tag":[],"class_list":{"0":"post-713367","1":"product","2":"type-product","3":"status-publish","5":"product_cat-edebiyat","6":"product_cat-siir","7":"pa_cilt-ciltli","8":"pa_tur-kitap","9":"pa_yayinevi-hayykitap","10":"pa_yazar-turgay-ozen","12":"first","13":"instock","14":"sale","15":"shipping-taxable","16":"purchasable","17":"product-type-simple"},"_links":{"self":[{"href":"https:\/\/roveyayinevi.com.tr\/index.php\/wp-json\/wp\/v2\/product\/713367","targetHints":{"allow":["GET"]}}],"collection":[{"href":"https:\/\/roveyayinevi.com.tr\/index.php\/wp-json\/wp\/v2\/product"}],"about":[{"href":"https:\/\/roveyayinevi.com.tr\/index.php\/wp-json\/wp\/v2\/types\/product"}],"wp:attachment":[{"href":"https:\/\/roveyayinevi.com.tr\/index.php\/wp-json\/wp\/v2\/media?parent=713367"}],"wp:term":[{"taxonomy":"product_brand","embeddable":true,"href":"https:\/\/roveyayinevi.com.tr\/index.php\/wp-json\/wp\/v2\/product_brand?post=713367"},{"taxonomy":"product_cat","embeddable":true,"href":"https:\/\/roveyayinevi.com.tr\/index.php\/wp-json\/wp\/v2\/product_cat?post=713367"},{"taxonomy":"product_tag","embeddable":true,"href":"https:\/\/roveyayinevi.com.tr\/index.php\/wp-json\/wp\/v2\/product_tag?post=713367"}],"curies":[{"name":"wp","href":"https:\/\/api.w.org\/{rel}","templated":true}]}}