{"id":713361,"date":"2025-08-27T17:06:42","date_gmt":"2025-08-27T14:06:42","guid":{"rendered":"https:\/\/roveyayinevi.com.tr\/index.php\/urun\/hos-nagme\/"},"modified":"2026-01-21T02:36:54","modified_gmt":"2026-01-20T23:36:54","slug":"hos-nagme","status":"publish","type":"product","link":"https:\/\/roveyayinevi.com.tr\/index.php\/urun\/hos-nagme\/","title":{"rendered":"Ho\u015f Na\u011fme"},"content":{"rendered":"<p>Fas as\u0131ll\u0131 Frans\u0131z bir anne olan Myriam, \u00e7ocuklar\u0131n\u0131 bir dad\u0131ya emanet edip avukatl\u0131\u011fa geri d\u00f6nmek istedi\u011finde, kocas\u0131yla beraber en iyisini bulmaya koyulurlar. Louise gibi m\u00fckemmel birine denk gelecekleri ise ak\u0131llar\u0131n\u0131n ucundan ge\u00e7mez. Louise i\u00e7ine kapan\u0131k, nazik, i\u015fine kendini t\u00fcm kalbiyle adayan, \u00e7ocuklar\u0131 da kendine hayran b\u0131rakan biridir. Zaman ilerledik\u00e7e ailenin ve dad\u0131n\u0131n aras\u0131ndaki ba\u011flar giderek g\u00fc\u00e7lenir bir yandan da karma\u015f\u0131kla\u015f\u0131r. Birbirlerine ba\u011f\u0131ml\u0131 hale gelmeleriyle korkun\u00e7 bir trajediye do\u011fru ilerleyen yolun ta\u015flar\u0131 d\u00f6\u015fenmi\u015f olur. Le\u00efla Slimani Fransa\u2019n\u0131n en \u00f6nemli edebiyat \u00f6d\u00fcllerinden Goncourt\u2019u kazand\u0131\u011f\u0131 bu uluslararas\u0131 bestseller roman\u0131nda sevgi ve e\u011fitime dair d\u00fc\u015f\u00fcnceleri, s\u0131n\u0131f ve k\u00fclt\u00fcr bilincine y\u00f6nelik \u00f6nyarg\u0131lar\u0131, para ve tahakk\u00fcm aras\u0131ndaki ili\u015fkiyi sorguluyor. Yazar, keskin kalemi ve karanl\u0131k \u015fiirsel diliyle daha ilk sayfadan trajedi ve gerilim duygusunu insan\u0131n y\u00fcre\u011fine nak\u0131\u015f gibi i\u015fliyor.   \u201cLouise\u2019de evlerinin anahtar\u0131 var, her \u015feyden haberdar, hayatlar\u0131na o kadar i\u015fledi ki, onu oradan \u00e7\u0131karmak imk\u00e2ns\u0131zm\u0131\u015f gibi g\u00f6r\u00fcn\u00fcyor.\u201d <\/p>\n","protected":false},"excerpt":{"rendered":"<p>Fas as\u0131ll\u0131 Frans\u0131z bir anne olan Myriam, \u00e7ocuklar\u0131n\u0131 bir dad\u0131ya emanet edip avukatl\u0131\u011fa geri d\u00f6nmek istedi\u011finde, kocas\u0131yla beraber en iyisini bulmaya koyulurlar. Louise gibi m\u00fckemmel birine<span class=\"excerpt-hellip\"> [\u2026]<\/span><\/p>\n","protected":false},"featured_media":0,"template":"","meta":{"_monsterinsights_skip_tracking":false,"_monsterinsights_sitenote_active":false,"_monsterinsights_sitenote_note":"","_monsterinsights_sitenote_category":0},"product_brand":[],"product_cat":[12291,12711],"product_tag":[],"class_list":{"0":"post-713361","1":"product","2":"type-product","3":"status-publish","5":"product_cat-edebiyat","6":"product_cat-roman-oyku","7":"pa_cilt-ciltsiz","8":"pa_tur-kitap","9":"pa_yayinevi-kirmizi-kedi-yayinevi","10":"pa_yazar-leila-slimani","12":"first","13":"instock","14":"sale","15":"shipping-taxable","16":"purchasable","17":"product-type-simple"},"_links":{"self":[{"href":"https:\/\/roveyayinevi.com.tr\/index.php\/wp-json\/wp\/v2\/product\/713361","targetHints":{"allow":["GET"]}}],"collection":[{"href":"https:\/\/roveyayinevi.com.tr\/index.php\/wp-json\/wp\/v2\/product"}],"about":[{"href":"https:\/\/roveyayinevi.com.tr\/index.php\/wp-json\/wp\/v2\/types\/product"}],"wp:attachment":[{"href":"https:\/\/roveyayinevi.com.tr\/index.php\/wp-json\/wp\/v2\/media?parent=713361"}],"wp:term":[{"taxonomy":"product_brand","embeddable":true,"href":"https:\/\/roveyayinevi.com.tr\/index.php\/wp-json\/wp\/v2\/product_brand?post=713361"},{"taxonomy":"product_cat","embeddable":true,"href":"https:\/\/roveyayinevi.com.tr\/index.php\/wp-json\/wp\/v2\/product_cat?post=713361"},{"taxonomy":"product_tag","embeddable":true,"href":"https:\/\/roveyayinevi.com.tr\/index.php\/wp-json\/wp\/v2\/product_tag?post=713361"}],"curies":[{"name":"wp","href":"https:\/\/api.w.org\/{rel}","templated":true}]}}