{"id":713359,"date":"2025-08-27T17:06:41","date_gmt":"2025-08-27T14:06:41","guid":{"rendered":"https:\/\/roveyayinevi.com.tr\/index.php\/urun\/meger\/"},"modified":"2026-04-16T02:21:48","modified_gmt":"2026-04-15T23:21:48","slug":"meger","status":"publish","type":"product","link":"https:\/\/roveyayinevi.com.tr\/index.php\/urun\/meger\/","title":{"rendered":"\u2026\u2026Me\u011fer!"},"content":{"rendered":"<p>\u201cBa\u015ftan s\u00f6yleyeyim: Bu bir hay\u0131flanma yaz\u0131s\u0131 de\u011fildir. A\u015fkla devrim neredeyse ayn\u0131 g\u00f6z\u00fcmde ama, diyelim ki bunu tek bir c\u00fcmlede s\u00f6ylemek gerekirse kli\u015fe de bellidir: Devrim de a\u015fk gibi hi\u00e7bir zaman pi\u015fmanl\u0131k duymamakt\u0131r.\u201dHaydar Erg\u00fclen \u2026\u2026 Me\u011fer! Darken noktalar\u0131n yerine iyimserli\u011fi, devrimi, merak\u0131, merhametin h\u0131rkas\u0131n\u0131 koyuyor. Paradoks Diyalektika\u2019n\u0131n iki ucunda me\u011fer diyerek her t\u00fcrl\u00fc olas\u0131l\u0131kta, kavramda geziniyor. <\/p>\n","protected":false},"excerpt":{"rendered":"<p>\u201cBa\u015ftan s\u00f6yleyeyim: Bu bir hay\u0131flanma yaz\u0131s\u0131 de\u011fildir. A\u015fkla devrim neredeyse ayn\u0131 g\u00f6z\u00fcmde ama, diyelim ki bunu tek bir c\u00fcmlede s\u00f6ylemek gerekirse kli\u015fe de bellidir: Devrim de<span class=\"excerpt-hellip\"> [\u2026]<\/span><\/p>\n","protected":false},"featured_media":0,"template":"","meta":{"_monsterinsights_skip_tracking":false,"_monsterinsights_sitenote_active":false,"_monsterinsights_sitenote_note":"","_monsterinsights_sitenote_category":0},"product_brand":[],"product_cat":[12291,12292],"product_tag":[],"class_list":{"0":"post-713359","1":"product","2":"type-product","3":"status-publish","5":"product_cat-edebiyat","6":"product_cat-turk-edebiyati","7":"pa_cilt-ciltsiz","8":"pa_tur-kitap","9":"pa_yayinevi-kirmizi-kedi-yayinevi","10":"pa_yazar-haydar-ergulen","12":"first","13":"instock","14":"sale","15":"shipping-taxable","16":"purchasable","17":"product-type-simple"},"_links":{"self":[{"href":"https:\/\/roveyayinevi.com.tr\/index.php\/wp-json\/wp\/v2\/product\/713359","targetHints":{"allow":["GET"]}}],"collection":[{"href":"https:\/\/roveyayinevi.com.tr\/index.php\/wp-json\/wp\/v2\/product"}],"about":[{"href":"https:\/\/roveyayinevi.com.tr\/index.php\/wp-json\/wp\/v2\/types\/product"}],"wp:attachment":[{"href":"https:\/\/roveyayinevi.com.tr\/index.php\/wp-json\/wp\/v2\/media?parent=713359"}],"wp:term":[{"taxonomy":"product_brand","embeddable":true,"href":"https:\/\/roveyayinevi.com.tr\/index.php\/wp-json\/wp\/v2\/product_brand?post=713359"},{"taxonomy":"product_cat","embeddable":true,"href":"https:\/\/roveyayinevi.com.tr\/index.php\/wp-json\/wp\/v2\/product_cat?post=713359"},{"taxonomy":"product_tag","embeddable":true,"href":"https:\/\/roveyayinevi.com.tr\/index.php\/wp-json\/wp\/v2\/product_tag?post=713359"}],"curies":[{"name":"wp","href":"https:\/\/api.w.org\/{rel}","templated":true}]}}