{"id":713337,"date":"2025-08-27T17:06:29","date_gmt":"2025-08-27T14:06:29","guid":{"rendered":"https:\/\/roveyayinevi.com.tr\/index.php\/urun\/sol-yanimda-sen-varsin\/"},"modified":"2026-04-16T02:21:47","modified_gmt":"2026-04-15T23:21:47","slug":"sol-yanimda-sen-varsin","status":"publish","type":"product","link":"https:\/\/roveyayinevi.com.tr\/index.php\/urun\/sol-yanimda-sen-varsin\/","title":{"rendered":"Sol Yan\u0131mda Sen Vars\u0131n"},"content":{"rendered":"<p>Sen hi\u00e7 sevdin mi?DedimKimi, dediKendini, dedimD\u00fc\u015f\u00fcnd\u00fc, d\u00fc\u015f\u00fcnd\u00fcNereden anlad\u0131n, dediKendini sevseydinKendinle bar\u0131\u015f\u0131k olsayd\u0131nBu kadar korkuyu y\u00fcre\u011finde ta\u015f\u0131mazd\u0131n, dedimSustu, ba\u015f\u0131n\u0131 \u00f6n\u00fcne e\u011fdiYutkunduBir \u015feyler demek istediDemediDiyemediEllerimi tuttuG\u00f6zlerini g\u00f6zlerime diktiBana yard\u0131m et, der gibiydiSonra ellerimi yava\u015f\u00e7a b\u0131rakt\u0131Bo\u015falan ellerini g\u00f6zlerine g\u00f6t\u00fcrd\u00fcA\u011fl\u0131yordu <\/p>\n","protected":false},"excerpt":{"rendered":"<p>Sen hi\u00e7 sevdin mi?DedimKimi, dediKendini, dedimD\u00fc\u015f\u00fcnd\u00fc, d\u00fc\u015f\u00fcnd\u00fcNereden anlad\u0131n, dediKendini sevseydinKendinle bar\u0131\u015f\u0131k olsayd\u0131nBu kadar korkuyu y\u00fcre\u011finde ta\u015f\u0131mazd\u0131n, dedimSustu, ba\u015f\u0131n\u0131 \u00f6n\u00fcne e\u011fdiYutkunduBir \u015feyler demek istediDemediDiyemediEllerimi tuttuG\u00f6zlerini g\u00f6zlerime diktiBana<span class=\"excerpt-hellip\"> [\u2026]<\/span><\/p>\n","protected":false},"featured_media":0,"template":"","meta":{"_monsterinsights_skip_tracking":false,"_monsterinsights_sitenote_active":false,"_monsterinsights_sitenote_note":"","_monsterinsights_sitenote_category":0},"product_brand":[],"product_cat":[12291,12509],"product_tag":[],"class_list":{"0":"post-713337","1":"product","2":"type-product","3":"status-publish","5":"product_cat-edebiyat","6":"product_cat-siir","7":"pa_cilt-ciltsiz","8":"pa_tur-kitap","9":"pa_yayinevi-mana-kitap","10":"pa_yazar-seyit-mehmet-sen","12":"first","13":"instock","14":"sale","15":"shipping-taxable","16":"purchasable","17":"product-type-simple"},"_links":{"self":[{"href":"https:\/\/roveyayinevi.com.tr\/index.php\/wp-json\/wp\/v2\/product\/713337","targetHints":{"allow":["GET"]}}],"collection":[{"href":"https:\/\/roveyayinevi.com.tr\/index.php\/wp-json\/wp\/v2\/product"}],"about":[{"href":"https:\/\/roveyayinevi.com.tr\/index.php\/wp-json\/wp\/v2\/types\/product"}],"wp:attachment":[{"href":"https:\/\/roveyayinevi.com.tr\/index.php\/wp-json\/wp\/v2\/media?parent=713337"}],"wp:term":[{"taxonomy":"product_brand","embeddable":true,"href":"https:\/\/roveyayinevi.com.tr\/index.php\/wp-json\/wp\/v2\/product_brand?post=713337"},{"taxonomy":"product_cat","embeddable":true,"href":"https:\/\/roveyayinevi.com.tr\/index.php\/wp-json\/wp\/v2\/product_cat?post=713337"},{"taxonomy":"product_tag","embeddable":true,"href":"https:\/\/roveyayinevi.com.tr\/index.php\/wp-json\/wp\/v2\/product_tag?post=713337"}],"curies":[{"name":"wp","href":"https:\/\/api.w.org\/{rel}","templated":true}]}}