{"id":713328,"date":"2025-08-27T17:06:24","date_gmt":"2025-08-27T14:06:24","guid":{"rendered":"https:\/\/roveyayinevi.com.tr\/index.php\/urun\/kucuk-mozartlar-icin-piyano-metodu\/"},"modified":"2026-04-16T02:21:47","modified_gmt":"2026-04-15T23:21:47","slug":"kucuk-mozartlar-icin-piyano-metodu","status":"publish","type":"product","link":"https:\/\/roveyayinevi.com.tr\/index.php\/urun\/kucuk-mozartlar-icin-piyano-metodu\/","title":{"rendered":"K\u00fc\u00e7\u00fck Mozartlar \u0130\u00e7in Piyano Metodu"},"content":{"rendered":"<p>Bu kitap e\u011flenceli konu anlat\u0131mlar\u0131 oyunlar bulmacalar boyama sayfalar\u0131 ve etkinlikler le dolu olup piyano e\u011fitimine yeni ba\u015flayanlar i\u00e7in keyifli kolay ve h\u0131zl\u0131 bir e\u011fitim hedeflenmi\u015ftir. Uygulanan tekniklerle alan\u0131nda ilk olan bu modern metod d\u00fczenli e\u011fitim alan \u00f6\u011frencilerle 1 y\u0131l boyunca denenmi\u015f ve ba\u015far\u0131l\u0131 bulunmu\u015ftur. Piyanoya h\u0131zl\u0131 ve etkili bir ba\u015flang\u0131c\u0131 garanti etmektedir. <\/p>\n","protected":false},"excerpt":{"rendered":"<p>Bu kitap e\u011flenceli konu anlat\u0131mlar\u0131 oyunlar bulmacalar boyama sayfalar\u0131 ve etkinlikler le dolu olup piyano e\u011fitimine yeni ba\u015flayanlar i\u00e7in keyifli kolay ve h\u0131zl\u0131 bir e\u011fitim hedeflenmi\u015ftir.<span class=\"excerpt-hellip\"> [\u2026]<\/span><\/p>\n","protected":false},"featured_media":0,"template":"","meta":{"_monsterinsights_skip_tracking":false,"_monsterinsights_sitenote_active":false,"_monsterinsights_sitenote_note":"","_monsterinsights_sitenote_category":0},"product_brand":[],"product_cat":[14556,14557],"product_tag":[],"class_list":{"0":"post-713328","1":"product","2":"type-product","3":"status-publish","5":"product_cat-muzik","6":"product_cat-nota-kitaplari","7":"pa_cilt-ciltsiz","8":"pa_tur-kitap","9":"pa_yayinevi-katre-muzik-okulu-yayinlari","10":"pa_yazar-goksen-tosuner","12":"first","13":"instock","14":"sale","15":"shipping-taxable","16":"purchasable","17":"product-type-simple"},"_links":{"self":[{"href":"https:\/\/roveyayinevi.com.tr\/index.php\/wp-json\/wp\/v2\/product\/713328","targetHints":{"allow":["GET"]}}],"collection":[{"href":"https:\/\/roveyayinevi.com.tr\/index.php\/wp-json\/wp\/v2\/product"}],"about":[{"href":"https:\/\/roveyayinevi.com.tr\/index.php\/wp-json\/wp\/v2\/types\/product"}],"wp:attachment":[{"href":"https:\/\/roveyayinevi.com.tr\/index.php\/wp-json\/wp\/v2\/media?parent=713328"}],"wp:term":[{"taxonomy":"product_brand","embeddable":true,"href":"https:\/\/roveyayinevi.com.tr\/index.php\/wp-json\/wp\/v2\/product_brand?post=713328"},{"taxonomy":"product_cat","embeddable":true,"href":"https:\/\/roveyayinevi.com.tr\/index.php\/wp-json\/wp\/v2\/product_cat?post=713328"},{"taxonomy":"product_tag","embeddable":true,"href":"https:\/\/roveyayinevi.com.tr\/index.php\/wp-json\/wp\/v2\/product_tag?post=713328"}],"curies":[{"name":"wp","href":"https:\/\/api.w.org\/{rel}","templated":true}]}}