{"id":713327,"date":"2025-08-27T17:06:23","date_gmt":"2025-08-27T14:06:23","guid":{"rendered":"https:\/\/roveyayinevi.com.tr\/index.php\/urun\/siniftaki-afacan-atilin-maceralari-1\/"},"modified":"2026-04-16T02:21:47","modified_gmt":"2026-04-15T23:21:47","slug":"siniftaki-afacan-atilin-maceralari-1","status":"publish","type":"product","link":"https:\/\/roveyayinevi.com.tr\/index.php\/urun\/siniftaki-afacan-atilin-maceralari-1\/","title":{"rendered":"S\u0131n\u0131ftaki Afacan &#8211; At\u0131l&#8217;\u0131n Maceralar\u0131 1"},"content":{"rendered":"<p>Zeki ve arkada\u015f canl\u0131s\u0131 olmas\u0131na kar\u015f\u0131n haylaz bir \u00e7ocuk At\u0131l. Hem de son derece!.. Bu bazen, onu seven ve ona g\u00fcvenen arkada\u015flar\u0131 ve \u00f6\u011fretmeniyle aras\u0131nda sorunlar yaratsa da s\u0131navlara haz\u0131rlan\u0131rken bir yandan da \u00e7ocuklu\u011funu ya\u015famak istiyor. K\u00fc\u00e7\u00fck haylazl\u0131klar\u0131 s\u0131n\u0131rlar\u0131 zorlarken, hatalar\u0131ndan ders \u00e7\u0131karmay\u0131 da ihmal etmiyor.  Yeni geldi\u011fi Cumhuriyet \u0130lkokulu\u2019ndaki be\u015finci s\u0131n\u0131f arkada\u015flar\u0131yla tan\u0131\u015fmak i\u00e7in At\u0131l\u2019\u0131n kulland\u0131\u011f\u0131 y\u00f6ntem tabii ki haylazl\u0131k. S\u0131n\u0131fa giren e\u015fek ar\u0131lar\u0131, erken \u00e7alan teneff\u00fcs zilleri ve bir t\u00fcrl\u00fc bulunamayan \u015fakac\u0131! Acaba At\u0131l\u2019\u0131 nas\u0131l bir son bekliyor? <\/p>\n","protected":false},"excerpt":{"rendered":"<p>Zeki ve arkada\u015f canl\u0131s\u0131 olmas\u0131na kar\u015f\u0131n haylaz bir \u00e7ocuk At\u0131l. Hem de son derece!.. Bu bazen, onu seven ve ona g\u00fcvenen arkada\u015flar\u0131 ve \u00f6\u011fretmeniyle aras\u0131nda sorunlar<span class=\"excerpt-hellip\"> [\u2026]<\/span><\/p>\n","protected":false},"featured_media":0,"template":"","meta":{"_monsterinsights_skip_tracking":false,"_monsterinsights_sitenote_active":false,"_monsterinsights_sitenote_note":"","_monsterinsights_sitenote_category":0},"product_brand":[],"product_cat":[12275,12274],"product_tag":[],"class_list":{"0":"post-713327","1":"product","2":"type-product","3":"status-publish","5":"product_cat-6-12-yas-kitaplari","6":"product_cat-cocuk-ve-genclik-kitaplari","7":"pa_cilt-ciltsiz","8":"pa_tur-kitap","9":"pa_yayinevi-nemesis-kitap","10":"pa_yazar-ibrahim-ors","12":"first","13":"instock","14":"sale","15":"shipping-taxable","16":"purchasable","17":"product-type-simple"},"_links":{"self":[{"href":"https:\/\/roveyayinevi.com.tr\/index.php\/wp-json\/wp\/v2\/product\/713327","targetHints":{"allow":["GET"]}}],"collection":[{"href":"https:\/\/roveyayinevi.com.tr\/index.php\/wp-json\/wp\/v2\/product"}],"about":[{"href":"https:\/\/roveyayinevi.com.tr\/index.php\/wp-json\/wp\/v2\/types\/product"}],"wp:attachment":[{"href":"https:\/\/roveyayinevi.com.tr\/index.php\/wp-json\/wp\/v2\/media?parent=713327"}],"wp:term":[{"taxonomy":"product_brand","embeddable":true,"href":"https:\/\/roveyayinevi.com.tr\/index.php\/wp-json\/wp\/v2\/product_brand?post=713327"},{"taxonomy":"product_cat","embeddable":true,"href":"https:\/\/roveyayinevi.com.tr\/index.php\/wp-json\/wp\/v2\/product_cat?post=713327"},{"taxonomy":"product_tag","embeddable":true,"href":"https:\/\/roveyayinevi.com.tr\/index.php\/wp-json\/wp\/v2\/product_tag?post=713327"}],"curies":[{"name":"wp","href":"https:\/\/api.w.org\/{rel}","templated":true}]}}