{"id":713317,"date":"2025-08-27T17:06:17","date_gmt":"2025-08-27T14:06:17","guid":{"rendered":"https:\/\/roveyayinevi.com.tr\/index.php\/urun\/40-soruda-postmodern-edebiyat\/"},"modified":"2026-04-16T02:21:47","modified_gmt":"2026-04-15T23:21:47","slug":"40-soruda-postmodern-edebiyat","status":"publish","type":"product","link":"https:\/\/roveyayinevi.com.tr\/index.php\/urun\/40-soruda-postmodern-edebiyat\/","title":{"rendered":"40 Soruda Postmodern Edebiyat"},"content":{"rendered":"<p>Postmodern nedir? Modern \u00f6tesi, sonras\u0131 m\u0131d\u0131r? Bir \u00e7e\u015fit ge\u00e7 modernizm midir ya da? S\u00f6zl\u00fck anlam\u0131ndan bir ad\u0131m \u00f6teye ge\u00e7meye \u00e7al\u0131\u015ft\u0131\u011f\u0131n\u0131zda, kavram\u0131n, onu tan\u0131mlamaya \u00e7al\u0131\u015fan her ki\u015fiye g\u00f6re de\u011fi\u015fti\u011fini, farkl\u0131la\u015ft\u0131\u011f\u0131n\u0131 g\u00f6r\u00fcyoruz. Daha da garibi, halihaz\u0131rdaki tan\u0131m karma\u015fas\u0131n\u0131 pekala, ironik bir \u015fekilde kavram\u0131n kendisiyle de uyumlu sayabiliriz.Bu kitap, 40 temel soruyla bir yandan postmodern&#8217;in, felsefe, ekonomi, siyaset, teknoloji ile ilgisini ara\u015ft\u0131r\u0131rken bir yandan da postmodern edebiyat\u0131n d\u00fcnyada ve T\u00fcrkiye&#8217;deki tarihsel seyrini; kavramsal \u00e7er\u00e7evesini; T\u00fcrk edebiyat\u0131na \u00f6zellikle \u00f6yk\u00fc ve roman ba\u011flam\u0131nda etkisini ve postmodernist edebiyat eserlerinin hangi ele\u015ftiri \u00f6l\u00e7\u00fctleri i\u00e7inde incelenebilece\u011fini ara\u015ft\u0131r\u0131yor. <\/p>\n","protected":false},"excerpt":{"rendered":"<p>Postmodern nedir? Modern \u00f6tesi, sonras\u0131 m\u0131d\u0131r? Bir \u00e7e\u015fit ge\u00e7 modernizm midir ya da? S\u00f6zl\u00fck anlam\u0131ndan bir ad\u0131m \u00f6teye ge\u00e7meye \u00e7al\u0131\u015ft\u0131\u011f\u0131n\u0131zda, kavram\u0131n, onu tan\u0131mlamaya \u00e7al\u0131\u015fan her ki\u015fiye<span class=\"excerpt-hellip\"> [\u2026]<\/span><\/p>\n","protected":false},"featured_media":0,"template":"","meta":{"_monsterinsights_skip_tracking":false,"_monsterinsights_sitenote_active":false,"_monsterinsights_sitenote_note":"","_monsterinsights_sitenote_category":0},"product_brand":[],"product_cat":[13072,12291],"product_tag":[],"class_list":{"0":"post-713317","1":"product","2":"type-product","3":"status-publish","5":"product_cat-arastirma-inceleme-referans","6":"product_cat-edebiyat","7":"pa_cilt-ciltsiz","8":"pa_tur-kitap","9":"pa_yayinevi-ketebe-yayinlari","10":"pa_yazar-ertan-orgen","12":"first","13":"instock","14":"sale","15":"shipping-taxable","16":"purchasable","17":"product-type-simple"},"_links":{"self":[{"href":"https:\/\/roveyayinevi.com.tr\/index.php\/wp-json\/wp\/v2\/product\/713317","targetHints":{"allow":["GET"]}}],"collection":[{"href":"https:\/\/roveyayinevi.com.tr\/index.php\/wp-json\/wp\/v2\/product"}],"about":[{"href":"https:\/\/roveyayinevi.com.tr\/index.php\/wp-json\/wp\/v2\/types\/product"}],"wp:attachment":[{"href":"https:\/\/roveyayinevi.com.tr\/index.php\/wp-json\/wp\/v2\/media?parent=713317"}],"wp:term":[{"taxonomy":"product_brand","embeddable":true,"href":"https:\/\/roveyayinevi.com.tr\/index.php\/wp-json\/wp\/v2\/product_brand?post=713317"},{"taxonomy":"product_cat","embeddable":true,"href":"https:\/\/roveyayinevi.com.tr\/index.php\/wp-json\/wp\/v2\/product_cat?post=713317"},{"taxonomy":"product_tag","embeddable":true,"href":"https:\/\/roveyayinevi.com.tr\/index.php\/wp-json\/wp\/v2\/product_tag?post=713317"}],"curies":[{"name":"wp","href":"https:\/\/api.w.org\/{rel}","templated":true}]}}