{"id":713302,"date":"2025-08-27T17:06:09","date_gmt":"2025-08-27T14:06:09","guid":{"rendered":"https:\/\/roveyayinevi.com.tr\/index.php\/urun\/ergen-erkekler-yalniz-kadinlar\/"},"modified":"2026-04-16T02:21:46","modified_gmt":"2026-04-15T23:21:46","slug":"ergen-erkekler-yalniz-kadinlar","status":"publish","type":"product","link":"https:\/\/roveyayinevi.com.tr\/index.php\/urun\/ergen-erkekler-yalniz-kadinlar\/","title":{"rendered":"Ergen Erkekler Yaln\u0131z Kad\u0131nlar"},"content":{"rendered":"<p>Bir a\u015fk\u0131n anatomisi\u2026 Kumrucum, bug\u00fcn bir yanl\u0131\u015f anla\u015f\u0131lma olmu\u015f. Kumrucum,otur bir dinle&#8230; Kumrucum, neden oturmuyorsun?Ben bu k\u0131z\u0131 tan\u0131mam etmem. Niyeti bozuk bu k\u0131z\u0131n. Allah bilir sana yalan yanl\u0131\u015f ne anlatt\u0131, sen de inand\u0131n.Bize kesinlikle nazar de\u011fdi. Zaten \u00f6yle olsa burada neden duray\u0131m. Onu sevsem ona giderdim. Sen beni burada zorla m\u0131 tutuyorsun? L\u00fctfen bir \u015fey s\u00f6yle!Ben ne yap\u0131yorsam sizin i\u00e7in. Senin i\u00e7in, \u00e7ocuklar\u0131m i\u00e7in. Ben bir fedak\u00e2r\u0131m, ben bir cefak\u00e2r\u0131m&#8230; Bir komploya kurban gittim&#8230;Kumrucum, anl\u0131yorsun de\u011fil mi? \u00c7ocuklar\u0131m olmadan, sen olmadan ben \u00f6l\u00fcr\u00fcm&#8230;\u015eevket konu\u015fuyor Kumru dinliyor. \u0130kisinin b\u00fcy\u00fck a\u015fk\u0131 \u00f6nce evlili\u011fin t\u00f6rp\u00fcs\u00fcnden ge\u00e7ti, sonra aldatmayla duvara toslad\u0131. Bakal\u0131m evlilikleri bu s\u0131nav\u0131 ge\u00e7ecek mi? A\u015fk (kald\u0131ysa) her \u015feyi affedecek mi? Ergen Erkekler Yaln\u0131z Kad\u0131nlar\u2019da Aynur Tartan bir a\u015fk\u0131n, bir evlili\u011fin anatomisini \u00e7\u0131kar\u0131yor. \u015eimdiye dek denenmemi\u015f bu kurguda ona alan\u0131nda yetkin d\u00f6rt uzman, psikolog Perran S\u00f6\u011f\u00fctl\u00fc, n\u00f6roloji uzman\u0131 Timur Y\u0131lmaz, psikolog, aile ve evlilik <\/p>\n","protected":false},"excerpt":{"rendered":"<p>Bir a\u015fk\u0131n anatomisi\u2026 Kumrucum, bug\u00fcn bir yanl\u0131\u015f anla\u015f\u0131lma olmu\u015f. Kumrucum,otur bir dinle&#8230; Kumrucum, neden oturmuyorsun?Ben bu k\u0131z\u0131 tan\u0131mam etmem. Niyeti bozuk bu k\u0131z\u0131n. Allah bilir sana<span class=\"excerpt-hellip\"> [\u2026]<\/span><\/p>\n","protected":false},"featured_media":0,"template":"","meta":{"_monsterinsights_skip_tracking":false,"_monsterinsights_sitenote_active":false,"_monsterinsights_sitenote_note":"","_monsterinsights_sitenote_category":0},"product_brand":[],"product_cat":[18545,12291],"product_tag":[],"class_list":{"0":"post-713302","1":"product","2":"type-product","3":"status-publish","5":"product_cat-anlati","6":"product_cat-edebiyat","7":"pa_cilt-ciltsiz","8":"pa_tur-kitap","9":"pa_yayinevi-dogan-novus","10":"pa_yazar-aynur-tartan","12":"first","13":"instock","14":"sale","15":"shipping-taxable","16":"purchasable","17":"product-type-simple"},"_links":{"self":[{"href":"https:\/\/roveyayinevi.com.tr\/index.php\/wp-json\/wp\/v2\/product\/713302","targetHints":{"allow":["GET"]}}],"collection":[{"href":"https:\/\/roveyayinevi.com.tr\/index.php\/wp-json\/wp\/v2\/product"}],"about":[{"href":"https:\/\/roveyayinevi.com.tr\/index.php\/wp-json\/wp\/v2\/types\/product"}],"wp:attachment":[{"href":"https:\/\/roveyayinevi.com.tr\/index.php\/wp-json\/wp\/v2\/media?parent=713302"}],"wp:term":[{"taxonomy":"product_brand","embeddable":true,"href":"https:\/\/roveyayinevi.com.tr\/index.php\/wp-json\/wp\/v2\/product_brand?post=713302"},{"taxonomy":"product_cat","embeddable":true,"href":"https:\/\/roveyayinevi.com.tr\/index.php\/wp-json\/wp\/v2\/product_cat?post=713302"},{"taxonomy":"product_tag","embeddable":true,"href":"https:\/\/roveyayinevi.com.tr\/index.php\/wp-json\/wp\/v2\/product_tag?post=713302"}],"curies":[{"name":"wp","href":"https:\/\/api.w.org\/{rel}","templated":true}]}}