{"id":713297,"date":"2025-08-27T17:06:06","date_gmt":"2025-08-27T14:06:06","guid":{"rendered":"https:\/\/roveyayinevi.com.tr\/index.php\/urun\/beynimiz-neyse-biz-oyuz-anne-karnindan-alzheimera-beynin-norobiyografisi\/"},"modified":"2026-01-29T02:39:31","modified_gmt":"2026-01-28T23:39:31","slug":"beynimiz-neyse-biz-oyuz-anne-karnindan-alzheimera-beynin-norobiyografisi","status":"publish","type":"product","link":"https:\/\/roveyayinevi.com.tr\/index.php\/urun\/beynimiz-neyse-biz-oyuz-anne-karnindan-alzheimera-beynin-norobiyografisi\/","title":{"rendered":"Beynimiz Neyse Biz Oyuz \u2013 Anne Karn\u0131ndan Alzheimer&#8217;a Beynin N\u00f6robiyografisi"},"content":{"rendered":"<p>\u00c7\u0131\u011f\u0131r a\u00e7an yeni ara\u015ft\u0131rmalara dayanan Beynimiz Neyse Biz Oyuz, insan beyninin bebeklik evresinden yeti\u015fkinli\u011fe ve ya\u015fl\u0131l\u0131k g\u00fcnlerine uzanan biyografisini sunuyor. \u00dcnl\u00fc beyin ara\u015ft\u0131rmac\u0131s\u0131 Dick Swaab bizi potansiyelimizi, s\u0131n\u0131rlar\u0131m\u0131z\u0131 ve isteklerimizi belirleyen beynimizin k\u0131vr\u0131mlar\u0131 aras\u0131nda heyecan verici bir gezintiye \u00e7\u0131kar\u0131yor. Kendisini beynin yap\u0131s\u0131 \u00fczerindeki biyolojik kavray\u0131\u015f\u0131m\u0131zla s\u0131n\u0131rland\u0131rmayan Swaab, beyinle ilgili tart\u0131\u015fmal\u0131 konulara da de\u011finiyor ve pek \u00e7ok konudaki etik savlar\u0131n\u0131 da okuyucusuna sunuyor. T\u00fcm d\u00fcnyada \u00e7ok satanlar listelerine girmeyi ba\u015faran Beynimiz Neyse Biz Oyuz, v\u00fccudumuzun en gizemli organ\u0131 olan beynimizi daha iyi anlamam\u0131z\u0131 m\u00fcmk\u00fcn k\u0131lacak. \u2022             Hamileli\u011fin baban\u0131n beynini de etkiliyor oldu\u011funu, \u2022             Sona eren bir a\u015fk ili\u015fkisinin ard\u0131ndan ortaya \u00e7\u0131kan semptomlar\u0131n kimyasal bir ba\u011f\u0131ml\u0131l\u0131\u011f\u0131n terk edilmesinden sonra ortaya \u00e7\u0131kanlarla benzerlik g\u00f6sterdi\u011fini, \u2022             \u0130ki dil konu\u015fulan bir ortamda b\u00fcy\u00fcmenin Alzheimer riskini azaltt\u0131\u011f\u0131n\u0131, \u2022             Ayn\u0131 anadilimiz gibi ailemizden gelen dini inan\u00e7lar\u0131m\u0131z\u0131n da geli\u015fimin erken d\u00f6nemlerinde beynimize kodland\u0131\u011f\u0131n\u0131 biliyor muydunuz? <\/p>\n","protected":false},"excerpt":{"rendered":"<p>\u00c7\u0131\u011f\u0131r a\u00e7an yeni ara\u015ft\u0131rmalara dayanan Beynimiz Neyse Biz Oyuz, insan beyninin bebeklik evresinden yeti\u015fkinli\u011fe ve ya\u015fl\u0131l\u0131k g\u00fcnlerine uzanan biyografisini sunuyor. \u00dcnl\u00fc beyin ara\u015ft\u0131rmac\u0131s\u0131 Dick Swaab bizi<span class=\"excerpt-hellip\"> [\u2026]<\/span><\/p>\n","protected":false},"featured_media":0,"template":"","meta":{"_monsterinsights_skip_tracking":false,"_monsterinsights_sitenote_active":false,"_monsterinsights_sitenote_note":"","_monsterinsights_sitenote_category":0},"product_brand":[],"product_cat":[13005,13006],"product_tag":[],"class_list":{"0":"post-713297","1":"product","2":"type-product","3":"status-publish","5":"product_cat-bilim-muhendislik","6":"product_cat-populer-bilim","7":"pa_cilt-ciltsiz","8":"pa_tur-kitap","9":"pa_yayinevi-akil-celen-kitaplar","10":"pa_yazar-dick-swaab","12":"first","13":"instock","14":"sale","15":"shipping-taxable","16":"purchasable","17":"product-type-simple"},"_links":{"self":[{"href":"https:\/\/roveyayinevi.com.tr\/index.php\/wp-json\/wp\/v2\/product\/713297","targetHints":{"allow":["GET"]}}],"collection":[{"href":"https:\/\/roveyayinevi.com.tr\/index.php\/wp-json\/wp\/v2\/product"}],"about":[{"href":"https:\/\/roveyayinevi.com.tr\/index.php\/wp-json\/wp\/v2\/types\/product"}],"wp:attachment":[{"href":"https:\/\/roveyayinevi.com.tr\/index.php\/wp-json\/wp\/v2\/media?parent=713297"}],"wp:term":[{"taxonomy":"product_brand","embeddable":true,"href":"https:\/\/roveyayinevi.com.tr\/index.php\/wp-json\/wp\/v2\/product_brand?post=713297"},{"taxonomy":"product_cat","embeddable":true,"href":"https:\/\/roveyayinevi.com.tr\/index.php\/wp-json\/wp\/v2\/product_cat?post=713297"},{"taxonomy":"product_tag","embeddable":true,"href":"https:\/\/roveyayinevi.com.tr\/index.php\/wp-json\/wp\/v2\/product_tag?post=713297"}],"curies":[{"name":"wp","href":"https:\/\/api.w.org\/{rel}","templated":true}]}}