{"id":713294,"date":"2025-08-27T17:06:04","date_gmt":"2025-08-27T14:06:04","guid":{"rendered":"https:\/\/roveyayinevi.com.tr\/index.php\/urun\/sanma-ki-yalnizsin\/"},"modified":"2025-11-11T04:39:02","modified_gmt":"2025-11-11T01:39:02","slug":"sanma-ki-yalnizsin","status":"publish","type":"product","link":"https:\/\/roveyayinevi.com.tr\/index.php\/urun\/sanma-ki-yalnizsin\/","title":{"rendered":"Sanma Ki Yaln\u0131zs\u0131n"},"content":{"rendered":"<p>Sana kelimelerden kaleler yapt\u0131m. Hendekli, balkonlu, eflatun bayrakl\u0131, giri\u015fi sakl\u0131 kocaman kaleler. Bir odas\u0131nda b\u0131rakt\u0131m y\u00fcre\u011fimi. Merasimsiz, habersiz, tantanas\u0131z ve beklentisiz usulca d\u00fc\u015f\u00fcr\u00fcverdim elimden, olur da bulursan belki sevinirsin diye, \u00f6ylesine. Sana harflerden sarma\u015f\u0131klar \u00f6rd\u00fcm; geceleri g\u00f6zlerini kapad\u0131\u011f\u0131nda, uyku ile uyan\u0131kl\u0131k aras\u0131 o tekinsiz aral\u0131kta durdu\u011funda, cinlerin me\u015fveret alan\u0131nda yapayaln\u0131z kald\u0131\u011f\u0131nda koklars\u0131n belki, hat\u0131rlars\u0131n diye. Sana alfabeden kaftan diktim; azametle giyesin ve hi\u00e7 \u00fc\u015f\u00fcmeyesin diye, kal\u0131n kadifeden, s\u0131rma ipliklerle. \u0130\u015fledim \u00fczerine isminin ba\u015f harflerini, sessiz ve derinden, kimse bilmeden, sadece Yaradan\u2019\u0131n duydu\u011fu bir yemin gibi. Sana noktalardan g\u00fcller, virg\u00fcllerden b\u00fclb\u00fcller, \u00fcnlemlerden yaylalar, noktal\u0131 virg\u00fcllerden da\u011flar ve ovalar yapt\u0131m. Her bir imla i\u015faretini \u00f6zenle ekledim isminin b\u00fcy\u00fcs\u00fcne. \u00c7\u00fcnk\u00fc sevmek, yeni bir dil in\u015fa etmek demek. \u0130ki ki\u015filik bir dil. \u00c7\u00fcnk\u00fc a\u015fk\u0131n oldu\u011fu yerde muhakkak kelam vard\u0131r, sessizlik de\u011fil. <\/p>\n","protected":false},"excerpt":{"rendered":"<p>Sana kelimelerden kaleler yapt\u0131m. Hendekli, balkonlu, eflatun bayrakl\u0131, giri\u015fi sakl\u0131 kocaman kaleler. Bir odas\u0131nda b\u0131rakt\u0131m y\u00fcre\u011fimi. Merasimsiz, habersiz, tantanas\u0131z ve beklentisiz usulca d\u00fc\u015f\u00fcr\u00fcverdim elimden, olur da<span class=\"excerpt-hellip\"> [\u2026]<\/span><\/p>\n","protected":false},"featured_media":0,"template":"","meta":{"_monsterinsights_skip_tracking":false,"_monsterinsights_sitenote_active":false,"_monsterinsights_sitenote_note":"","_monsterinsights_sitenote_category":0},"product_brand":[],"product_cat":[12777,12291],"product_tag":[],"class_list":{"0":"post-713294","1":"product","2":"type-product","3":"status-publish","5":"product_cat-deneme","6":"product_cat-edebiyat","7":"pa_cilt-ciltsiz","8":"pa_tur-kitap","9":"pa_yayinevi-dogan-kitap","10":"pa_yazar-elif-safak","12":"first","13":"instock","14":"sale","15":"shipping-taxable","16":"purchasable","17":"product-type-simple"},"_links":{"self":[{"href":"https:\/\/roveyayinevi.com.tr\/index.php\/wp-json\/wp\/v2\/product\/713294","targetHints":{"allow":["GET"]}}],"collection":[{"href":"https:\/\/roveyayinevi.com.tr\/index.php\/wp-json\/wp\/v2\/product"}],"about":[{"href":"https:\/\/roveyayinevi.com.tr\/index.php\/wp-json\/wp\/v2\/types\/product"}],"wp:attachment":[{"href":"https:\/\/roveyayinevi.com.tr\/index.php\/wp-json\/wp\/v2\/media?parent=713294"}],"wp:term":[{"taxonomy":"product_brand","embeddable":true,"href":"https:\/\/roveyayinevi.com.tr\/index.php\/wp-json\/wp\/v2\/product_brand?post=713294"},{"taxonomy":"product_cat","embeddable":true,"href":"https:\/\/roveyayinevi.com.tr\/index.php\/wp-json\/wp\/v2\/product_cat?post=713294"},{"taxonomy":"product_tag","embeddable":true,"href":"https:\/\/roveyayinevi.com.tr\/index.php\/wp-json\/wp\/v2\/product_tag?post=713294"}],"curies":[{"name":"wp","href":"https:\/\/api.w.org\/{rel}","templated":true}]}}