{"id":713293,"date":"2025-08-27T17:06:04","date_gmt":"2025-08-27T14:06:04","guid":{"rendered":"https:\/\/roveyayinevi.com.tr\/index.php\/urun\/bir-sirrim-var\/"},"modified":"2026-04-16T02:21:46","modified_gmt":"2026-04-15T23:21:46","slug":"bir-sirrim-var","status":"publish","type":"product","link":"https:\/\/roveyayinevi.com.tr\/index.php\/urun\/bir-sirrim-var\/","title":{"rendered":"Bir S\u0131rr\u0131m Var"},"content":{"rendered":"<p>Polisiye merakl\u0131lar\u0131n\u0131n ka\u00e7\u0131rmamas\u0131 gereken bir roman. Tess Gerritsen\u2019in en iyi kitaplar\u0131ndan biri. San Francisco Review of Books Korku filmi yap\u0131mc\u0131s\u0131 gen\u00e7 bir kad\u0131nla, bek\u00e2r bir muhasebecinin cesedi bulundu\u011funda bu iki farkl\u0131 cinayeti birbirine ba\u011flayan hi\u00e7bir kan\u0131t yoktur ortada. Cesetlerde belirgin yaralar bulunsa da \u00f6l\u00fcm sebebi belli de\u011fildir. Adli tabip MauraIsles bu iki cinayetin birbirine ba\u011fl\u0131 olabilece\u011fini d\u00fc\u015f\u00fcn\u00fcnce, dedektif JaneRizzoli hummal\u0131 bir ara\u015ft\u0131rmaya giri\u015fir.  Soru\u015fturma ge\u00e7mi\u015fte b\u00fcy\u00fck bir taciz vakas\u0131n\u0131n kurban\u0131 olan gen\u00e7 bir kad\u0131na, ger\u00e7ek bir hik\u00e2yeye dayanmas\u0131 muhtemel bir korku filmine, gaddar ve s\u0131ra d\u0131\u015f\u0131 \u00f6l\u00fcmlere maruz kalm\u0131\u015f azizlere do\u011fru geni\u015fler. Rizzoli ile Isles tam katili k\u00f6\u015feye s\u0131k\u0131\u015ft\u0131rd\u0131klar\u0131n\u0131 d\u00fc\u015f\u00fcnd\u00fcklerinde \u00e7ok uzun s\u00fcre sakl\u0131 kalm\u0131\u015f bir s\u0131r y\u00fczeye \u00e7\u0131k\u0131p ba\u015fka masumlar\u0131n da hayat\u0131n\u0131 tehdit etmeye ba\u015flar&#8230; <\/p>\n","protected":false},"excerpt":{"rendered":"<p>Polisiye merakl\u0131lar\u0131n\u0131n ka\u00e7\u0131rmamas\u0131 gereken bir roman. Tess Gerritsen\u2019in en iyi kitaplar\u0131ndan biri. San Francisco Review of Books Korku filmi yap\u0131mc\u0131s\u0131 gen\u00e7 bir kad\u0131nla, bek\u00e2r bir muhasebecinin<span class=\"excerpt-hellip\"> [\u2026]<\/span><\/p>\n","protected":false},"featured_media":0,"template":"","meta":{"_monsterinsights_skip_tracking":false,"_monsterinsights_sitenote_active":false,"_monsterinsights_sitenote_note":"","_monsterinsights_sitenote_category":0},"product_brand":[],"product_cat":[12291,15445],"product_tag":[],"class_list":{"0":"post-713293","1":"product","2":"type-product","3":"status-publish","5":"product_cat-edebiyat","6":"product_cat-polisiye","7":"pa_cilt-ciltsiz","8":"pa_tur-kitap","9":"pa_yayinevi-dogan-kitap","10":"pa_yazar-tess-gerritsen","12":"first","13":"instock","14":"sale","15":"shipping-taxable","16":"purchasable","17":"product-type-simple"},"_links":{"self":[{"href":"https:\/\/roveyayinevi.com.tr\/index.php\/wp-json\/wp\/v2\/product\/713293","targetHints":{"allow":["GET"]}}],"collection":[{"href":"https:\/\/roveyayinevi.com.tr\/index.php\/wp-json\/wp\/v2\/product"}],"about":[{"href":"https:\/\/roveyayinevi.com.tr\/index.php\/wp-json\/wp\/v2\/types\/product"}],"wp:attachment":[{"href":"https:\/\/roveyayinevi.com.tr\/index.php\/wp-json\/wp\/v2\/media?parent=713293"}],"wp:term":[{"taxonomy":"product_brand","embeddable":true,"href":"https:\/\/roveyayinevi.com.tr\/index.php\/wp-json\/wp\/v2\/product_brand?post=713293"},{"taxonomy":"product_cat","embeddable":true,"href":"https:\/\/roveyayinevi.com.tr\/index.php\/wp-json\/wp\/v2\/product_cat?post=713293"},{"taxonomy":"product_tag","embeddable":true,"href":"https:\/\/roveyayinevi.com.tr\/index.php\/wp-json\/wp\/v2\/product_tag?post=713293"}],"curies":[{"name":"wp","href":"https:\/\/api.w.org\/{rel}","templated":true}]}}