{"id":713289,"date":"2025-08-27T17:06:01","date_gmt":"2025-08-27T14:06:01","guid":{"rendered":"https:\/\/roveyayinevi.com.tr\/index.php\/urun\/kanlakarisik\/"},"modified":"2026-03-31T11:56:30","modified_gmt":"2026-03-31T08:56:30","slug":"kanlakarisik","status":"publish","type":"product","link":"https:\/\/roveyayinevi.com.tr\/index.php\/urun\/kanlakarisik\/","title":{"rendered":"Kanlakar\u0131\u015f\u0131k"},"content":{"rendered":"<p>Neden bizde de bat\u0131daki gibi entrikal\u0131 cinayetler alengirli gizemler yok neden seri katil yok bizde polisiyelerimizde polisler ger\u00e7ekteki gibi yans\u0131t\u0131lm\u0131yor ha ahah ahaha ay \u00f6yle polisiye mi olur ayol zaten bizimkiler beceremez gizem kurgulamay\u0131 ben hi\u00e7 yerli polisiye okumam \u015fekerim ger\u00e7ek\u00e7i de\u011fil bir kere hayal g\u00fc\u00e7leri zay\u0131f bu topraklar\u0131n bu kentlerin bu k\u00f6ylerin bu co\u011frafyan\u0131n kokusunu dilini y\u00fcre\u011fini can\u0131n\u0131 ta\u015f\u0131yanlardan bir avu\u00e7 iki deste yirmi \u00f6yk\u00fc polisiye su\u00e7 kara karanl\u0131k umutlu umutsuz esrarengiz kaskat\u0131 buz gibi s\u0131ms\u0131cak yumu\u015fac\u0131k dual\u0131 b\u00fcy\u00fcl\u00fc fall\u0131 ger\u00e7ek\u00e7i romantik g\u00fcnahk\u00e2r sapk\u0131n kahramanca fedak\u00e2rca yumruk yumru\u011fa nefes nefese cay\u0131r cay\u0131r\u2026 <\/p>\n","protected":false},"excerpt":{"rendered":"<p>Neden bizde de bat\u0131daki gibi entrikal\u0131 cinayetler alengirli gizemler yok neden seri katil yok bizde polisiyelerimizde polisler ger\u00e7ekteki gibi yans\u0131t\u0131lm\u0131yor ha ahah ahaha ay \u00f6yle polisiye<span class=\"excerpt-hellip\"> [\u2026]<\/span><\/p>\n","protected":false},"featured_media":0,"template":"","meta":{"_monsterinsights_skip_tracking":false,"_monsterinsights_sitenote_active":false,"_monsterinsights_sitenote_note":"","_monsterinsights_sitenote_category":0},"product_brand":[],"product_cat":[12291,12711],"product_tag":[],"class_list":{"0":"post-713289","1":"product","2":"type-product","3":"status-publish","5":"product_cat-edebiyat","6":"product_cat-roman-oyku","7":"pa_cilt-ciltsiz","8":"pa_tur-kitap","9":"pa_yayinevi-cinar-yayinlari","10":"pa_yazar-algan-sezginturedi","12":"first","13":"instock","14":"sale","15":"shipping-taxable","16":"purchasable","17":"product-type-simple"},"_links":{"self":[{"href":"https:\/\/roveyayinevi.com.tr\/index.php\/wp-json\/wp\/v2\/product\/713289","targetHints":{"allow":["GET"]}}],"collection":[{"href":"https:\/\/roveyayinevi.com.tr\/index.php\/wp-json\/wp\/v2\/product"}],"about":[{"href":"https:\/\/roveyayinevi.com.tr\/index.php\/wp-json\/wp\/v2\/types\/product"}],"wp:attachment":[{"href":"https:\/\/roveyayinevi.com.tr\/index.php\/wp-json\/wp\/v2\/media?parent=713289"}],"wp:term":[{"taxonomy":"product_brand","embeddable":true,"href":"https:\/\/roveyayinevi.com.tr\/index.php\/wp-json\/wp\/v2\/product_brand?post=713289"},{"taxonomy":"product_cat","embeddable":true,"href":"https:\/\/roveyayinevi.com.tr\/index.php\/wp-json\/wp\/v2\/product_cat?post=713289"},{"taxonomy":"product_tag","embeddable":true,"href":"https:\/\/roveyayinevi.com.tr\/index.php\/wp-json\/wp\/v2\/product_tag?post=713289"}],"curies":[{"name":"wp","href":"https:\/\/api.w.org\/{rel}","templated":true}]}}