{"id":713266,"date":"2025-08-27T17:05:47","date_gmt":"2025-08-27T14:05:47","guid":{"rendered":"https:\/\/roveyayinevi.com.tr\/index.php\/urun\/tarik-bin-ziyad-atesten-yurek\/"},"modified":"2026-04-16T02:21:45","modified_gmt":"2026-04-15T23:21:45","slug":"tarik-bin-ziyad-atesten-yurek","status":"publish","type":"product","link":"https:\/\/roveyayinevi.com.tr\/index.php\/urun\/tarik-bin-ziyad-atesten-yurek\/","title":{"rendered":"Tar\u0131k Bin Ziyad Ate\u015ften Y\u00fcrek"},"content":{"rendered":"<p>Emeviler taraf\u0131ndan Kuzey Afrika topraklar\u0131ndan esir olarak al\u0131nd\u0131 ancak o, kabiliyetiyle kendisini g\u00f6sterip i\u00e7lerinden s\u0131yr\u0131lmay\u0131 ba\u015fard\u0131.M\u00fcsl\u00fcman olmas\u0131yla azat edildi, \u015fanl\u0131 bir komutan oldu.Yendi-yenildi; kimi zaman cesaretiyle b\u00fct\u00fcn engelleri a\u015ft\u0131, kimi zaman teredd\u00fct edip vazge\u00e7menin s\u0131n\u0131r\u0131ndan ge\u00e7ti. Ta ki r\u00fcyas\u0131nda O\u2019nu g\u00f6r\u00fcp askerleriyle birlikte bir an bile d\u00f6n\u00fc\u015f\u00fc d\u00fc\u015f\u00fcnmemek ad\u0131na t\u00fcm gemileri yakana kadar\u2026\u201c\u0130\u015fte gemilerle birlikte geri d\u00f6n\u00fc\u015f umutlar\u0131n\u0131z\u0131 da yakt\u0131m! R\u00fcyamda\u2026 R\u00fcyamda Allah Resul\u00fcn\u00fc g\u00f6rd\u00fcm! Korkmadan devam etmemizi emrediyordu! Ona itimattan daha b\u00fcy\u00fck onur olur mu? Bu \u00fclke bize verildi, anlay\u0131n bunu ve belki de \u00e7ok daha \u00f6teleri. Bu yolun sonu Cennet-i \u00c2l\u00e2\u2019d\u0131r. Saflar\u0131n\u0131z\u0131 s\u0131k\u0131 tutun ve benden ayr\u0131lmay\u0131n!\u201dBu s\u00f6zler End\u00fcl\u00fcs\u2019\u00fcn fethiyle ba\u015flayan ve yedi y\u00fczy\u0131l\u0131 a\u015fk\u0131n bir s\u00fcre \u0130spanya\u2019da h\u00fck\u00fcm s\u00fcren \u0130slam medeniyetinin kurucular\u0131ndan Tar\u0131k bin Ziyad\u2019a aitti. Yetmedi; \u0130slam\u2019\u0131n Avrupa\u2019ya yay\u0131lmas\u0131nda da \u015fevkle \u00f6nemli bir rol oynad\u0131.\u0130\u015fte ya\u015fam\u0131n\u0131n kalan\u0131n\u0131 \u0130slam&#8217;\u0131 yaymak i\u00e7in harcayan Tar\u0131k bin Ziyad\u2019\u0131n her dakikas\u0131 \u015fa\u015f\u0131rt\u0131c\u0131 hayat hik\u00e2yesi\u2026 Okurlar\u0131 taraf\u0131ndan \u201cg\u00fcn\u00fcm\u00fcz\u00fcn Peyami Safa\u2019s\u0131\u201d olarak an\u0131lan Okay Tiryakio\u011flu\u2019nun kaleminden bir k\u00fclt roman daha!\u201cGidiyoruz yolda\u015flar! Al\u0131nacak kentler, a\u015f\u0131lacak upuzun yollar var! G\u00f6zlerimi kapatt\u0131m m\u0131 geceleri, uzak \u015fehirlerin \u0131\u015f\u0131klar\u0131 g\u00f6r\u00fcn\u00fcyor g\u00f6zlerime&#8230; Ana caddeleri, dar sokaklar\u0131, ad\u0131m\u0131z\u0131n an\u0131laca\u011f\u0131 meydanlar\u0131yla koca koca \u015fehirler!\u201d <\/p>\n","protected":false},"excerpt":{"rendered":"<p>Emeviler taraf\u0131ndan Kuzey Afrika topraklar\u0131ndan esir olarak al\u0131nd\u0131 ancak o, kabiliyetiyle kendisini g\u00f6sterip i\u00e7lerinden s\u0131yr\u0131lmay\u0131 ba\u015fard\u0131.M\u00fcsl\u00fcman olmas\u0131yla azat edildi, \u015fanl\u0131 bir komutan oldu.Yendi-yenildi; kimi zaman cesaretiyle<span class=\"excerpt-hellip\"> [\u2026]<\/span><\/p>\n","protected":false},"featured_media":0,"template":"","meta":{"_monsterinsights_skip_tracking":false,"_monsterinsights_sitenote_active":false,"_monsterinsights_sitenote_note":"","_monsterinsights_sitenote_category":0},"product_brand":[],"product_cat":[12291,12745],"product_tag":[],"class_list":{"0":"post-713266","1":"product","2":"type-product","3":"status-publish","5":"product_cat-edebiyat","6":"product_cat-tarihi-roman","7":"pa_cilt-ciltsiz","8":"pa_tur-kitap","9":"pa_yayinevi-timas-yayinlari","10":"pa_yazar-okay-tiryakioglu","12":"first","13":"instock","14":"sale","15":"shipping-taxable","16":"purchasable","17":"product-type-simple"},"_links":{"self":[{"href":"https:\/\/roveyayinevi.com.tr\/index.php\/wp-json\/wp\/v2\/product\/713266","targetHints":{"allow":["GET"]}}],"collection":[{"href":"https:\/\/roveyayinevi.com.tr\/index.php\/wp-json\/wp\/v2\/product"}],"about":[{"href":"https:\/\/roveyayinevi.com.tr\/index.php\/wp-json\/wp\/v2\/types\/product"}],"wp:attachment":[{"href":"https:\/\/roveyayinevi.com.tr\/index.php\/wp-json\/wp\/v2\/media?parent=713266"}],"wp:term":[{"taxonomy":"product_brand","embeddable":true,"href":"https:\/\/roveyayinevi.com.tr\/index.php\/wp-json\/wp\/v2\/product_brand?post=713266"},{"taxonomy":"product_cat","embeddable":true,"href":"https:\/\/roveyayinevi.com.tr\/index.php\/wp-json\/wp\/v2\/product_cat?post=713266"},{"taxonomy":"product_tag","embeddable":true,"href":"https:\/\/roveyayinevi.com.tr\/index.php\/wp-json\/wp\/v2\/product_tag?post=713266"}],"curies":[{"name":"wp","href":"https:\/\/api.w.org\/{rel}","templated":true}]}}