{"id":713263,"date":"2025-08-27T17:05:45","date_gmt":"2025-08-27T14:05:45","guid":{"rendered":"https:\/\/roveyayinevi.com.tr\/index.php\/urun\/eglenceli-turkce-alem-buysa-kral-benim\/"},"modified":"2025-10-02T04:30:18","modified_gmt":"2025-10-02T01:30:18","slug":"eglenceli-turkce-alem-buysa-kral-benim","status":"publish","type":"product","link":"https:\/\/roveyayinevi.com.tr\/index.php\/urun\/eglenceli-turkce-alem-buysa-kral-benim\/","title":{"rendered":"E\u011flenceli T\u00fcrk\u00e7e &#8211; Alem Buysa Kral Benim"},"content":{"rendered":"<p>Duyduk duymad\u0131k demeyin! Noktalama i\u015faretleri kitap oldu; nokta \u00e2leme kral oldu! Art\u0131k noktalama i\u015faretleri kafa kar\u0131\u015ft\u0131r\u0131c\u0131, \u00e7ok zor, \u00f6l\u00fcmc\u00fcl bir \u015fey, demek yok! Kitaptaki oyunlarla hi\u00e7 fark etmeden noktalama i\u015faretlerini \u00f6\u011frenecek kurallarla bilginizi peki\u015ftirecek ve noktalama i\u015faretleri ustas\u0131 olabileceksiniz. \u00c7ok haval\u0131 de\u011fil mi? \ufffcTan\u0131t\u0131m Metni<\/p>\n","protected":false},"excerpt":{"rendered":"<p>Duyduk duymad\u0131k demeyin! Noktalama i\u015faretleri kitap oldu; nokta \u00e2leme kral oldu! Art\u0131k noktalama i\u015faretleri kafa kar\u0131\u015ft\u0131r\u0131c\u0131, \u00e7ok zor, \u00f6l\u00fcmc\u00fcl bir \u015fey, demek yok! Kitaptaki oyunlarla hi\u00e7<span class=\"excerpt-hellip\"> [\u2026]<\/span><\/p>\n","protected":false},"featured_media":0,"template":"","meta":{"_monsterinsights_skip_tracking":false,"_monsterinsights_sitenote_active":false,"_monsterinsights_sitenote_note":"","_monsterinsights_sitenote_category":0},"product_brand":[],"product_cat":[12477,12364],"product_tag":[],"class_list":{"0":"post-713263","1":"product","2":"type-product","3":"status-publish","5":"product_cat-eglence-mizah","6":"product_cat-genel-konular","7":"pa_cilt-ciltsiz","8":"pa_tur-kitap","9":"pa_yayinevi-eglenceli-bilgi-yayinlari","10":"pa_yazar-ahmet-benzer","12":"first","13":"instock","14":"sale","15":"shipping-taxable","16":"purchasable","17":"product-type-simple"},"_links":{"self":[{"href":"https:\/\/roveyayinevi.com.tr\/index.php\/wp-json\/wp\/v2\/product\/713263","targetHints":{"allow":["GET"]}}],"collection":[{"href":"https:\/\/roveyayinevi.com.tr\/index.php\/wp-json\/wp\/v2\/product"}],"about":[{"href":"https:\/\/roveyayinevi.com.tr\/index.php\/wp-json\/wp\/v2\/types\/product"}],"wp:attachment":[{"href":"https:\/\/roveyayinevi.com.tr\/index.php\/wp-json\/wp\/v2\/media?parent=713263"}],"wp:term":[{"taxonomy":"product_brand","embeddable":true,"href":"https:\/\/roveyayinevi.com.tr\/index.php\/wp-json\/wp\/v2\/product_brand?post=713263"},{"taxonomy":"product_cat","embeddable":true,"href":"https:\/\/roveyayinevi.com.tr\/index.php\/wp-json\/wp\/v2\/product_cat?post=713263"},{"taxonomy":"product_tag","embeddable":true,"href":"https:\/\/roveyayinevi.com.tr\/index.php\/wp-json\/wp\/v2\/product_tag?post=713263"}],"curies":[{"name":"wp","href":"https:\/\/api.w.org\/{rel}","templated":true}]}}