{"id":713240,"date":"2025-08-27T17:05:33","date_gmt":"2025-08-27T14:05:33","guid":{"rendered":"https:\/\/roveyayinevi.com.tr\/index.php\/urun\/son-siyah-sacim-ve-ihtiyar-delikanlilara-bazi-ogutler\/"},"modified":"2026-04-16T02:21:45","modified_gmt":"2026-04-15T23:21:45","slug":"son-siyah-sacim-ve-ihtiyar-delikanlilara-bazi-ogutler","status":"publish","type":"product","link":"https:\/\/roveyayinevi.com.tr\/index.php\/urun\/son-siyah-sacim-ve-ihtiyar-delikanlilara-bazi-ogutler\/","title":{"rendered":"Son Siyah Sa\u00e7\u0131m ve \u0130htiyar Delikanl\u0131lara Baz\u0131 \u00d6\u011f\u00fctler"},"content":{"rendered":"<p>Altm\u0131\u015f ya\u015f\u0131nda olmak nas\u0131l bir duygudur? Okurlar\u0131m\u0131z\u0131n daha \u00f6nce Kimseyi \u00d6ld\u00fcrmedi Benim Babam ve Nereye Gidiyoruz Baba? adl\u0131 kitaplar\u0131yla tan\u0131d\u0131\u011f\u0131 Jean-Louis Fournier altm\u0131\u015f ya\u015f\u0131na bast\u0131\u011f\u0131nda kaleme ald\u0131\u011f\u0131 Son Siyah Sa\u00e7\u0131m&#8217;da bu ya\u015f\u0131n iyi ve k\u00f6t\u00fc yanlar\u0131n\u0131 kendine \u00f6zg\u00fc (kara) mizah\u0131yla anlat\u0131yor. \u00dcstelik, akran\u0131 ihtiyar delikanl\u0131lara cesur \u00f6\u011f\u00fctler vermekten de geri durmuyor: Karakterli olun ve hep 1 rakam\u0131 gibi dik durun k\u00fc\u00e7\u00fck ve eski bir C gibi b\u00fcz\u00fck olmay\u0131n. Sayg\u0131s\u0131z olun, skandallara imza atmaktan \u00e7ekinmeyin. Dikkatli olmas\u0131n\u0131z bile merakl\u0131 g\u00f6r\u00fcn\u00fcn. S\u00f6zlerinizi sak\u0131nmay\u0131n, k\u00fcstah olun. Di\u015flerinizi olmasa bile \u0131s\u0131rgan olun. Onurlar\u0131 ve Onur Madalyas\u0131&#8217;n\u0131 kabul etmeyin. Kumarhaneye gidin ve birikiminize oynay\u0131p b\u00fct\u00fcn paran\u0131z\u0131 kaybedin. <\/p>\n","protected":false},"excerpt":{"rendered":"<p>Altm\u0131\u015f ya\u015f\u0131nda olmak nas\u0131l bir duygudur? Okurlar\u0131m\u0131z\u0131n daha \u00f6nce Kimseyi \u00d6ld\u00fcrmedi Benim Babam ve Nereye Gidiyoruz Baba? adl\u0131 kitaplar\u0131yla tan\u0131d\u0131\u011f\u0131 Jean-Louis Fournier altm\u0131\u015f ya\u015f\u0131na bast\u0131\u011f\u0131nda kaleme<span class=\"excerpt-hellip\"> [\u2026]<\/span><\/p>\n","protected":false},"featured_media":0,"template":"","meta":{"_monsterinsights_skip_tracking":false,"_monsterinsights_sitenote_active":false,"_monsterinsights_sitenote_note":"","_monsterinsights_sitenote_category":0},"product_brand":[],"product_cat":[18545,12291],"product_tag":[],"class_list":{"0":"post-713240","1":"product","2":"type-product","3":"status-publish","5":"product_cat-anlati","6":"product_cat-edebiyat","7":"pa_cilt-ciltsiz","8":"pa_tur-kitap","9":"pa_yayinevi-yapi-kredi-yayinlari","10":"pa_yazar-jean-louis-fournier","12":"first","13":"instock","14":"sale","15":"shipping-taxable","16":"purchasable","17":"product-type-simple"},"_links":{"self":[{"href":"https:\/\/roveyayinevi.com.tr\/index.php\/wp-json\/wp\/v2\/product\/713240","targetHints":{"allow":["GET"]}}],"collection":[{"href":"https:\/\/roveyayinevi.com.tr\/index.php\/wp-json\/wp\/v2\/product"}],"about":[{"href":"https:\/\/roveyayinevi.com.tr\/index.php\/wp-json\/wp\/v2\/types\/product"}],"wp:attachment":[{"href":"https:\/\/roveyayinevi.com.tr\/index.php\/wp-json\/wp\/v2\/media?parent=713240"}],"wp:term":[{"taxonomy":"product_brand","embeddable":true,"href":"https:\/\/roveyayinevi.com.tr\/index.php\/wp-json\/wp\/v2\/product_brand?post=713240"},{"taxonomy":"product_cat","embeddable":true,"href":"https:\/\/roveyayinevi.com.tr\/index.php\/wp-json\/wp\/v2\/product_cat?post=713240"},{"taxonomy":"product_tag","embeddable":true,"href":"https:\/\/roveyayinevi.com.tr\/index.php\/wp-json\/wp\/v2\/product_tag?post=713240"}],"curies":[{"name":"wp","href":"https:\/\/api.w.org\/{rel}","templated":true}]}}