{"id":713229,"date":"2025-08-27T17:05:21","date_gmt":"2025-08-27T14:05:21","guid":{"rendered":"https:\/\/roveyayinevi.com.tr\/index.php\/urun\/padisahi-devirmek-osmanli-islahat-caginda-duzen-ve-muhalefet-kuleli-1859-meslek-1867\/"},"modified":"2026-04-16T02:21:45","modified_gmt":"2026-04-15T23:21:45","slug":"padisahi-devirmek-osmanli-islahat-caginda-duzen-ve-muhalefet-kuleli-1859-meslek-1867","status":"publish","type":"product","link":"https:\/\/roveyayinevi.com.tr\/index.php\/urun\/padisahi-devirmek-osmanli-islahat-caginda-duzen-ve-muhalefet-kuleli-1859-meslek-1867\/","title":{"rendered":"Padi\u015fah\u0131 Devirmek Osmanl\u0131 Islahat \u00c7a\u011f\u0131nda D\u00fczen ve Muhalefet : Kuleli 1859, Meslek 1867"},"content":{"rendered":"<p>Padi\u015fah\u0131 Devirmek, 1859 ve 1867 y\u0131llar\u0131nda \u0130stanbul\u2019da a\u00e7\u0131\u011fa \u00e7\u0131kar\u0131lan iki isyan haz\u0131rl\u0131\u011f\u0131 \u00fczerinden iktidar\u0131n devrilmesi giri\u015fimlerinin Osmanl\u0131 siyasi hayat\u0131 ve zihniyet evrenindeki izd\u00fc\u015f\u00fcmlerini ele al\u0131yor. Bu kapsaml\u0131 ara\u015ft\u0131rmas\u0131nda Burak Onaran, 17. y\u00fczy\u0131ldan itibaren imparatorlukta ya\u015fanan hal\u2019 giri\u015fimlerinin seyrini, bu eylemleri d\u00fczenleyenleri ve taleplerini tarihsel bir b\u00fct\u00fcnl\u00fck i\u00e7ine yerle\u015ftiriyor. Yeni\u00e7eri Oca\u011f\u0131\u2019n\u0131n kald\u0131r\u0131lmas\u0131ndan (1826) sonraki d\u00f6nemde, Kuleli Muahedesi ve Meslek Cemiyeti mensuplar\u0131n\u0131n kalk\u0131\u015ft\u0131\u011f\u0131 padi\u015fah\u0131 devirmeye y\u00f6nelik ilk iki giri\u015fimi ayr\u0131nt\u0131l\u0131 \u015fekilde inceliyor.San\u0131klar\u0131n ifadeleri ve diplomatik yaz\u0131\u015fmalar gibi ilk kez kullan\u0131lan belgelerden de hareketle, hem olaylar\u0131 kendi tarihsel ba\u011flam\u0131 i\u00e7erisinde yeniden anlat\u0131yor hem de \u201ctarihsel anlat\u0131\u201dn\u0131n zaaf ve imk\u00e2nlar\u0131n\u0131 tart\u0131\u015fmaya a\u00e7\u0131yor. \u201cKuleli ve Meslek muahedeleri hakk\u0131nda daha \u00f6nceki \u00e7al\u0131\u015fmalar\u0131n hemen hepsi eleba\u015flar\u0131na odaklanm\u0131\u015ft\u0131. Bu \u00e7al\u0131\u015fmada ise birer alt b\u00f6l\u00fcm, adl\u00ee takibata d\u00e2hil edilmi\u015f herkesin biyografilerinin, toplumsal \u00e7evrelerinin ve aile profillerinin in\u015fas\u0131na hasredilmi\u015ftir.Kitab\u0131n \u00f6ncelikli amac\u0131, bu iki siyasi muahedenin tarihini yeniden yazmak; yap\u0131lar\u0131n\u0131 ve stratejilerini mercek alt\u0131na almak, mensuplar\u0131n\u0131n siyasi taleplerine, motivasyonlar\u0131na ve sosyal profillerine \u0131\u015f\u0131k tutmakt\u0131r. \u00c7al\u0131\u015fman\u0131n bu ba\u011flamda temel meselesi, Tanzimat\u2019\u0131n ilk otuz y\u0131ll\u0131k d\u00f6neminde, siyasi iktidar\u0131n yap\u0131s\u0131n\u0131n, \u00f6zellikle tebaan\u0131n ve padi\u015fah\u0131n konumunun giderek nas\u0131l de\u011fi\u015fti\u011fini anlamakt\u0131r.\u201d &#8211; Burak Onaran <\/p>\n","protected":false},"excerpt":{"rendered":"<p>Padi\u015fah\u0131 Devirmek, 1859 ve 1867 y\u0131llar\u0131nda \u0130stanbul\u2019da a\u00e7\u0131\u011fa \u00e7\u0131kar\u0131lan iki isyan haz\u0131rl\u0131\u011f\u0131 \u00fczerinden iktidar\u0131n devrilmesi giri\u015fimlerinin Osmanl\u0131 siyasi hayat\u0131 ve zihniyet evrenindeki izd\u00fc\u015f\u00fcmlerini ele al\u0131yor. Bu<span class=\"excerpt-hellip\"> [\u2026]<\/span><\/p>\n","protected":false},"featured_media":0,"template":"","meta":{"_monsterinsights_skip_tracking":false,"_monsterinsights_sitenote_active":false,"_monsterinsights_sitenote_note":"","_monsterinsights_sitenote_category":0},"product_brand":[],"product_cat":[13517,12304],"product_tag":[],"class_list":{"0":"post-713229","1":"product","2":"type-product","3":"status-publish","5":"product_cat-osmanli-tarihi","6":"product_cat-tarih","7":"pa_cilt-ciltsiz","8":"pa_tur-kitap","9":"pa_yayinevi-iletisim-yayinlari","10":"pa_yazar-burak-onaran","12":"first","13":"instock","14":"sale","15":"shipping-taxable","16":"purchasable","17":"product-type-simple"},"_links":{"self":[{"href":"https:\/\/roveyayinevi.com.tr\/index.php\/wp-json\/wp\/v2\/product\/713229","targetHints":{"allow":["GET"]}}],"collection":[{"href":"https:\/\/roveyayinevi.com.tr\/index.php\/wp-json\/wp\/v2\/product"}],"about":[{"href":"https:\/\/roveyayinevi.com.tr\/index.php\/wp-json\/wp\/v2\/types\/product"}],"wp:attachment":[{"href":"https:\/\/roveyayinevi.com.tr\/index.php\/wp-json\/wp\/v2\/media?parent=713229"}],"wp:term":[{"taxonomy":"product_brand","embeddable":true,"href":"https:\/\/roveyayinevi.com.tr\/index.php\/wp-json\/wp\/v2\/product_brand?post=713229"},{"taxonomy":"product_cat","embeddable":true,"href":"https:\/\/roveyayinevi.com.tr\/index.php\/wp-json\/wp\/v2\/product_cat?post=713229"},{"taxonomy":"product_tag","embeddable":true,"href":"https:\/\/roveyayinevi.com.tr\/index.php\/wp-json\/wp\/v2\/product_tag?post=713229"}],"curies":[{"name":"wp","href":"https:\/\/api.w.org\/{rel}","templated":true}]}}