{"id":713222,"date":"2025-08-27T17:05:16","date_gmt":"2025-08-27T14:05:16","guid":{"rendered":"https:\/\/roveyayinevi.com.tr\/index.php\/urun\/ikinci-vakif\/"},"modified":"2026-04-16T02:21:45","modified_gmt":"2026-04-15T23:21:45","slug":"ikinci-vakif","status":"publish","type":"product","link":"https:\/\/roveyayinevi.com.tr\/index.php\/urun\/ikinci-vakif\/","title":{"rendered":"\u0130kinci Vak\u0131f"},"content":{"rendered":"<p>Hugo T\u00fcm Zamanlar\u0131n En \u0130yi Serisi \u00d6d\u00fcl\u00fc 1941 y\u0131l\u0131nda gen\u00e7 bir bilim insan\u0131 ve yazar olarak Isaac Asimov, Edward Gibbon\u2019\u0131n yazd\u0131\u011f\u0131 Roma \u0130mparatorlu\u011fu&#8217;nun Gerileyi\u015f ve \u00c7\u00f6k\u00fc\u015f Tarihi\u2019nden etkilenerek \u00e7a\u011f\u0131n\u0131n \u00e7ok \u00f6tesinde bir destan yazd\u0131: Galaktik \u0130mparatorluk\u2019un \u00e7\u00f6k\u00fc\u015f\u00fc ve feodalizmin d\u00f6n\u00fc\u015f\u00fc, \u0130kinci Galaktik \u0130mparatorluk d\u00f6nemindeki g\u00fcvenli ortamdan ge\u00e7mi\u015fe bakan bir bak\u0131\u015f a\u00e7\u0131s\u0131yla anlat\u0131ld\u0131. \u0130\u015fte bu s\u00fcre\u00e7 sonucunda \u201cTarih tahmin edilebilir mi?\u201d, \u201cToplum nas\u0131l y\u00f6netilmeli?\u201d ya da \u201c\u0130mparatorluklar neden y\u00fckselir ve \u00e7\u00f6ker?\u201d gibi sorular\u0131 sormaktan \u00e7ekinmeyen destans\u0131 Vak\u0131f Serisi ortaya \u00e7\u0131kt\u0131. Kat\u0131r, Galaksi\u2019yi fethetmi\u015fti, en az\u0131ndan b\u00fcy\u00fck bir k\u0131sm\u0131n\u0131. Birinci Vak\u0131f\u2019\u0131n liderleri ya \u00f6ld\u00fcr\u00fclm\u00fc\u015f ya da taraf de\u011fi\u015ftirmi\u015fti. Ancak \u0130kinci Vak\u0131f\u2019\u0131n varl\u0131\u011f\u0131 Kat\u0131r\u2019\u0131 h\u00e2l\u00e2 huzursuz ediyordu. S\u0131r gibi saklanan Vak\u0131f\u2019\u0131n yeri, Galaksi\u2019deki \u201cY\u0131ld\u0131z Sonu\u201dndayd\u0131; peki ama buras\u0131 neresiydi? Ya da bu Vak\u0131f ger\u00e7ekten mevcut muydu? Kat\u0131r, art\u0131k en sad\u0131k generali olan ve an itibariyle beyni y\u0131kanm\u0131\u015f eski direni\u015f lideri ile zihni h\u00e2l\u00e2 \u00f6zg\u00fcr, h\u0131rsl\u0131 gen\u00e7 Bail Channis\u2019i Vak\u0131f\u2019\u0131n yerini bulmak i\u00e7in g\u00f6revlendirmi\u015fti. Ama aray\u0131\u015f i\u00e7indekiler yaln\u0131zca onlar de\u011fildi. Seldon\u2019\u0131n plan\u0131n\u0131 kendinden b\u00fcy\u00fck pek \u00e7ok ki\u015fiden daha iyi anlayan 14 ya\u015f\u0131ndaki Arkady Darrell da Vak\u0131f\u2019\u0131n pe\u015findeydi\u2026 Yay\u0131mlan\u0131\u015f tarihine g\u00f6re: 3. Kitap \/ Kronolojiye g\u00f6re: 5. Kitap <\/p>\n","protected":false},"excerpt":{"rendered":"<p>Hugo T\u00fcm Zamanlar\u0131n En \u0130yi Serisi \u00d6d\u00fcl\u00fc 1941 y\u0131l\u0131nda gen\u00e7 bir bilim insan\u0131 ve yazar olarak Isaac Asimov, Edward Gibbon\u2019\u0131n yazd\u0131\u011f\u0131 Roma \u0130mparatorlu\u011fu&#8217;nun Gerileyi\u015f ve \u00c7\u00f6k\u00fc\u015f<span class=\"excerpt-hellip\"> [\u2026]<\/span><\/p>\n","protected":false},"featured_media":0,"template":"","meta":{"_monsterinsights_skip_tracking":false,"_monsterinsights_sitenote_active":false,"_monsterinsights_sitenote_note":"","_monsterinsights_sitenote_category":0},"product_brand":[],"product_cat":[12540,12291],"product_tag":[],"class_list":{"0":"post-713222","1":"product","2":"type-product","3":"status-publish","5":"product_cat-bilim-kurgu","6":"product_cat-edebiyat","7":"pa_cilt-ciltsiz","8":"pa_tur-kitap","9":"pa_yayinevi-ithaki-yayinlari","10":"pa_yazar-isaac-asimov","12":"first","13":"instock","14":"sale","15":"shipping-taxable","16":"purchasable","17":"product-type-simple"},"_links":{"self":[{"href":"https:\/\/roveyayinevi.com.tr\/index.php\/wp-json\/wp\/v2\/product\/713222","targetHints":{"allow":["GET"]}}],"collection":[{"href":"https:\/\/roveyayinevi.com.tr\/index.php\/wp-json\/wp\/v2\/product"}],"about":[{"href":"https:\/\/roveyayinevi.com.tr\/index.php\/wp-json\/wp\/v2\/types\/product"}],"wp:attachment":[{"href":"https:\/\/roveyayinevi.com.tr\/index.php\/wp-json\/wp\/v2\/media?parent=713222"}],"wp:term":[{"taxonomy":"product_brand","embeddable":true,"href":"https:\/\/roveyayinevi.com.tr\/index.php\/wp-json\/wp\/v2\/product_brand?post=713222"},{"taxonomy":"product_cat","embeddable":true,"href":"https:\/\/roveyayinevi.com.tr\/index.php\/wp-json\/wp\/v2\/product_cat?post=713222"},{"taxonomy":"product_tag","embeddable":true,"href":"https:\/\/roveyayinevi.com.tr\/index.php\/wp-json\/wp\/v2\/product_tag?post=713222"}],"curies":[{"name":"wp","href":"https:\/\/api.w.org\/{rel}","templated":true}]}}