{"id":713221,"date":"2025-08-27T17:05:16","date_gmt":"2025-08-27T14:05:16","guid":{"rendered":"https:\/\/roveyayinevi.com.tr\/index.php\/urun\/dusmus-melekler\/"},"modified":"2026-04-16T02:21:44","modified_gmt":"2026-04-15T23:21:44","slug":"dusmus-melekler","status":"publish","type":"product","link":"https:\/\/roveyayinevi.com.tr\/index.php\/urun\/dusmus-melekler\/","title":{"rendered":"D\u00fc\u015fm\u00fc\u015f Melekler"},"content":{"rendered":"<p>21. y\u00fczy\u0131l bilimkurgu edebiyat\u0131n\u0131n en \u00f6nemli eserlerinden biri olan De\u011fi\u015ftirilmi\u015f Karbon serisi ve \u00e7arp\u0131c\u0131 ana karakteri Takeshi Kovacs dizinin ikinci kitab\u0131 D\u00fc\u015fm\u00fc\u015f Melekler\u2019le geri d\u00f6n\u00fcyor! De\u011fi\u015ftirilmi\u015f Karbon\u2019daki olaylar\u0131n \u00fczerinden otuz sene ge\u00e7ti. Ancak eski bir BM el\u00e7isi olan Takeshi Kovacs\u2019\u0131n maceralar\u0131 h\u0131z kesmedi. Pek \u00e7ok kez kariyer ve k\u0131l\u0131f de\u011fi\u015ftirip yeni bir bedenle bu kez daha b\u00fcy\u00fck olaylar\u0131n ortas\u0131nda buldu kendini: Kanl\u0131 bir ayaklanmay\u0131 durdurmak \u00fczere uzak bir gezegenin h\u00fck\u00fcmetince tutulan bir askerdi art\u0131k. Ancak mesele taraf tutmaya geldi\u011finde ona kimin \u00f6deme yapt\u0131\u011f\u0131na bakmaks\u0131z\u0131n Kovacs istedi\u011fi taraf\u0131 se\u00e7erdi \u2013 yani kendininkini. Haliyle s\u0131rad\u0131\u015f\u0131 bir ekip onu kadim bir uzayl\u0131 gemisine yap\u0131lacak hazine av\u0131 i\u00e7in \u00e7a\u011f\u0131rd\u0131\u011f\u0131nda bu teklife hay\u0131r diyemezdi. Kala\u015fnikoflar\u0131n\u0131 haz\u0131rlay\u0131p g\u00f6revini yar\u0131da b\u0131rakan Kovacs i\u00e7in bu yeni macera tek ba\u015f\u0131na yapamayaca\u011f\u0131 kadar b\u00fcy\u00fckt\u00fc. Ama o istedi\u011fini almak i\u00e7in her \u015feyi yapmaya haz\u0131rd\u0131; \u00f6l\u00fcleri diriltmeye bile. Y\u0131ld\u0131z Gemisi Askerleri ve Bitmeyen Sava\u015f gibi eserlerin izinden giden askeri bilimkurgu\/siberpunk t\u00fcr\u00fcndeki D\u00fc\u015fm\u00fc\u015f Melekler, son zamanlar\u0131n en dikkat \u00e7eken bilimkurgu-aksiyon romanlar\u0131ndan biri. \u201cTakeshi Kovasc geri d\u00f6nd\u00fc. Morgan, De\u011fi\u015ftirilmi\u015f Karbon\u2019da yarat\u0131lan d\u00fcnyay\u0131 \u00e7ok daha ileriye ta\u015f\u0131yor.\u201d \u2013Anthony Ryan \u201cBilimkurguyla gerilimi birle\u015ftirmedeki ustal\u0131\u011f\u0131yla t\u00fcre hak etti\u011fi yeri kazand\u0131rmay\u0131 ba\u015fard\u0131.\u201d \u2013Peter F. Hamilton \u201cMorgan \u015firketlerin a\u00e7g\u00f6zl\u00fcl\u00fc\u011f\u00fcn\u00fc, siyasetin \u00e7\u00fcr\u00fcm\u00fc\u015fl\u00fc\u011f\u00fcn\u00fc muazzam bir kurguyla ele al\u0131yor.\u201d \u2013The Times <\/p>\n","protected":false},"excerpt":{"rendered":"<p>21. y\u00fczy\u0131l bilimkurgu edebiyat\u0131n\u0131n en \u00f6nemli eserlerinden biri olan De\u011fi\u015ftirilmi\u015f Karbon serisi ve \u00e7arp\u0131c\u0131 ana karakteri Takeshi Kovacs dizinin ikinci kitab\u0131 D\u00fc\u015fm\u00fc\u015f Melekler\u2019le geri d\u00f6n\u00fcyor! De\u011fi\u015ftirilmi\u015f<span class=\"excerpt-hellip\"> [\u2026]<\/span><\/p>\n","protected":false},"featured_media":0,"template":"","meta":{"_monsterinsights_skip_tracking":false,"_monsterinsights_sitenote_active":false,"_monsterinsights_sitenote_note":"","_monsterinsights_sitenote_category":0},"product_brand":[],"product_cat":[12540,12291],"product_tag":[],"class_list":{"0":"post-713221","1":"product","2":"type-product","3":"status-publish","5":"product_cat-bilim-kurgu","6":"product_cat-edebiyat","7":"pa_cilt-ciltsiz","8":"pa_tur-kitap","9":"pa_yayinevi-ithaki-yayinlari","10":"pa_yazar-richard-k-morgan","12":"first","13":"instock","14":"sale","15":"shipping-taxable","16":"purchasable","17":"product-type-simple"},"_links":{"self":[{"href":"https:\/\/roveyayinevi.com.tr\/index.php\/wp-json\/wp\/v2\/product\/713221","targetHints":{"allow":["GET"]}}],"collection":[{"href":"https:\/\/roveyayinevi.com.tr\/index.php\/wp-json\/wp\/v2\/product"}],"about":[{"href":"https:\/\/roveyayinevi.com.tr\/index.php\/wp-json\/wp\/v2\/types\/product"}],"wp:attachment":[{"href":"https:\/\/roveyayinevi.com.tr\/index.php\/wp-json\/wp\/v2\/media?parent=713221"}],"wp:term":[{"taxonomy":"product_brand","embeddable":true,"href":"https:\/\/roveyayinevi.com.tr\/index.php\/wp-json\/wp\/v2\/product_brand?post=713221"},{"taxonomy":"product_cat","embeddable":true,"href":"https:\/\/roveyayinevi.com.tr\/index.php\/wp-json\/wp\/v2\/product_cat?post=713221"},{"taxonomy":"product_tag","embeddable":true,"href":"https:\/\/roveyayinevi.com.tr\/index.php\/wp-json\/wp\/v2\/product_tag?post=713221"}],"curies":[{"name":"wp","href":"https:\/\/api.w.org\/{rel}","templated":true}]}}