{"id":713216,"date":"2025-08-27T17:05:13","date_gmt":"2025-08-27T14:05:13","guid":{"rendered":"https:\/\/roveyayinevi.com.tr\/index.php\/urun\/evlenmeden-bosanmadan-iyi-dusun\/"},"modified":"2026-04-03T02:27:27","modified_gmt":"2026-04-02T23:27:27","slug":"evlenmeden-bosanmadan-iyi-dusun","status":"publish","type":"product","link":"https:\/\/roveyayinevi.com.tr\/index.php\/urun\/evlenmeden-bosanmadan-iyi-dusun\/","title":{"rendered":"Evlenmeden-Bo\u015fanmadan \u0130yi D\u00fc\u015f\u00fcn"},"content":{"rendered":"<p>En m\u00fckemmel aday\u0131 beklerken hayat\u0131 ka\u00e7\u0131ranlar, su\u00e7u kadere y\u00fckleyenler, aldatanlar ve aldat\u0131lanlar, \u201cevlenecek insan yok\u201d laf\u0131n\u0131 sak\u0131z gibi diline dolayanlar, nasip\/k\u0131smet diyerek birisi ile tan\u0131\u015fmak i\u00e7in hi\u00e7 ad\u0131m atmayanlar, sevdi\u011fi i\u00e7in de\u011fil yaln\u0131zl\u0131ktan korktu\u011fu i\u00e7in evlenenler, sevgilisi olmad\u0131\u011f\u0131 i\u00e7in kendisini g\u00fcvende hissedenler\u2026 Peki t\u00fcm bunlar\u0131 de\u011fi\u015ftirip, d\u00f6n\u00fc\u015ft\u00fcr\u00fcp mutlu bir \u00e7ift olmak m\u00fcmk\u00fcn m\u00fc?  Evlenmeden \u00f6nce nelere bakmal\u0131y\u0131m? Evlenmek i\u00e7in nas\u0131l bir \u00e7\u00f6z\u00fcm istiyorum?  E\u015fimle aram\u0131zdaki sevgiyi nas\u0131l g\u00fc\u00e7lendiririm? Son bir \u015fans vermek m\u00fcmk\u00fcn m\u00fc? Serhat Yabanc\u0131, uzun y\u0131llard\u0131r \u00e7iftlerle \u00e7al\u0131\u015fan bir ili\u015fki ve evlilik dan\u0131\u015fman\u0131d\u0131r. Yazd\u0131\u011f\u0131 kitaplar, kat\u0131ld\u0131\u011f\u0131 radyo, TV programlar\u0131, s\u00f6yle\u015filer ve verdi\u011fi bireysel dan\u0131\u015fmanl\u0131k hizmetiyle binlerce kad\u0131n ve erke\u011fe yard\u0131mc\u0131 oldu. Yeni kitab\u0131nda Evlenmeden-Bo\u015fanmadan \u00d6nce \u0130yi D\u00fc\u015f\u00fcn derken, ya\u015fanm\u0131\u015f \u00f6rnekler, bireysel al\u0131\u015ft\u0131rmalar ve deneyimlerinden yola \u00e7\u0131karak sa\u011fl\u0131kl\u0131, uzun \u00f6m\u00fcrl\u00fc ve mutlu bir evlili\u011fin haritas\u0131n\u0131 \u00e7iziyor! <\/p>\n","protected":false},"excerpt":{"rendered":"<p>En m\u00fckemmel aday\u0131 beklerken hayat\u0131 ka\u00e7\u0131ranlar, su\u00e7u kadere y\u00fckleyenler, aldatanlar ve aldat\u0131lanlar, \u201cevlenecek insan yok\u201d laf\u0131n\u0131 sak\u0131z gibi diline dolayanlar, nasip\/k\u0131smet diyerek birisi ile tan\u0131\u015fmak i\u00e7in<span class=\"excerpt-hellip\"> [\u2026]<\/span><\/p>\n","protected":false},"featured_media":0,"template":"","meta":{"_monsterinsights_skip_tracking":false,"_monsterinsights_sitenote_active":false,"_monsterinsights_sitenote_note":"","_monsterinsights_sitenote_category":0},"product_brand":[],"product_cat":[12364,12376],"product_tag":[],"class_list":{"0":"post-713216","1":"product","2":"type-product","3":"status-publish","5":"product_cat-genel-konular","6":"product_cat-kisisel-gelisim","7":"pa_cilt-ciltsiz","8":"pa_tur-kitap","9":"pa_yayinevi-mona-kitap","10":"pa_yazar-serhat-yabanci","12":"first","13":"instock","14":"sale","15":"shipping-taxable","16":"purchasable","17":"product-type-simple"},"_links":{"self":[{"href":"https:\/\/roveyayinevi.com.tr\/index.php\/wp-json\/wp\/v2\/product\/713216","targetHints":{"allow":["GET"]}}],"collection":[{"href":"https:\/\/roveyayinevi.com.tr\/index.php\/wp-json\/wp\/v2\/product"}],"about":[{"href":"https:\/\/roveyayinevi.com.tr\/index.php\/wp-json\/wp\/v2\/types\/product"}],"wp:attachment":[{"href":"https:\/\/roveyayinevi.com.tr\/index.php\/wp-json\/wp\/v2\/media?parent=713216"}],"wp:term":[{"taxonomy":"product_brand","embeddable":true,"href":"https:\/\/roveyayinevi.com.tr\/index.php\/wp-json\/wp\/v2\/product_brand?post=713216"},{"taxonomy":"product_cat","embeddable":true,"href":"https:\/\/roveyayinevi.com.tr\/index.php\/wp-json\/wp\/v2\/product_cat?post=713216"},{"taxonomy":"product_tag","embeddable":true,"href":"https:\/\/roveyayinevi.com.tr\/index.php\/wp-json\/wp\/v2\/product_tag?post=713216"}],"curies":[{"name":"wp","href":"https:\/\/api.w.org\/{rel}","templated":true}]}}