{"id":713200,"date":"2025-08-27T17:05:04","date_gmt":"2025-08-27T14:05:04","guid":{"rendered":"https:\/\/roveyayinevi.com.tr\/index.php\/urun\/tom-gates-ozel-mi-ozel-surprizler-sen-oyle-san\/"},"modified":"2026-04-16T02:21:44","modified_gmt":"2026-04-15T23:21:44","slug":"tom-gates-ozel-mi-ozel-surprizler-sen-oyle-san","status":"publish","type":"product","link":"https:\/\/roveyayinevi.com.tr\/index.php\/urun\/tom-gates-ozel-mi-ozel-surprizler-sen-oyle-san\/","title":{"rendered":"Tom Gates \u00d6zel Mi \u00d6zel S\u00fcrprizler (Sen \u00d6yle San!)"},"content":{"rendered":"<p>Duyduk duymad\u0131k demeyin:Eski dostunuz Tom Gates muhte\u015fem, harika, inan\u0131lmaz, d\u00e2hiyane, fantastik derken \u015fimdi de \u00f6zel mi \u00f6zel S\u00dcRPR\u0130ZLERLE geri d\u00f6nd\u00fc!.. <\/p>\n","protected":false},"excerpt":{"rendered":"<p>Duyduk duymad\u0131k demeyin:Eski dostunuz Tom Gates muhte\u015fem, harika, inan\u0131lmaz, d\u00e2hiyane, fantastik derken \u015fimdi de \u00f6zel mi \u00f6zel S\u00dcRPR\u0130ZLERLE geri d\u00f6nd\u00fc!..<\/p>\n","protected":false},"featured_media":0,"template":"","meta":{"_monsterinsights_skip_tracking":false,"_monsterinsights_sitenote_active":false,"_monsterinsights_sitenote_note":"","_monsterinsights_sitenote_category":0},"product_brand":[],"product_cat":[12291,14777],"product_tag":[],"class_list":{"0":"post-713200","1":"product","2":"type-product","3":"status-publish","5":"product_cat-edebiyat","6":"product_cat-fantastik","7":"pa_cilt-ciltli","8":"pa_tur-kitap","9":"pa_yayinevi-tudem-yayinlari","10":"pa_yazar-liz-pichon","12":"first","13":"instock","14":"sale","15":"shipping-taxable","16":"purchasable","17":"product-type-simple"},"_links":{"self":[{"href":"https:\/\/roveyayinevi.com.tr\/index.php\/wp-json\/wp\/v2\/product\/713200","targetHints":{"allow":["GET"]}}],"collection":[{"href":"https:\/\/roveyayinevi.com.tr\/index.php\/wp-json\/wp\/v2\/product"}],"about":[{"href":"https:\/\/roveyayinevi.com.tr\/index.php\/wp-json\/wp\/v2\/types\/product"}],"wp:attachment":[{"href":"https:\/\/roveyayinevi.com.tr\/index.php\/wp-json\/wp\/v2\/media?parent=713200"}],"wp:term":[{"taxonomy":"product_brand","embeddable":true,"href":"https:\/\/roveyayinevi.com.tr\/index.php\/wp-json\/wp\/v2\/product_brand?post=713200"},{"taxonomy":"product_cat","embeddable":true,"href":"https:\/\/roveyayinevi.com.tr\/index.php\/wp-json\/wp\/v2\/product_cat?post=713200"},{"taxonomy":"product_tag","embeddable":true,"href":"https:\/\/roveyayinevi.com.tr\/index.php\/wp-json\/wp\/v2\/product_tag?post=713200"}],"curies":[{"name":"wp","href":"https:\/\/api.w.org\/{rel}","templated":true}]}}