{"id":713196,"date":"2025-08-27T17:05:01","date_gmt":"2025-08-27T14:05:01","guid":{"rendered":"https:\/\/roveyayinevi.com.tr\/index.php\/urun\/ofelya\/"},"modified":"2026-04-16T02:21:44","modified_gmt":"2026-04-15T23:21:44","slug":"ofelya","status":"publish","type":"product","link":"https:\/\/roveyayinevi.com.tr\/index.php\/urun\/ofelya\/","title":{"rendered":"Ofelya"},"content":{"rendered":"<p>Ekili tarlalardan mavi bir yaz ak\u015fam\u0131 \u0130nce otlar \u00fcst\u00fcnden yollara d\u00fc\u015fece\u011fim. Dalm\u0131\u015f\u0131m, bir serinlik alacak taban\u0131m\u0131. Havalans\u0131n sa\u00e7lar\u0131m yele koyverece\u011fim. D\u00fc\u015f\u00fcnmeyece\u011fim hi\u00e7, tek s\u00f6z etmeyece\u011fim. Beni y\u00fcceltecektir bitmez t\u00fckenmez sevi Ba\u015f\u0131bo\u015f, uzaklarda eriyip gidece\u011fim Do\u011fayla mutluyum ben, sanki kad\u0131nla gibi. <\/p>\n","protected":false},"excerpt":{"rendered":"<p>Ekili tarlalardan mavi bir yaz ak\u015fam\u0131 \u0130nce otlar \u00fcst\u00fcnden yollara d\u00fc\u015fece\u011fim. Dalm\u0131\u015f\u0131m, bir serinlik alacak taban\u0131m\u0131. Havalans\u0131n sa\u00e7lar\u0131m yele koyverece\u011fim. D\u00fc\u015f\u00fcnmeyece\u011fim hi\u00e7, tek s\u00f6z etmeyece\u011fim. Beni<span class=\"excerpt-hellip\"> [\u2026]<\/span><\/p>\n","protected":false},"featured_media":0,"template":"","meta":{"_monsterinsights_skip_tracking":false,"_monsterinsights_sitenote_active":false,"_monsterinsights_sitenote_note":"","_monsterinsights_sitenote_category":0},"product_brand":[],"product_cat":[12291,12509],"product_tag":[],"class_list":{"0":"post-713196","1":"product","2":"type-product","3":"status-publish","5":"product_cat-edebiyat","6":"product_cat-siir","7":"pa_cilt-ciltsiz","8":"pa_tur-kitap","9":"pa_yayinevi-islik-yayinlari","10":"pa_yazar-arthur-rimbaud","12":"first","13":"instock","14":"sale","15":"shipping-taxable","16":"purchasable","17":"product-type-simple"},"_links":{"self":[{"href":"https:\/\/roveyayinevi.com.tr\/index.php\/wp-json\/wp\/v2\/product\/713196","targetHints":{"allow":["GET"]}}],"collection":[{"href":"https:\/\/roveyayinevi.com.tr\/index.php\/wp-json\/wp\/v2\/product"}],"about":[{"href":"https:\/\/roveyayinevi.com.tr\/index.php\/wp-json\/wp\/v2\/types\/product"}],"wp:attachment":[{"href":"https:\/\/roveyayinevi.com.tr\/index.php\/wp-json\/wp\/v2\/media?parent=713196"}],"wp:term":[{"taxonomy":"product_brand","embeddable":true,"href":"https:\/\/roveyayinevi.com.tr\/index.php\/wp-json\/wp\/v2\/product_brand?post=713196"},{"taxonomy":"product_cat","embeddable":true,"href":"https:\/\/roveyayinevi.com.tr\/index.php\/wp-json\/wp\/v2\/product_cat?post=713196"},{"taxonomy":"product_tag","embeddable":true,"href":"https:\/\/roveyayinevi.com.tr\/index.php\/wp-json\/wp\/v2\/product_tag?post=713196"}],"curies":[{"name":"wp","href":"https:\/\/api.w.org\/{rel}","templated":true}]}}