{"id":713192,"date":"2025-08-27T17:04:58","date_gmt":"2025-08-27T14:04:58","guid":{"rendered":"https:\/\/roveyayinevi.com.tr\/index.php\/urun\/donusum-18\/"},"modified":"2026-04-12T02:26:03","modified_gmt":"2026-04-11T23:26:03","slug":"donusum-18","status":"publish","type":"product","link":"https:\/\/roveyayinevi.com.tr\/index.php\/urun\/donusum-18\/","title":{"rendered":"D\u00f6n\u00fc\u015f\u00fcm"},"content":{"rendered":"<p>\u201cGregor Samsa bir sabah yata\u011f\u0131nda huzursuz d\u00fc\u015flerden uyand\u0131\u011f\u0131nda kendini dev bir b\u00f6ce\u011fe d\u00f6n\u00fc\u015fm\u00fc\u015f olarak buldu. Kabuklu sert s\u0131rt\u0131n\u0131n \u00fczerinde yat\u0131yor, ba\u015f\u0131n\u0131 birazc\u0131k y\u00fckseltti\u011finde, kay\u0131p d\u00fc\u015fmek \u00fczere olan yorgan\u0131n tepesinde zar zor tutundu\u011fu kahverengi, bombeli ve yay \u015feklinde \u015feritlerle bezeli karn\u0131n\u0131 g\u00f6r\u00fcyordu. G\u00f6vdesine g\u00f6re ac\u0131nacak incelikteki pek \u00e7ok baca\u011f\u0131 g\u00f6zlerinin \u00f6n\u00fcnde \u00e7aresizlikle titre\u015fiyordu.\u201d Bu sars\u0131c\u0131, tuhaf c\u00fcmlelerle ba\u015flayan D\u00f6n\u00fc\u015f\u00fcm, keskinli\u011fi ve yal\u0131nl\u0131\u011f\u0131yla Kafka&#8217;n\u0131n edebi yo\u011funlu\u011funu en iyi anlatan eseridir. <\/p>\n","protected":false},"excerpt":{"rendered":"<p>\u201cGregor Samsa bir sabah yata\u011f\u0131nda huzursuz d\u00fc\u015flerden uyand\u0131\u011f\u0131nda kendini dev bir b\u00f6ce\u011fe d\u00f6n\u00fc\u015fm\u00fc\u015f olarak buldu. Kabuklu sert s\u0131rt\u0131n\u0131n \u00fczerinde yat\u0131yor, ba\u015f\u0131n\u0131 birazc\u0131k y\u00fckseltti\u011finde, kay\u0131p d\u00fc\u015fmek \u00fczere<span class=\"excerpt-hellip\"> [\u2026]<\/span><\/p>\n","protected":false},"featured_media":0,"template":"","meta":{"_monsterinsights_skip_tracking":false,"_monsterinsights_sitenote_active":false,"_monsterinsights_sitenote_note":"","_monsterinsights_sitenote_category":0},"product_brand":[],"product_cat":[12291,12711],"product_tag":[],"class_list":{"0":"post-713192","1":"product","2":"type-product","3":"status-publish","5":"product_cat-edebiyat","6":"product_cat-roman-oyku","7":"pa_cilt-ciltsiz","8":"pa_tur-kitap","9":"pa_yayinevi-kolektif-kitap","10":"pa_yazar-franz-kafka","12":"first","13":"instock","14":"sale","15":"shipping-taxable","16":"purchasable","17":"product-type-simple"},"_links":{"self":[{"href":"https:\/\/roveyayinevi.com.tr\/index.php\/wp-json\/wp\/v2\/product\/713192","targetHints":{"allow":["GET"]}}],"collection":[{"href":"https:\/\/roveyayinevi.com.tr\/index.php\/wp-json\/wp\/v2\/product"}],"about":[{"href":"https:\/\/roveyayinevi.com.tr\/index.php\/wp-json\/wp\/v2\/types\/product"}],"wp:attachment":[{"href":"https:\/\/roveyayinevi.com.tr\/index.php\/wp-json\/wp\/v2\/media?parent=713192"}],"wp:term":[{"taxonomy":"product_brand","embeddable":true,"href":"https:\/\/roveyayinevi.com.tr\/index.php\/wp-json\/wp\/v2\/product_brand?post=713192"},{"taxonomy":"product_cat","embeddable":true,"href":"https:\/\/roveyayinevi.com.tr\/index.php\/wp-json\/wp\/v2\/product_cat?post=713192"},{"taxonomy":"product_tag","embeddable":true,"href":"https:\/\/roveyayinevi.com.tr\/index.php\/wp-json\/wp\/v2\/product_tag?post=713192"}],"curies":[{"name":"wp","href":"https:\/\/api.w.org\/{rel}","templated":true}]}}